000
CXUS54 KFWD 210730
CF6ACT
PRELIMINARY LOCAL CLIMATOLOGICAL DATA (WS FORM: F-6)

                                          STATION:   WACO
                                          MONTH:     OCTOBER
                                          YEAR:      2018
                                          LATITUDE:   31 37 N
                                          LONGITUDE:  97 13 W

  TEMPERATURE IN F:       :PCPN:    SNOW:  WIND      :SUNSHINE: SKY     :PK WND
================================================================================
1   2   3   4   5  6A  6B    7    8   9   10  11  12  13   14  15   16   17  18
                                     12Z  AVG MX 2MIN
DY MAX MIN AVG DEP HDD CDD  WTR  SNW DPTH SPD SPD DIR MIN PSBL S-S WX    SPD DR
================================================================================

 1  88  70  79   6   0  14    T  0.0    0  7.1 24 140   M    M   6 1      30 130
 2  88  72  80   8   0  15 0.00  0.0    0  8.8 15 140   M    M   4 8      19 160
 3  92  75  84  12   0  19 0.00  0.0    0 11.4 20 180   M    M   3        25 170
 4  92  74  83  11   0  18 0.00  0.0    0  9.1 17 170   M    M   3        27 160
 5  92  73  83  11   0  18 0.00  0.0    0 12.7 22 160   M    M   3        26 150
 6  89  73  81  10   0  16 0.78  0.0    0  9.0 26 130   M    M   6 13     32 130
 7  90  72  81  10   0  16 0.26  0.0    0 10.2 30 190   M    M   4 3      40 190
 8  86  71  79   8   0  14 0.38  0.0    0 10.5 20 100   M    M   6 3      25 100
 9  80  63  72   2   0   7 2.30  0.0    0  5.8 24 330   M    M   8 13     34 340
10  76  59  68  -2   0   3 0.00  0.0    0  7.7 18 330   M    M   4 12     25 340
11  77  54  66  -4   0   1 0.00  0.0    0  7.0 18  30   M    M   2 8      23  30
12  83  62  73   3   0   8 0.03  0.0    0  9.2 17  40   M    M   9        22  40
13  81  64  73   4   0   8 1.00  0.0    0  9.5 23 200   M    M  10 13     30 220
14  87  54  71   2   0   6 0.05  0.0    0  8.1 26 340   M    M   7 3      34 350
15  54  42  48 -21  17   0 2.16  0.0    0 18.3 28 350   M    M   9 13     33 350
16  50  46  48 -20  17   0 1.66  0.0    0 13.2 22  20   M    M  10 1      29  20
17  54  50  52 -16  13   0 0.92  0.0    0 12.1 20  10   M    M  10 1      25  10
18  63  51  57 -11   8   0 0.06  0.0    0  7.1 16  60   M    M  10 1      20  80
19  62  58  60  -7   5   0 1.45  0.0    0  4.7 13 340   M    M  10 1      15 340
20  71  56  64  -3   1   0 0.00  0.0    0  8.3 16  10   M    M   7 1      21 230
================================================================================
SM 1555 1239        61 163 11.05     0.0 189.8          M      131
================================================================================
AV 77.8 62.0                               9.5 FASTST   M    M   7    MAX(MPH)
                                 MISC ---->  # 30 190               # 40  190
================================================================================
NOTES:
# LAST OF SEVERAL OCCURRENCES

COLUMN 17 PEAK WIND IN M.P.H.

PRELIMINARY LOCAL CLIMATOLOGICAL DATA (WS FORM: F-6) , PAGE 2

                                          STATION:  WACO
                                          MONTH:    OCTOBER
                                          YEAR:     2018
                                          LATITUDE:   31 37 N
                                          LONGITUDE:  97 13 W

[TEMPERATURE DATA]      [PRECIPITATION DATA]       SYMBOLS USED IN COLUMN 16

AVERAGE MONTHLY: 69.9   TOTAL FOR MONTH:  11.05    1 = FOG OR MIST
DPTR FM NORMAL:  -0.1   DPTR FM NORMAL:    8.48    2 = FOG REDUCING VISIBILITY
HIGHEST:    92 ON  5, 4 GRTST 24HR  2.30 ON  9- 9      TO 1/4 MILE OR LESS
LOWEST:     42 ON 15                               3 = THUNDER
                        SNOW, ICE PELLETS, HAIL    4 = ICE PELLETS
                        TOTAL MONTH:   0.0 INCH    5 = HAIL
                        GRTST 24HR     0.0         6 = FREEZING RAIN OR DRIZZLE
                        GRTST DEPTH:   0           7 = DUSTSTORM OR SANDSTORM:
                                                       VSBY 1/2 MILE OR LESS
                                                   8 = SMOKE OR HAZE
[NO. OF DAYS WITH]      [WEATHER - DAYS WITH]      9 = BLOWING SNOW
                                                   X = TORNADO
MAX 32 OR BELOW:   0    0.01 INCH OR MORE:  12
MAX 90 OR ABOVE:   4    0.10 INCH OR MORE:   9
MIN 32 OR BELOW:   0    0.50 INCH OR MORE:   7
MIN  0 OR BELOW:   0    1.00 INCH OR MORE:   5

[HDD (BASE 65) ]
TOTAL THIS MO.    61    CLEAR  (SCALE 0-3)   4
DPTR FM NORMAL    35    PTCLDY (SCALE 4-7)   9
TOTAL FM JUL 1    61    CLOUDY (SCALE 8-10)  7
DPTR FM NORMAL    29

[CDD (BASE 65) ]
TOTAL THIS MO.   163
DPTR FM NORMAL    41    [PRESSURE DATA]
TOTAL FM JAN 1  3343    HIGHEST SLP M ON M
DPTR FM NORMAL   627    LOWEST  SLP 29.62 ON  9

[REMARKS]
