000
CXAK56 PAFC 201348 RRB
CF6ADQ

PRELIMINARY LOCAL CLIMATOLOGICAL DATA (WS FORM: F-6)

                                          STATION:   KODIAK
                                          MONTH:     JULY
                                          YEAR:      2018
                                          LATITUDE:   57 45 N
                                          LONGITUDE: 152 31 W

  TEMPERATURE IN F:       :PCPN:    SNOW:  WIND      :SUNSHINE: SKY     :PK WND
================================================================================
1   2   3   4   5  6A  6B    7    8   9   10  11  12  13   14  15   16   17  18
                                     12Z  AVG MX 2MIN
DY MAX MIN AVG DEP HDD CDD  WTR  SNW DPTH SPD SPD DIR MIN PSBL S-S WX    SPD DR
================================================================================

 1  70  42  56   4   9   0 0.00  0.0    0  5.2  9  50   M    M   0        15  10
 2  68  47  58   5   7   0 0.00  0.0    0  4.8  7  60   M    M   0         M  M
 3  77  54  66  13   0   1 0.00  0.0    0  8.0 17 310   M    M   0        23 310
 4  69  56  63  10   2   0 0.01  0.0    0  8.4 16 310   M    M   5        21 310
 5  74  55  65  12   0   0 0.00  0.0    0  8.0 18 280   M    M   0        28 280
 6  75  56  66  13   0   1 0.00  0.0    0  7.5 17 310   M    M   4        23 290
 7  65  50  58   4   7   0 0.00  0.0    0  8.0 20 140   M    M   5 18     24 140
 8  57  52  55   1  10   0    T  0.0    0 12.8 21 140   M    M  10 1      27 130
 9  55  50  53  -1  12   0 0.04  0.0    0 11.8 17 140   M    M   9 1       M  M
10  59  48  54   0  11   0 0.08  0.0    0  2.9  7  40   M    M  10         M  M
11  56  43  50  -4  15   0    T  0.0    0  4.0  9 280   M    M   7        14  70
12  61  49  55   1  10   0 0.00  0.0    0  6.6 15 140   M    M   2 1       M  M
13  58  50  54   0  11   0 0.16  0.0    0 12.7 25 110   M    M  10 18     30 110
14  55  49  52  -2  13   0 0.26  0.0    0  3.5  8 300   M    M   7 1       M  M
15  64  48  56   1   9   0 0.00  0.0    0  6.9 14 300   M    M   6        18 310
16  64  50  57   2   8   0    T  0.0    0  6.8 15 290   M    M   7        21 310
17  59  45  52  -3  13   0 0.00  0.0    0  4.7  9  90   M    M   3 1       M  M
18  63  43  53  -2  12   0 0.00  0.0    0  6.1 14 320   M    M   2 12     21 340
19  61  46  54  -1  11   0 0.00  0.0    0  8.1 18 140   M    M   6        23 140
================================================================================
SM 1210  933       160   2  0.55     0.0 136.8          M       93
================================================================================
AV 63.7 49.1                               7.2 FASTST   M    M   5    MAX(MPH)
                                 MISC ---->  # 25 110               # 30  110
================================================================================
NOTES:
# LAST OF SEVERAL OCCURRENCES

COLUMN 17 PEAK WIND IN M.P.H.

PRELIMINARY LOCAL CLIMATOLOGICAL DATA (WS FORM: F-6) , PAGE 2

                                          STATION:  KODIAK
                                          MONTH:    JULY
                                          YEAR:     2018
                                          LATITUDE:   57 45 N
                                          LONGITUDE: 152 31 W

[TEMPERATURE DATA]      [PRECIPITATION DATA]       SYMBOLS USED IN COLUMN 16

AVERAGE MONTHLY: 56.4   TOTAL FOR MONTH:   0.55    1 = FOG OR MIST
DPTR FM NORMAL:   2.5   DPTR FM NORMAL:   -2.55    2 = FOG REDUCING VISIBILITY
HIGHEST:    77 ON  3    GRTST 24HR  0.26 ON 14-14      TO 1/4 MILE OR LESS
LOWEST:     42 ON  1                               3 = THUNDER
                        SNOW, ICE PELLETS, HAIL    4 = ICE PELLETS
                        TOTAL MONTH:   0.0 INCH    5 = HAIL
                        GRTST 24HR     0.0         6 = FREEZING RAIN OR DRIZZLE
                        GRTST DEPTH:   0           7 = DUSTSTORM OR SANDSTORM:
                                                       VSBY 1/2 MILE OR LESS
                                                   8 = SMOKE OR HAZE
[NO. OF DAYS WITH]      [WEATHER - DAYS WITH]      9 = BLOWING SNOW
                                                   X = TORNADO
MAX 32 OR BELOW:   0    0.01 INCH OR MORE:   5
MAX 90 OR ABOVE:   0    0.10 INCH OR MORE:   2
MIN 32 OR BELOW:   0    0.50 INCH OR MORE:   0
MIN  0 OR BELOW:   0    1.00 INCH OR MORE:   0

[HDD (BASE 65) ]
TOTAL THIS MO.   160    CLEAR  (SCALE 0-3)   7
DPTR FM NORMAL   -52    PTCLDY (SCALE 4-7)   8
TOTAL FM JUL 1   160    CLOUDY (SCALE 8-10)  4
DPTR FM NORMAL   -52

[CDD (BASE 65) ]
TOTAL THIS MO.     2
DPTR FM NORMAL     2    [PRESSURE DATA]
TOTAL FM JAN 1     2    HIGHEST SLP M ON M
DPTR FM NORMAL     2    LOWEST  SLP 29.53 ON  8

[REMARKS]
