000
CXUS54 KLCH 220809
CF6AEX
PRELIMINARY LOCAL CLIMATOLOGICAL DATA (WS FORM: F-6)

                                          STATION:   ALEXANDRIA
                                          MONTH:     OCTOBER
                                          YEAR:      2018
                                          LATITUDE:   31 19 N
                                          LONGITUDE:  92 33 W

  TEMPERATURE IN F:       :PCPN:    SNOW:  WIND      :SUNSHINE: SKY     :PK WND
================================================================================
1   2   3   4   5  6A  6B    7    8   9   10  11  12  13   14  15   16   17  18
                                     12Z  AVG MX 2MIN
DY MAX MIN AVG DEP HDD CDD  WTR  SNW DPTH SPD SPD DIR MIN PSBL S-S WX    SPD DR
================================================================================

 1  89  72  81   9   0  16 0.01  0.0    0  2.9 23 150   M    M   1 1      29 140
 2  90  70  80   8   0  15    T  0.0    0  1.5  8 120   M    M   1 1      12 110
 3  93  71  82  11   0  17 0.00  0.0    0  4.1 13 150   M    M   1 1      21 140
 4  92  72  82  11   0  17    T  0.0    0  3.3 10 110   M    M   2 1      17 130
 5  92  69  81  11   0  16 0.00  0.0    0  4.6 16 130   M    M   0 18     20 120
 6  90  70  80  10   0  15 0.13  0.0    0  4.4 13 200   M    M   2 138    16 150
 7  92  72  82  12   0  17 0.00  0.0    0  7.7 16 130   M    M   1 1      20 140
 8  92  71  82  12   0  17 0.03  0.0    0  8.7 21 110   M    M   2 18     27  80
 9  86  68  77   8   0  12 0.71  0.0    0  8.7 25 140   M    M   7 138    33 130
10  82  65  74   5   0   9 1.44  0.0    0  7.0 16 320   M    M   4 13     21 310
11  79  57  68  -1   0   3 0.00  0.0    0  6.5 12  10   M    M   0        16 340
12  81  55  68   0   0   3 0.00  0.0    0  3.2 13 110   M    M   0        16 120
13  86  63  75   7   0  10 0.00  0.0    M  7.8 24 160   M    M   2 8      33 150
14  91  71  81  13   0  16 0.00  0.0    0  5.9 14 180   M    M   3        19 170
15  88  61  75   8   0  10    T  0.0    0  6.5 17  20   M    M   5 1      23  10
16  61  54  58  -9   7   0 1.71  0.0    0  6.8 15  20   M    M  10 1      20  30
17  61  54  58  -9   7   0 1.02  0.0    0  6.5 12  20   M    M  10 1      16 360
18  74  58  66   0   0   1 0.00  0.0    0  6.0 14  60   M    M   6        20  40
19  86  59  73   7   0   8    T  0.0    0  2.9  8 200   M    M   0        11 100
20  71  55  63  -3   2   0 0.06  0.0    0  5.0 13 360   M    M   7 12     17  10
21  69  45  57  -9   8   0 0.00  0.0    0  6.6 15  30   M    M   0 12     21  60
================================================================================
SM 1745 1332        24 202  5.11     0.0 116.6          M       64
================================================================================
AV 83.1 63.4                               5.6 FASTST   M    M   3    MAX(MPH)
                                 MISC ---->  # 25 140               # 33  130
================================================================================
NOTES:
# LAST OF SEVERAL OCCURRENCES

COLUMN 17 PEAK WIND IN M.P.H.

PRELIMINARY LOCAL CLIMATOLOGICAL DATA (WS FORM: F-6) , PAGE 2

                                          STATION:  ALEXANDRIA
                                          MONTH:    OCTOBER
                                          YEAR:     2018
                                          LATITUDE:   31 19 N
                                          LONGITUDE:  92 33 W

[TEMPERATURE DATA]      [PRECIPITATION DATA]       SYMBOLS USED IN COLUMN 16

AVERAGE MONTHLY: 73.3   TOTAL FOR MONTH:   5.11    1 = FOG OR MIST
DPTR FM NORMAL:   4.6   DPTR FM NORMAL:    0.95    2 = FOG REDUCING VISIBILITY
HIGHEST:    93 ON  3    GRTST 24HR  1.71 ON 16-16      TO 1/4 MILE OR LESS
LOWEST:     45 ON 21                               3 = THUNDER
                        SNOW, ICE PELLETS, HAIL    4 = ICE PELLETS
                        TOTAL MONTH:   0.0 INCH    5 = HAIL
                        GRTST 24HR     0.0         6 = FREEZING RAIN OR DRIZZLE
                        GRTST DEPTH:   0           7 = DUSTSTORM OR SANDSTORM:
                                                       VSBY 1/2 MILE OR LESS
                                                   8 = SMOKE OR HAZE
[NO. OF DAYS WITH]      [WEATHER - DAYS WITH]      9 = BLOWING SNOW
                                                   X = TORNADO
MAX 32 OR BELOW:   0    0.01 INCH OR MORE:   8
MAX 90 OR ABOVE:   8    0.10 INCH OR MORE:   5
MIN 32 OR BELOW:   0    0.50 INCH OR MORE:   4
MIN  0 OR BELOW:   0    1.00 INCH OR MORE:   3

[HDD (BASE 65) ]
TOTAL THIS MO.    24    CLEAR  (SCALE 0-3)  14
DPTR FM NORMAL    -9    PTCLDY (SCALE 4-7)   5
TOTAL FM JUL 1    24    CLOUDY (SCALE 8-10)  2
DPTR FM NORMAL   -12

[CDD (BASE 65) ]
TOTAL THIS MO.   202
DPTR FM NORMAL    93    [PRESSURE DATA]
TOTAL FM JAN 1  3011    HIGHEST SLP M ON M
DPTR FM NORMAL   552    LOWEST  SLP 29.71 ON  9

[REMARKS]
