000
CXUS55 KCAE 251400
CF6AGS
PRELIMINARY LOCAL CLIMATOLOGICAL DATA (WS FORM: F-6)

                                          STATION:   AUGUSTA BUSH FIELD GA
                                          MONTH:     APRIL
                                          YEAR:      2018
                                          LATITUDE:   33 22 N
                                          LONGITUDE:  81 58 W

  TEMPERATURE IN F:       :PCPN:    SNOW:  WIND      :SUNSHINE: SKY     :PK WND
================================================================================
1   2   3   4   5  6A  6B    7    8   9   10  11  12  13   14  15   16   17  18
                                     12Z  AVG MX 2MIN
DY MAX MIN AVG DEP HDD CDD  WTR  SNW DPTH SPD SPD DIR MIN PSBL S-S WX    SPD DR
================================================================================

 1  80  39  60   0   5   0 0.00  0.0    0  1.9 12 180   M    M   0 18     16 190
 2  84  44  64   4   1   0 0.00  0.0    0  4.0 16 200   M    M   0 18     19 190
 3  87  47  67   7   0   2 0.00  0.0    0  6.7 20 210   M    M   1 1      27 220
 4  76  47  62   2   3   0 0.01  0.0    0 10.3 25 290   M    M   1        32 280
 5  70  34  52  -8  13   0 0.00  0.0    0  1.9 12  90   M    M   0        15 100
 6  79  38  59  -1   6   0 0.00  0.0    0  6.2 18 190   M    M   2 1      23 190
 7  71  48  60  -1   5   0 0.47  0.0    0  6.2 23 360   M    M   6 1      29  30
 8  60  43  52  -9  13   0 0.01  0.0    0  6.5 17  40   M    M   7 1      21  30
 9  55  48  52  -9  13   0 0.05  0.0    0  4.6 10  60   M    M  10 1      24  30
10  69  50  60  -1   5   0 0.00  0.0    0  4.8 14  10   M    M   3        18  20
11  72  39  56  -6   9   0 0.00  0.0    0  3.5 16 350   M    M   0 12     20 330
12  78  43  61  -1   4   0 0.00  0.0    0  4.8 14 160   M    M   0 12     18 210
13  83  46  65   3   0   0 0.00  0.0    0  6.1 16 190   M    M   1 18     25 210
14  86  57  72  10   0   7 0.00  0.0    0  6.5 20 190   M    M   5 1      24 190
15  78  53  66   4   0   1 0.98  0.0    0 12.3 33 200   M    M   8 13     51 210
16  59  42  51 -12  14   0 0.00    M    0 15.9 26 290   M    M   4        40 300
17  75  39  57  -6   8   0 0.00  0.0    0 10.6 24 260   M    M   0        30 250
18  86  44  65   2   0   0 0.00  0.0    0 10.2 23 260   M    M   0 1      32 230
19  82  54  68   5   0   3 0.00  0.0    0 13.7 30 290   M    M   1 8      35 290
20  71  41  56  -8   9   0 0.00  0.0    0  7.1 24  50   M    M   0        30  50
21  76  36  56  -8   9   0 0.00  0.0    0  5.1 18  80   M    M   4 1      24  70
22  73  53  63  -1   2   0 0.08  0.0    0  5.4 16 130   M    M   9 1      25  60
23  70  59  65   1   0   0 1.56  0.0    0  9.7 17 130   M    M  10 13     26 110
24  77  61  69   4   0   4 0.27  0.0    0  6.3 16 220   M    M   8 123    21 250
================================================================================
SM 1797 1105       119  17  3.43     0.0 170.3          M       80
================================================================================
AV 74.9 46.0                               7.1 FASTST   M    M   3    MAX(MPH)
                                 MISC ---->  # 33 200               # 51  210
================================================================================
NOTES:
# LAST OF SEVERAL OCCURRENCES

COLUMN 17 PEAK WIND IN M.P.H.

PRELIMINARY LOCAL CLIMATOLOGICAL DATA (WS FORM: F-6) , PAGE 2

                                          STATION:  AUGUSTA BUSH FIELD GA
                                          MONTH:    APRIL
                                          YEAR:     2018
                                          LATITUDE:   33 22 N
                                          LONGITUDE:  81 58 W

[TEMPERATURE DATA]      [PRECIPITATION DATA]       SYMBOLS USED IN COLUMN 16

AVERAGE MONTHLY: 60.5   TOTAL FOR MONTH:   3.43    1 = FOG OR MIST
DPTR FM NORMAL:  -1.5   DPTR FM NORMAL:    1.08    2 = FOG REDUCING VISIBILITY
HIGHEST:    87 ON  3    GRTST 24HR  1.56 ON 23-23      TO 1/4 MILE OR LESS
LOWEST:     34 ON  5                               3 = THUNDER
                        SNOW, ICE PELLETS, HAIL    4 = ICE PELLETS
                        TOTAL MONTH:   0.0 INCH    5 = HAIL
                        GRTST 24HR     0.0         6 = FREEZING RAIN OR DRIZZLE
                        GRTST DEPTH:   0           7 = DUSTSTORM OR SANDSTORM:
                                                       VSBY 1/2 MILE OR LESS
                                                   8 = SMOKE OR HAZE
[NO. OF DAYS WITH]      [WEATHER - DAYS WITH]      9 = BLOWING SNOW
                                                   X = TORNADO
MAX 32 OR BELOW:   0    0.01 INCH OR MORE:   8
MAX 90 OR ABOVE:   0    0.10 INCH OR MORE:   4
MIN 32 OR BELOW:   0    0.50 INCH OR MORE:   2
MIN  0 OR BELOW:   0    1.00 INCH OR MORE:   1

[HDD (BASE 65) ]
TOTAL THIS MO.   119    CLEAR  (SCALE 0-3)  14
DPTR FM NORMAL     9    PTCLDY (SCALE 4-7)   7
TOTAL FM JUL 1  2140    CLOUDY (SCALE 8-10)  3
DPTR FM NORMAL  -298

[CDD (BASE 65) ]
TOTAL THIS MO.    17
DPTR FM NORMAL   -19    [PRESSURE DATA]
TOTAL FM JAN 1    82    HIGHEST SLP M ON M
DPTR FM NORMAL    28    LOWEST  SLP 29.62 ON 15

[REMARKS]
