000
CXUS55 KCAE 191400
CF6AGS
PRELIMINARY LOCAL CLIMATOLOGICAL DATA (WS FORM: F-6)

                                          STATION:   AUGUSTA BUSH FIELD GA
                                          MONTH:     OCTOBER
                                          YEAR:      2018
                                          LATITUDE:   33 22 N
                                          LONGITUDE:  81 58 W

  TEMPERATURE IN F:       :PCPN:    SNOW:  WIND      :SUNSHINE: SKY     :PK WND
================================================================================
1   2   3   4   5  6A  6B    7    8   9   10  11  12  13   14  15   16   17  18
                                     12Z  AVG MX 2MIN
DY MAX MIN AVG DEP HDD CDD  WTR  SNW DPTH SPD SPD DIR MIN PSBL S-S WX    SPD DR
================================================================================

 1  87  63  75   5   0  10 0.00  0.0    0  2.6 12  90   M    M   1 1      17  60
 2  89  65  77   8   0  12 0.00  0.0    0  2.2  8  70   M    M   4 1      16 170
 3  91  66  79  10   0  14 0.00  0.0    0  0.8  7  70   M    M   2 18      9  70
 4  92  66  79  11   0  14 0.00  0.0    0  0.7  7  40   M    M   3 12      9 270
 5  93  67  80  12   0  15 0.00  0.0    0  1.6  8 100   M    M   1 12      9 130
 6  92  67  80  12   0  15 0.00  0.0    0  1.7  9 110   M    M   2 1      12 160
 7  91  67  79  12   0  14 0.00  0.0    0  2.4 12  90   M    M   3 12     16  60
 8  85  71  78  11   0  13 0.78  0.0    0  4.3 23  90   M    M   4 18     29 100
 9  86  72  79  12   0  14 0.08  0.0    0  6.6 17 120   M    M   8 1      24 120
10  89  75  82  16   0  17 0.06  0.0    0  9.5 22 120   M    M   8 1      36 130
11  89  67  78  12   0  13 2.48  0.0    0 17.7 35 190   M    M   5 1      51 140
12  78  56  67   1   0   2 0.00  0.0    0  3.1 12 320   M    M   0        16  10
13  81  52  67   2   0   2 0.00  0.0    0  2.7 14 330   M    M   0        25  70
14  85  56  71   6   0   6 0.00  0.0    0  1.2  5 110   M    M   1 1       M  M
15  88  61  75  11   0  10 0.02  0.0    0  1.5 12 300   M    M   3 12     15 210
16  90  68  79  15   0  14 0.00  0.0    0  2.5 10 360   M    M   5 12     17 300
17  86  64  75  11   0  10    T  0.0    0  5.5 14 340   M    M   2 1      17 340
18  76  52  64   0   1   0 0.00  0.0    0  6.6 18  60   M    M   2        23  50
================================================================================
SM 1568 1155         1 195  3.42     0.0  73.2          M       54
================================================================================
AV 87.1 64.2                               4.1 FASTST   M    M   3    MAX(MPH)
                                 MISC ---->  # 35 190               # 51  140
================================================================================
NOTES:
# LAST OF SEVERAL OCCURRENCES

COLUMN 17 PEAK WIND IN M.P.H.

PRELIMINARY LOCAL CLIMATOLOGICAL DATA (WS FORM: F-6) , PAGE 2

                                          STATION:  AUGUSTA BUSH FIELD GA
                                          MONTH:    OCTOBER
                                          YEAR:     2018
                                          LATITUDE:   33 22 N
                                          LONGITUDE:  81 58 W

[TEMPERATURE DATA]      [PRECIPITATION DATA]       SYMBOLS USED IN COLUMN 16

AVERAGE MONTHLY: 75.6   TOTAL FOR MONTH:   3.42    1 = FOG OR MIST
DPTR FM NORMAL:   9.1   DPTR FM NORMAL:    1.33    2 = FOG REDUCING VISIBILITY
HIGHEST:    93 ON  5    GRTST 24HR  2.48 ON 11-11      TO 1/4 MILE OR LESS
LOWEST:     52 ON 18,13                            3 = THUNDER
                        SNOW, ICE PELLETS, HAIL    4 = ICE PELLETS
                        TOTAL MONTH:   0.0 INCH    5 = HAIL
                        GRTST 24HR     0.0         6 = FREEZING RAIN OR DRIZZLE
                        GRTST DEPTH:   0           7 = DUSTSTORM OR SANDSTORM:
                                                       VSBY 1/2 MILE OR LESS
                                                   8 = SMOKE OR HAZE
[NO. OF DAYS WITH]      [WEATHER - DAYS WITH]      9 = BLOWING SNOW
                                                   X = TORNADO
MAX 32 OR BELOW:   0    0.01 INCH OR MORE:   5
MAX 90 OR ABOVE:   6    0.10 INCH OR MORE:   2
MIN 32 OR BELOW:   0    0.50 INCH OR MORE:   2
MIN  0 OR BELOW:   0    1.00 INCH OR MORE:   1

[HDD (BASE 65) ]
TOTAL THIS MO.     1    CLEAR  (SCALE 0-3)  11
DPTR FM NORMAL   -39    PTCLDY (SCALE 4-7)   7
TOTAL FM JUL 1     1    CLOUDY (SCALE 8-10)  0
DPTR FM NORMAL   -46

[CDD (BASE 65) ]
TOTAL THIS MO.   195
DPTR FM NORMAL   128    [PRESSURE DATA]
TOTAL FM JAN 1  2531    HIGHEST SLP M ON M
DPTR FM NORMAL   480    LOWEST  SLP 29.19 ON 11

[REMARKS]
