000
CXUS52 KFFC 201110
CF6AHN
PRELIMINARY LOCAL CLIMATOLOGICAL DATA (WS FORM: F-6)

                                          STATION:   ATHENS
                                          MONTH:     AUGUST
                                          YEAR:      2018
                                          LATITUDE:   33 57 N
                                          LONGITUDE:  83 19 W

  TEMPERATURE IN F:       :PCPN:    SNOW:  WIND      :SUNSHINE: SKY     :PK WND
================================================================================
1   2   3   4   5  6A  6B    7    8   9   10  11  12  13   14  15   16   17  18
                                     12Z  AVG MX 2MIN
DY MAX MIN AVG DEP HDD CDD  WTR  SNW DPTH SPD SPD DIR MIN PSBL S-S WX    SPD DR
================================================================================

 1  81  70  76  -4   0  11 0.82  0.0    0  1.9 10 210   M    M   9 13     21 230
 2  75  70  73  -7   0   8 1.14  0.0    0  2.8 13  70   M    M   8 1      18  80
 3  85  71  78  -2   0  13 0.23  0.0    0  2.4  7 180   M    M   6 1      14  70
 4  90  70  80   0   0  15 0.00  0.0    0  1.0  6 280   M    M   4 1       9 250
 5  92  72  82   2   0  17 0.00  0.0    0  1.1  7 290   M    M   3 13     10 280
 6  94  72  83   3   0  18    T  0.0    0  2.6  9 320   M    M   0        13 320
 7  94  71  83   3   0  18 0.00  0.0    0  1.6  9 240   M    M   0 13     18 230
 8  92  71  82   2   0  17 0.07  0.0    0  3.1 18 310   M    M   1 138    29 320
 9  91  70  81   1   0  16 0.78  0.0    0  2.9 12 290   M    M   3 13     19 280
10  89  69  79  -1   0  14 0.00  0.0    0  4.2 10 300   M    M   2 1      16 300
11  88  72  80   0   0  15 0.00  0.0    0  2.5  9 300   M    M   4 1      13 260
12  91  70  81   1   0  16    T  0.0    0  1.5 16 320   M    M   1 3      24 320
13  90  68  79  -1   0  14 0.00  0.0    0  2.3  9 300   M    M   1 1      13 300
14  90  65  78  -2   0  13 0.00  0.0    0  2.4  9 290   M    M   0 1      14 270
15  92  65  79  -1   0  14 0.00  0.0    0  1.5  6  50   M    M   0 18      9  70
16  93  68  81   1   0  16 0.00  0.0    0  1.4  9 180   M    M   0 1      16 180
17  90  70  80   0   0  15 0.82  0.0    0  3.1 12 200   M    M   2 13     19 200
18  88  71  80   0   0  15 0.43  0.0    0  3.9 12 310   M    M   7 13     19 330
19  87  72  80   0   0  15 0.07  0.0    0  2.9  9 220   M    M   7 18     15 230
================================================================================
SM 1692 1327         0 280  4.36     0.0  45.1          M       58
================================================================================
AV 89.1 69.8                               2.4 FASTST   M    M   3    MAX(MPH)
                                 MISC ---->  # 18 310               # 29  320
================================================================================
NOTES:
# LAST OF SEVERAL OCCURRENCES

COLUMN 17 PEAK WIND IN M.P.H.

PRELIMINARY LOCAL CLIMATOLOGICAL DATA (WS FORM: F-6) , PAGE 2

                                          STATION:  ATHENS
                                          MONTH:    AUGUST
                                          YEAR:     2018
                                          LATITUDE:   33 57 N
                                          LONGITUDE:  83 19 W

[TEMPERATURE DATA]      [PRECIPITATION DATA]       SYMBOLS USED IN COLUMN 16

AVERAGE MONTHLY: 79.5   TOTAL FOR MONTH:   4.36    1 = FOG OR MIST
DPTR FM NORMAL:  -0.6   DPTR FM NORMAL:    2.10    2 = FOG REDUCING VISIBILITY
HIGHEST:    94 ON  7, 6 GRTST 24HR  1.14 ON  2- 2      TO 1/4 MILE OR LESS
LOWEST:     65 ON 15,14                            3 = THUNDER
                        SNOW, ICE PELLETS, HAIL    4 = ICE PELLETS
                        TOTAL MONTH:   0.0 INCH    5 = HAIL
                        GRTST 24HR     0.0         6 = FREEZING RAIN OR DRIZZLE
                        GRTST DEPTH:   0           7 = DUSTSTORM OR SANDSTORM:
                                                       VSBY 1/2 MILE OR LESS
                                                   8 = SMOKE OR HAZE
[NO. OF DAYS WITH]      [WEATHER - DAYS WITH]      9 = BLOWING SNOW
                                                   X = TORNADO
MAX 32 OR BELOW:   0    0.01 INCH OR MORE:   8
MAX 90 OR ABOVE:  12    0.10 INCH OR MORE:   6
MIN 32 OR BELOW:   0    0.50 INCH OR MORE:   4
MIN  0 OR BELOW:   0    1.00 INCH OR MORE:   1

[HDD (BASE 65) ]
TOTAL THIS MO.     0    CLEAR  (SCALE 0-3)  12
DPTR FM NORMAL     0    PTCLDY (SCALE 4-7)   5
TOTAL FM JUL 1     0    CLOUDY (SCALE 8-10)  2
DPTR FM NORMAL     0

[CDD (BASE 65) ]
TOTAL THIS MO.   280
DPTR FM NORMAL    -7    [PRESSURE DATA]
TOTAL FM JAN 1  1503    HIGHEST SLP M ON M
DPTR FM NORMAL   114    LOWEST  SLP 29.89 ON 10

[REMARKS]
