000
CXUS52 KFFC 211110
CF6AHN
PRELIMINARY LOCAL CLIMATOLOGICAL DATA (WS FORM: F-6)

                                          STATION:   ATHENS
                                          MONTH:     NOVEMBER
                                          YEAR:      2018
                                          LATITUDE:   33 57 N
                                          LONGITUDE:  83 19 W

  TEMPERATURE IN F:       :PCPN:    SNOW:  WIND      :SUNSHINE: SKY     :PK WND
================================================================================
1   2   3   4   5  6A  6B    7    8   9   10  11  12  13   14  15   16   17  18
                                     12Z  AVG MX 2MIN
DY MAX MIN AVG DEP HDD CDD  WTR  SNW DPTH SPD SPD DIR MIN PSBL S-S WX    SPD DR
================================================================================

 1  75  58  67   9   0   2 0.54  0.0    0  5.8 15 190   M    M   5 1      24 180
 2  63  45  54  -4  11   0 0.28    M    0  6.4 16 280   M    M   8 1      25 270
 3  65  41  53  -5  12   0 0.00  0.0    0  4.0  9 310   M    M   0        15 260
 4  66  40  53  -4  12   0 0.00  0.0    0  8.4 16  80   M    M   3        20  80
 5  62  54  58   1   7   0    T  0.0    0  4.2  9  80   M    M  10 1      11 100
 6  74  54  64   7   1   0 0.65  0.0    0  4.2 17 320   M    M   9 1      27 340
 7  75  46  61   5   4   0 0.42    M    0  2.4 10  80   M    M   4 13     14 100
 8  63  55  59   3   6   0 0.08  0.0    0  6.4 14  80   M    M   9 1      19  90
 9  56  50  53  -3  12   0 0.86  0.0    0  7.3 15 300   M    M  10 1      23 300
10  57  37  47  -9  18   0 0.00  0.0    0  6.9 16 310   M    M   0        22 300
11  55  34  45 -10  20   0 0.00  0.0    0  8.3 14  90   M    M   3        19  80
12  47  41  44 -11  21   0 2.37  0.0    0  9.2 17  70   M    M  10 1      24 310
13  54  44  49  -6  16   0 0.16    M    0  3.7 12 280   M    M  10 1      18 280
14  52  42  47  -7  18   0 0.60    M    0 10.8 20  70   M    M  10 1      26  80
15  46  35  41 -13  24   0 0.77  0.0    0  8.0 22  80   M    M  10 1      35  80
16  59  32  46  -8  19   0 0.00  0.0    0  7.1 13 300   M    M   1        20 270
17  65  33  49  -4  16   0 0.00  0.0    0  2.7 10  70   M    M   0 1      13  80
18  66  35  51  -2  14   0 0.00  0.0    0  1.3  6  70   M    M   0 1       9 250
19  66  40  53   0  12   0 0.00  0.0    0  2.3  8 240   M    M   5 12     12 220
20  62  41  52   0  13   0    T    M    0  6.8 15 280   M    M   4        23 310
================================================================================
SM 1228  857       256   2  6.73     0.0 116.2          M      111
================================================================================
AV 61.4 42.9                               5.8 FASTST   M    M   6    MAX(MPH)
                                 MISC ---->  # 22  80               # 35   80
================================================================================
NOTES:
# LAST OF SEVERAL OCCURRENCES

COLUMN 17 PEAK WIND IN M.P.H.

PRELIMINARY LOCAL CLIMATOLOGICAL DATA (WS FORM: F-6) , PAGE 2

                                          STATION:  ATHENS
                                          MONTH:    NOVEMBER
                                          YEAR:     2018
                                          LATITUDE:   33 57 N
                                          LONGITUDE:  83 19 W

[TEMPERATURE DATA]      [PRECIPITATION DATA]       SYMBOLS USED IN COLUMN 16

AVERAGE MONTHLY: 52.1   TOTAL FOR MONTH:   6.73    1 = FOG OR MIST
DPTR FM NORMAL:  -3.2   DPTR FM NORMAL:    4.27    2 = FOG REDUCING VISIBILITY
HIGHEST:    75 ON  7, 1 GRTST 24HR  2.37 ON 12-12      TO 1/4 MILE OR LESS
LOWEST:     32 ON 16                               3 = THUNDER
                        SNOW, ICE PELLETS, HAIL    4 = ICE PELLETS
                        TOTAL MONTH:   0.0 INCH    5 = HAIL
                        GRTST 24HR     0.0         6 = FREEZING RAIN OR DRIZZLE
                        GRTST DEPTH:   0           7 = DUSTSTORM OR SANDSTORM:
                                                       VSBY 1/2 MILE OR LESS
                                                   8 = SMOKE OR HAZE
[NO. OF DAYS WITH]      [WEATHER - DAYS WITH]      9 = BLOWING SNOW
                                                   X = TORNADO
MAX 32 OR BELOW:   0    0.01 INCH OR MORE:  10
MAX 90 OR ABOVE:   0    0.10 INCH OR MORE:   9
MIN 32 OR BELOW:   1    0.50 INCH OR MORE:   6
MIN  0 OR BELOW:   0    1.00 INCH OR MORE:   1

[HDD (BASE 65) ]
TOTAL THIS MO.   256    CLEAR  (SCALE 0-3)   6
DPTR FM NORMAL    56    PTCLDY (SCALE 4-7)   6
TOTAL FM JUL 1   370    CLOUDY (SCALE 8-10)  8
DPTR FM NORMAL    35

[CDD (BASE 65) ]
TOTAL THIS MO.     2
DPTR FM NORMAL    -3    [PRESSURE DATA]
TOTAL FM JAN 1  2280    HIGHEST SLP M ON M
DPTR FM NORMAL   398    LOWEST  SLP 29.72 ON  1

[REMARKS]
