710
CXUS55 KCYS 171000
CF6AIA
PRELIMINARY LOCAL CLIMATOLOGICAL DATA (WS FORM: F-6)

                                          STATION:   ALLIANCE NEBRASKA AIRPORT
                                          MONTH:     OCTOBER
                                          YEAR:      2018
                                          LATITUDE:   42  2 N
                                          LONGITUDE: 102 48 W

  TEMPERATURE IN F:       :PCPN:    SNOW:  WIND      :SUNSHINE: SKY     :PK WND
================================================================================
1   2   3   4   5  6A  6B    7    8   9   10  11  12  13   14  15   16   17  18
                                     12Z  AVG MX 2MIN
DY MAX MIN AVG DEP HDD CDD  WTR  SNW DPTH SPD SPD DIR MIN PSBL S-S WX    SPD DR
================================================================================

 1  70  42  56   4   9   0 0.00    M    M  8.9 15 160   M    M   4 1      23 150
 2  84  44  64  12   1   0 0.00    M    M  9.7 21 170   M    M   0 1      26 140
 3  86  32  59   8   6   0 0.00    M    M 15.2 41 350   M    M   0        50 350
 4  47  31  39 -12  26   0 0.04    M    M 15.4 30 160   M    M   7 3      37 160
 5  49  26  38 -12  27   0 0.03    M    M  8.7 22 350   M    M   5 12     32 280
 6  55  23  39 -11  26   0 0.00    M    M  7.9 21 160   M    M   7 12     25 140
 7  42  35  39 -10  26   0 0.05    M    M 10.7 17 120   M    M  10 1      35 210
 8  38  33  36 -13  29   0 0.12    M    M 10.7 17  30   M    M  10 1      21 280
 9  37  31  34 -14  31   0 0.04    M    M 11.8 17 340   M    M  10 1      27  80
10  35  29  32 -16  33   0    T    M    M 11.0 21 350   M    M  10 1      25 360
11  46  25  36 -12  29   0    T    M    M  8.2 18 160   M    M  10 12     22 160
12  60  30  45  -2  20   0 0.08    M    M  9.5 21 280   M    M   2 1      29 290
13  56  24  40  -7  25   0 0.06    M    M 15.3 30  10   M    M   5 12     39  20
14  30   6  18 -28  47   0 0.02    M    M 11.8 25 330   M    M   8 1      32 320
15  39   5  22 -24  43   0 0.00    M    M 10.4 17 260   M    M   0        20 260
16  63  23  43  -3  22   0 0.00    M    M  9.2 18 330   M    M   1        23 320
================================================================================
SM  837  439       400   0  0.44    M    174.4          M       89
================================================================================
AV 52.3 27.4                              10.9 FASTST   M    M   6    MAX(MPH)
                                 MISC ---->  # 41 350               # 50  350
================================================================================
NOTES:
# LAST OF SEVERAL OCCURRENCES

COLUMN 17 PEAK WIND IN M.P.H.

PRELIMINARY LOCAL CLIMATOLOGICAL DATA (WS FORM: F-6) , PAGE 2

                                          STATION:  ALLIANCE NEBRASKA AIRPORT
                                          MONTH:    OCTOBER
                                          YEAR:     2018
                                          LATITUDE:   42  2 N
                                          LONGITUDE: 102 48 W

[TEMPERATURE DATA]      [PRECIPITATION DATA]       SYMBOLS USED IN COLUMN 16

AVERAGE MONTHLY: 39.9   TOTAL FOR MONTH:   0.44    1 = FOG OR MIST
DPTR FM NORMAL:  -8.9   DPTR FM NORMAL:   -0.26    2 = FOG REDUCING VISIBILITY
HIGHEST:    86 ON  3    GRTST 24HR  0.12 ON  8- 8      TO 1/4 MILE OR LESS
LOWEST:      5 ON 15                               3 = THUNDER
                        SNOW, ICE PELLETS, HAIL    4 = ICE PELLETS
                        TOTAL MONTH:    M          5 = HAIL
                        GRTST 24HR    M  ON   M    6 = FREEZING RAIN OR DRIZZLE
                        GRTST DEPTH:  M  ON   M    7 = DUSTSTORM OR SANDSTORM:
                                                       VSBY 1/2 MILE OR LESS
                                                   8 = SMOKE OR HAZE
[NO. OF DAYS WITH]      [WEATHER - DAYS WITH]      9 = BLOWING SNOW
                                                   X = TORNADO
MAX 32 OR BELOW:   1    0.01 INCH OR MORE:   8
MAX 90 OR ABOVE:   0    0.10 INCH OR MORE:   1
MIN 32 OR BELOW:  12    0.50 INCH OR MORE:   0
MIN  0 OR BELOW:   0    1.00 INCH OR MORE:   0

[HDD (BASE 65) ]
TOTAL THIS MO.   400    CLEAR  (SCALE 0-3)   5
DPTR FM NORMAL   139    PTCLDY (SCALE 4-7)   6
TOTAL FM JUL 1   589    CLOUDY (SCALE 8-10)  5
DPTR FM NORMAL    83

[CDD (BASE 65) ]
TOTAL THIS MO.     0
DPTR FM NORMAL     0    [PRESSURE DATA]
TOTAL FM JAN 1   566    HIGHEST SLP M ON M
DPTR FM NORMAL     3    LOWEST  SLP 29.54 ON  3

[REMARKS]
