000
CXAK56 PAJK 221132
CF6AJN
PRELIMINARY LOCAL CLIMATOLOGICAL DATA (WS FORM: F-6)

                                          STATION:   JUNEAU
                                          MONTH:     JULY
                                          YEAR:      2018
                                          LATITUDE:   58 22 N
                                          LONGITUDE: 134 35 W

  TEMPERATURE IN F:       :PCPN:    SNOW:  WIND      :SUNSHINE: SKY     :PK WND
================================================================================
1   2   3   4   5  6A  6B    7    8   9   10  11  12  13   14  15   16   17  18
                                     12Z  AVG MX 2MIN
DY MAX MIN AVG DEP HDD CDD  WTR  SNW DPTH SPD SPD DIR MIN PSBL S-S WX    SPD DR
================================================================================

 1  63  49  56   0   9   0 0.01  0.0    0  3.6  9 300   M    M   9        14 350
 2  70  50  60   4   5   0 0.00  0.0    0  4.8 14 230   M    M   6        15 230
 3  83  48  66  10   0   1 0.00  0.0    0  4.6 13 230   M    M   2        15 240
 4  84  50  67  11   0   2 0.00  0.0    0  4.3 12 250   M    M   4        15 360
 5  84  49  67  11   0   2 0.00  0.0    0  5.4 18 110   M    M   3        27 110
 6  74  60  67  11   0   2    T  0.0    0  7.9 17 130   M    M   6        23 110
 7  65  57  61   5   4   0    T  0.0    0  9.3 17 110   M    M  10 8      22 120
 8  67  56  62   6   3   0 0.00  0.0    0  5.0 14 120   M    M  10        17 100
 9  67  55  61   5   4   0    T  0.0    0  3.9 12  80   M    M  10 8      14  90
10  61  54  58   1   7   0 0.45  0.0    0 13.8 25 120   M    M  10 1      34 110
11  54  51  53  -4  12   0 0.33  0.0    0  5.8 12  90   M    M  10 1      14  90
12  67  50  59   2   6   0 0.02  0.0    0  5.8 13 240   M    M   9 1      15 100
13  72  47  60   3   5   0 0.00  0.0    0  5.0 14 230   M    M   4 18     19 220
14  60  51  56  -1   9   0 0.16  0.0    0  6.7 17 110   M    M  10 1      21 110
15  54  50  52  -5  13   0 1.04  0.0    0 13.0 23 120   M    M  10 1      32 120
16  59  50  55  -2  10   0 0.68  0.0    0  5.0 14 110   M    M  10 1      17 110
17  63  50  57   0   8   0 0.01  0.0    0  4.0 13 230   M    M   9 1      14 220
18  60  48  54  -3  11   0 0.01  0.0    0  5.2 13  90   M    M  10        15  90
19  67  50  59   2   6   0 0.11  0.0    0  5.1 15 230   M    M   7 1      18 230
20  73  48  61   4   4   0 0.00  0.0    0  6.2 14 240   M    M   6        18 260
21  77  50  64   7   1   0 0.00  0.0    0  6.1 14 230   M    M   2        18 250
================================================================================
SM 1424 1073       117   7  2.82     0.0 130.5          M      157
================================================================================
AV 67.8 51.1                               6.2 FASTST   M    M   7    MAX(MPH)
                                 MISC ---->  # 25 120               # 34  110
================================================================================
NOTES:
# LAST OF SEVERAL OCCURRENCES

COLUMN 17 PEAK WIND IN M.P.H.

PRELIMINARY LOCAL CLIMATOLOGICAL DATA (WS FORM: F-6) , PAGE 2

                                          STATION:  JUNEAU
                                          MONTH:    JULY
                                          YEAR:     2018
                                          LATITUDE:   58 22 N
                                          LONGITUDE: 134 35 W

[TEMPERATURE DATA]      [PRECIPITATION DATA]       SYMBOLS USED IN COLUMN 16

AVERAGE MONTHLY: 59.5   TOTAL FOR MONTH:   2.82    1 = FOG OR MIST
DPTR FM NORMAL:   2.9   DPTR FM NORMAL:   -0.16    2 = FOG REDUCING VISIBILITY
HIGHEST:    84 ON  5, 4 GRTST 24HR  1.04 ON 15-15      TO 1/4 MILE OR LESS
LOWEST:     47 ON 13                               3 = THUNDER
                        SNOW, ICE PELLETS, HAIL    4 = ICE PELLETS
                        TOTAL MONTH:   0.0 INCH    5 = HAIL
                        GRTST 24HR     0.0         6 = FREEZING RAIN OR DRIZZLE
                        GRTST DEPTH:   0           7 = DUSTSTORM OR SANDSTORM:
                                                       VSBY 1/2 MILE OR LESS
                                                   8 = SMOKE OR HAZE
[NO. OF DAYS WITH]      [WEATHER - DAYS WITH]      9 = BLOWING SNOW
                                                   X = TORNADO
MAX 32 OR BELOW:   0    0.01 INCH OR MORE:  10
MAX 90 OR ABOVE:   0    0.10 INCH OR MORE:   6
MIN 32 OR BELOW:   0    0.50 INCH OR MORE:   2
MIN  0 OR BELOW:   0    1.00 INCH OR MORE:   1

[HDD (BASE 65) ]
TOTAL THIS MO.   117    CLEAR  (SCALE 0-3)   2
DPTR FM NORMAL   -60    PTCLDY (SCALE 4-7)   7
TOTAL FM JUL 1   117    CLOUDY (SCALE 8-10) 12
DPTR FM NORMAL   -60

[CDD (BASE 65) ]
TOTAL THIS MO.     7
DPTR FM NORMAL     7    [PRESSURE DATA]
TOTAL FM JAN 1    13    HIGHEST SLP M ON M
DPTR FM NORMAL    12    LOWEST  SLP 29.91 ON  5

[REMARKS]
