000
CXAK56 PAJK 221132
CF6AJN
PRELIMINARY LOCAL CLIMATOLOGICAL DATA (WS FORM: F-6)

                                          STATION:   JUNEAU
                                          MONTH:     OCTOBER
                                          YEAR:      2018
                                          LATITUDE:   58 22 N
                                          LONGITUDE: 134 35 W

  TEMPERATURE IN F:       :PCPN:    SNOW:  WIND      :SUNSHINE: SKY     :PK WND
================================================================================
1   2   3   4   5  6A  6B    7    8   9   10  11  12  13   14  15   16   17  18
                                     12Z  AVG MX 2MIN
DY MAX MIN AVG DEP HDD CDD  WTR  SNW DPTH SPD SPD DIR MIN PSBL S-S WX    SPD DR
================================================================================

 1  63  34  49   2  16   0 0.00  0.0    0  6.0 23 100   M    M   2        30 110
 2  54  28  41  -6  24   0 0.00  0.0    0  3.9 14 110   M    M   4        16 110
 3  53  26  40  -7  25   0 0.00  0.0    0  3.5 12  80   M    M   8        14 100
 4  50  36  43  -3  22   0 0.04  0.0    0 10.5 18 130   M    M   9        25 120
 5  45  42  44  -2  21   0 0.57  0.0    0 10.4 21 130   M    M  10 1      25 140
 6  49  45  47   1  18   0 0.31  0.0    0  7.9 14  80   M    M  10 1      17  80
 7  50  42  46   1  19   0 0.34  0.0    0  1.6  9  80   M    M  10 12     11 210
 8  54  31  43  -2  22   0 0.53  0.0    0  2.8 14 240   M    M   7 12     16 220
 9  49  30  40  -5  25   0 0.00  0.0    0  1.3  8 250   M    M   5 12      9 250
10  45  31  38  -7  27   0 0.43  0.0    0  6.9 22 110   M    M   8 1      26 110
11  49  44  47   3  18   0 0.14  0.0    0  6.8 21  90   M    M  10 1      27 100
12  50  42  46   2  19   0 0.02  0.0    0  5.3 13  90   M    M  10 12     14 100
13  51  46  49   5  16   0 0.64  0.0    0 15.6 28 110   M    M  10 1      35 110
14  52  49  51   8  14   0 1.75  0.0    0 24.1 33 100   M    M  10 1      43 110
15  54  47  51   8  14   0 1.04  0.0    0 16.9 29 120   M    M   8 1      38 110
16  53  46  50   7  15   0 1.02  0.0    0 13.0 28 120   M    M   8 1      35 120
17  53  46  50   8  15   0 0.19  0.0    0  9.2 18 100   M    M   9 1      24 120
18  52  45  49   7  16   0 0.39    M    0  8.4 21 110   M    M  10 1      24 110
19  53  46  50   8  15   0 0.94  0.0    0 16.4 28 110   M    M  10 1      35 110
20  52  47  50   9  15   0 0.03  0.0    0 12.3 22 120   M    M  10 1      27 120
21  53  45  49   8  16   0 0.06  0.0    0 13.2 21 110   M    M   9        27 110
================================================================================
SM 1084  848       392   0  8.44     0.0 196.0          M      177
================================================================================
AV 51.6 40.4                               9.3 FASTST   M    M   8    MAX(MPH)
                                 MISC ---->  # 33 100               # 43  110
================================================================================
NOTES:
# LAST OF SEVERAL OCCURRENCES

COLUMN 17 PEAK WIND IN M.P.H.

PRELIMINARY LOCAL CLIMATOLOGICAL DATA (WS FORM: F-6) , PAGE 2

                                          STATION:  JUNEAU
                                          MONTH:    OCTOBER
                                          YEAR:     2018
                                          LATITUDE:   58 22 N
                                          LONGITUDE: 134 35 W

[TEMPERATURE DATA]      [PRECIPITATION DATA]       SYMBOLS USED IN COLUMN 16

AVERAGE MONTHLY: 46.0   TOTAL FOR MONTH:   8.44    1 = FOG OR MIST
DPTR FM NORMAL:   1.9   DPTR FM NORMAL:    2.28    2 = FOG REDUCING VISIBILITY
HIGHEST:    63 ON  1    GRTST 24HR  1.75 ON 14-14      TO 1/4 MILE OR LESS
LOWEST:     26 ON  3                               3 = THUNDER
                        SNOW, ICE PELLETS, HAIL    4 = ICE PELLETS
                        TOTAL MONTH:   0.0 INCH    5 = HAIL
                        GRTST 24HR     0.0         6 = FREEZING RAIN OR DRIZZLE
                        GRTST DEPTH:   0           7 = DUSTSTORM OR SANDSTORM:
                                                       VSBY 1/2 MILE OR LESS
                                                   8 = SMOKE OR HAZE
[NO. OF DAYS WITH]      [WEATHER - DAYS WITH]      9 = BLOWING SNOW
                                                   X = TORNADO
MAX 32 OR BELOW:   0    0.01 INCH OR MORE:  17
MAX 90 OR ABOVE:   0    0.10 INCH OR MORE:  13
MIN 32 OR BELOW:   5    0.50 INCH OR MORE:   7
MIN  0 OR BELOW:   0    1.00 INCH OR MORE:   3

[HDD (BASE 65) ]
TOTAL THIS MO.   392    CLEAR  (SCALE 0-3)   1
DPTR FM NORMAL   -46    PTCLDY (SCALE 4-7)   7
TOTAL FM JUL 1  1180    CLOUDY (SCALE 8-10) 13
DPTR FM NORMAL  -242

[CDD (BASE 65) ]
TOTAL THIS MO.     0
DPTR FM NORMAL     0    [PRESSURE DATA]
TOTAL FM JAN 1    16    HIGHEST SLP  0.00 ON  9
DPTR FM NORMAL    14    LOWEST  SLP  0.00 ON  9

[REMARKS]
