000
CXUS55 KBOU 201218
CF6AKO
PRELIMINARY LOCAL CLIMATOLOGICAL DATA (WS FORM: F-6)

                                          STATION:   AKRON CO
                                          MONTH:     FEBRUARY
                                          YEAR:      2018
                                          LATITUDE:   40 10 N
                                          LONGITUDE: 103 13 W

  TEMPERATURE IN F:       :PCPN:    SNOW:  WIND      :SUNSHINE: SKY     :PK WND
================================================================================
1   2   3   4   5  6A  6B    7    8   9   10  11  12  13   14  15   16   17  18
                                     12Z  AVG MX 2MIN
DY MAX MIN AVG DEP HDD CDD  WTR  SNW DPTH SPD SPD DIR MIN PSBL S-S WX    SPD DR
================================================================================

 1  28  19  24  -5  41   0 0.20    M    M  6.2 13 190   M    M   8 1      19 190
 2  41  16  29   0  36   0 0.00    M    M 10.2 18 270   M    M   5 12     21 270
 3  52  27  40  11  25   0 0.03    M    M 10.9 37 320   M    M   5 8      51 310
 4  33   5  19 -10  46   0    T    M    M 11.9 24  40   M    M   7 12     31  50
 5  45  16  31   2  34   0    T    M    M 15.2 32  10   M    M   6 1      42  10
 6  40  17  29  -1  36   0 0.01    M    M 11.6 23 160   M    M   3 1      29 170
 7  51  20  36   6  29   0 0.00    M    M  8.0 17 160   M    M   5 12     22 180
 8  60  32  46  16  19   0 0.00    M    M 12.2 22 260   M    M   1        30 270
 9  46   6  26  -4  39   0    T    M    M 10.7 22  30   M    M   9 12     30  30
10   8   2   5 -25  60   0 0.14    M    M  9.3 20 280   M    M   8 12     25 280
11  36  -2  17 -13  48   0 0.00    M    M 12.1 21 280   M    M   0 1      27 190
12  24  11  18 -12  47   0 0.00    M    M 10.3 21 140   M    M   1        26 170
13  53  10  32   1  33   0 0.00    M    M  9.1 18 260   M    M   0 18     23 250
14  61  30  46  15  19   0 0.00  0.0    0  9.5 17 220   M    M   0        21 220
15  47  13  30  -1  35   0 0.00  0.0    0 16.4 29  10   M    M   5        39 320
16  42  12  27  -4  38   0 0.00  0.0    0 12.2 26 190   M    M   1        38 180
17  50  25  38   6  27   0 0.00  0.0    0 19.4 43 330   M    M   0        58 330
18  69  14  42  10  23   0    T    M    0 18.1 32  50   M    M   2 18     44  50
19  14   2   8 -24  57   0 0.02    M    0 13.6 23  10   M    M  10 12     28  10
================================================================================
SM  800  275       692   0  0.40     0.0 226.9          M       76
================================================================================
AV 42.1 14.5                              11.9 FASTST   M    M   4    MAX(MPH)
                                 MISC ---->  # 43 330               # 58  330
================================================================================
NOTES:
# LAST OF SEVERAL OCCURRENCES

COLUMN 17 PEAK WIND IN M.P.H.

PRELIMINARY LOCAL CLIMATOLOGICAL DATA (WS FORM: F-6) , PAGE 2

                                          STATION:  AKRON CO
                                          MONTH:    FEBRUARY
                                          YEAR:     2018
                                          LATITUDE:   40 10 N
                                          LONGITUDE: 103 13 W

[TEMPERATURE DATA]      [PRECIPITATION DATA]       SYMBOLS USED IN COLUMN 16

AVERAGE MONTHLY: 28.3   TOTAL FOR MONTH:   0.40    1 = FOG OR MIST
DPTR FM NORMAL:  -2.0   DPTR FM NORMAL:    0.13    2 = FOG REDUCING VISIBILITY
HIGHEST:    69 ON 18    GRTST 24HR  0.20 ON  1- 1      TO 1/4 MILE OR LESS
LOWEST:     -2 ON 11                               3 = THUNDER
                        SNOW, ICE PELLETS, HAIL    4 = ICE PELLETS
                        TOTAL MONTH:   0.0 INCH    5 = HAIL
                        GRTST 24HR     0.0         6 = FREEZING RAIN OR DRIZZLE
                        GRTST DEPTH:   0           7 = DUSTSTORM OR SANDSTORM:
                                                       VSBY 1/2 MILE OR LESS
                                                   8 = SMOKE OR HAZE
[NO. OF DAYS WITH]      [WEATHER - DAYS WITH]      9 = BLOWING SNOW
                                                   X = TORNADO
MAX 32 OR BELOW:   4    0.01 INCH OR MORE:   5
MAX 90 OR ABOVE:   0    0.10 INCH OR MORE:   2
MIN 32 OR BELOW:  19    0.50 INCH OR MORE:   0
MIN  0 OR BELOW:   1    1.00 INCH OR MORE:   0

[HDD (BASE 65) ]
TOTAL THIS MO.   692    CLEAR  (SCALE 0-3)   8
DPTR FM NORMAL    32    PTCLDY (SCALE 4-7)   9
TOTAL FM JUL 1  4046    CLOUDY (SCALE 8-10)  2
DPTR FM NORMAL  -324

[CDD (BASE 65) ]
TOTAL THIS MO.     0
DPTR FM NORMAL     0    [PRESSURE DATA]
TOTAL FM JAN 1     0    HIGHEST SLP M ON M
DPTR FM NORMAL     0    LOWEST  SLP 29.23 ON 18

[REMARKS]
