000
CXUS55 KBOU 200900
CF6AKO
PRELIMINARY LOCAL CLIMATOLOGICAL DATA (WS FORM: F-6)

                                          STATION:   AKRON CO
                                          MONTH:     NOVEMBER
                                          YEAR:      2018
                                          LATITUDE:   40 10 N
                                          LONGITUDE: 103 13 W

  TEMPERATURE IN F:       :PCPN:    SNOW:  WIND      :SUNSHINE: SKY     :PK WND
================================================================================
1   2   3   4   5  6A  6B    7    8   9   10  11  12  13   14  15   16   17  18
                                     12Z  AVG MX 2MIN
DY MAX MIN AVG DEP HDD CDD  WTR  SNW DPTH SPD SPD DIR MIN PSBL S-S WX    SPD DR
================================================================================

 1   M   M   M   M   M   M    M    M    M   M   M   M   M    M   M         M  M
 2   M   M   M   M   M   M 0.00    M    M   M   M   M   M    M   0         M  M
 3  50  24  37  -7  28   0 0.00    M    M 23.7 39 340   M    M   1        56 330
 4  57  26  42  -1  23   0 0.00    M    M  9.8 18 280   M    M   5        25 200
 5  55  31  43   0  22   0 0.03    M    M 12.8 37 310   M    M   8        47 320
 6  49  27  38  -4  27   0 0.00    M    M  8.8 18 330   M    M   6        31 310
 7  29  20  25 -17  40   0 0.03    M    M 10.9 16 150   M    M   7 1      21 140
 8  37  22  30 -11  35   0 0.00    M    M 11.4 21 350   M    M   6 1      28 350
 9  36  10  23 -18  42   0 0.00    M    M 10.1 22 360   M    M   0        28 190
10  56  25  41   1  24   0 0.00    M    M 12.3 25  10   M    M   1        34 340
11  34  19  27 -13  38   0    T    M    M  9.4 21 350   M    M   9 12     28  20
12  33  12  23 -16  42   0    T    M    M 12.3 23 320   M    M   4 1      39 330
13  49  17  33  -6  32   0 0.00    M    M 11.9 21 350   M    M   3        29 340
14  62  25  44   6  21   0 0.00    M    M 10.9 16 260   M    M   0        24 290
15  57  29  43   5  22   0 0.00    M    M 11.4 30 350   M    M   0        38 350
16  61  32  47  10  18   0 0.00    M    M 11.7 20 260   M    M   0        26  20
17  36  17  27 -10  38   0 0.03    M    M 10.2 20  60   M    M  10 126    26  50
18  43   9  26 -10  39   0 0.00  0.0    0 10.3 18 250   M    M   1        23 320
================================================================================
SM  744  345       491   0  0.09     0.0 187.9          M       61
================================================================================
AV 46.5 21.6                              11.7 FASTST   M    M   4    MAX(MPH)
                                 MISC ---->  # 39 340               # 56  330
================================================================================
NOTES:
# LAST OF SEVERAL OCCURRENCES

COLUMN 17 PEAK WIND IN M.P.H.

PRELIMINARY LOCAL CLIMATOLOGICAL DATA (WS FORM: F-6) , PAGE 2

                                          STATION:  AKRON CO
                                          MONTH:    NOVEMBER
                                          YEAR:     2018
                                          LATITUDE:   40 10 N
                                          LONGITUDE: 103 13 W

[TEMPERATURE DATA]      [PRECIPITATION DATA]       SYMBOLS USED IN COLUMN 16

AVERAGE MONTHLY: 34.0   TOTAL FOR MONTH:   0.09    1 = FOG OR MIST
DPTR FM NORMAL:  -6.4   DPTR FM NORMAL:   -0.27    2 = FOG REDUCING VISIBILITY
HIGHEST:    62 ON 14    GRTST 24HR  0.03 ON 17-17      TO 1/4 MILE OR LESS
LOWEST:      9 ON 18                               3 = THUNDER
                        SNOW, ICE PELLETS, HAIL    4 = ICE PELLETS
                        TOTAL MONTH:   0.0 INCH    5 = HAIL
                        GRTST 24HR     0.0         6 = FREEZING RAIN OR DRIZZLE
                        GRTST DEPTH:   0           7 = DUSTSTORM OR SANDSTORM:
                                                       VSBY 1/2 MILE OR LESS
                                                   8 = SMOKE OR HAZE
[NO. OF DAYS WITH]      [WEATHER - DAYS WITH]      9 = BLOWING SNOW
                                                   X = TORNADO
MAX 32 OR BELOW:   1    0.01 INCH OR MORE:   3
MAX 90 OR ABOVE:   0    0.10 INCH OR MORE:   0
MIN 32 OR BELOW:  16    0.50 INCH OR MORE:   0
MIN  0 OR BELOW:   0    1.00 INCH OR MORE:   0

[HDD (BASE 65) ]
TOTAL THIS MO.   491    CLEAR  (SCALE 0-3)   9
DPTR FM NORMAL    49    PTCLDY (SCALE 4-7)   6
TOTAL FM JUL 1  1074    CLOUDY (SCALE 8-10)  2
DPTR FM NORMAL    11

[CDD (BASE 65) ]
TOTAL THIS MO.     0
DPTR FM NORMAL     0    [PRESSURE DATA]
TOTAL FM JAN 1   892    HIGHEST SLP M ON M
DPTR FM NORMAL   136    LOWEST  SLP 29.57 ON  5

[REMARKS]
