000
CXUS55 KBOU 161225
CF6AKO
PRELIMINARY LOCAL CLIMATOLOGICAL DATA (WS FORM: F-6)

                                          STATION:   AKRON CO
                                          MONTH:     AUGUST
                                          YEAR:      2018
                                          LATITUDE:   40 10 N
                                          LONGITUDE: 103 13 W

  TEMPERATURE IN F:       :PCPN:    SNOW:  WIND      :SUNSHINE: SKY     :PK WND
================================================================================
1   2   3   4   5  6A  6B    7    8   9   10  11  12  13   14  15   16   17  18
                                     12Z  AVG MX 2MIN
DY MAX MIN AVG DEP HDD CDD  WTR  SNW DPTH SPD SPD DIR MIN PSBL S-S WX    SPD DR
================================================================================

 1  86  57  72  -2   0   7 0.00    M    M  8.0 16 220   M    M   1        23 230
 2  92  60  76   2   0  11 0.00    M    M 10.2 18 190   M    M   0        26 190
 3  83  62  73  -1   0   8    T    M    M 11.4 24 360   M    M   2        31 360
 4  95  59  77   3   0  12 0.04    M    M  8.1 30 280   M    M   1 3      50 290
 5  88  60  74   0   0   9    T    M    M 11.1 28 310   M    M   2        37 300
 6  81  58  70  -4   0   5 0.01    M    M  8.8 26 110   M    M   5 12     43  80
 7  87  56  72  -1   0   7 0.00    M    M  9.3 22 130   M    M   2 12     29 130
 8  86  58  72  -1   0   7 0.03    M    M  8.5 29  80   M    M   2 3      39  70
 9  89  58  74   1   0   9 0.00    M    M  7.5 14 170   M    M   1        22 100
10  88  63  76   3   0  11 0.00    M    M 12.6 22 170   M    M   1        36 110
11  89  63  76   3   0  11 0.00    M    M 13.0 22 180   M    M   0        32 170
12  85  62  74   1   0   9 0.00    M    M 16.3 24 140   M    M   0        35 170
13  89  57  73   0   0   8 0.00    M    M 13.2 23  90   M    M   0        32 140
14  82  53  68  -5   0   3 0.00    M    M  8.7 17 110   M    M   2 1      26  90
15  88  59  74   2   0   9 0.00    M    M 11.5 22 170   M    M   0        29 170
================================================================================
SM 1308  885         0 126  0.08    M    158.2          M       19
================================================================================
AV 87.2 59.0                              10.5 FASTST   M    M   1    MAX(MPH)
                                 MISC ---->  # 30 280               # 50  290
================================================================================
NOTES:
# LAST OF SEVERAL OCCURRENCES

COLUMN 17 PEAK WIND IN M.P.H.

PRELIMINARY LOCAL CLIMATOLOGICAL DATA (WS FORM: F-6) , PAGE 2

                                          STATION:  AKRON CO
                                          MONTH:    AUGUST
                                          YEAR:     2018
                                          LATITUDE:   40 10 N
                                          LONGITUDE: 103 13 W

[TEMPERATURE DATA]      [PRECIPITATION DATA]       SYMBOLS USED IN COLUMN 16

AVERAGE MONTHLY: 73.1   TOTAL FOR MONTH:   0.08    1 = FOG OR MIST
DPTR FM NORMAL:  -0.2   DPTR FM NORMAL:   -1.22    2 = FOG REDUCING VISIBILITY
HIGHEST:    95 ON  4    GRTST 24HR  0.04 ON  4- 4      TO 1/4 MILE OR LESS
LOWEST:     53 ON 14                               3 = THUNDER
                        SNOW, ICE PELLETS, HAIL    4 = ICE PELLETS
                        TOTAL MONTH:    M          5 = HAIL
                        GRTST 24HR    M  ON   M    6 = FREEZING RAIN OR DRIZZLE
                        GRTST DEPTH:  M  ON   M    7 = DUSTSTORM OR SANDSTORM:
                                                       VSBY 1/2 MILE OR LESS
                                                   8 = SMOKE OR HAZE
[NO. OF DAYS WITH]      [WEATHER - DAYS WITH]      9 = BLOWING SNOW
                                                   X = TORNADO
MAX 32 OR BELOW:   0    0.01 INCH OR MORE:   3
MAX 90 OR ABOVE:   2    0.10 INCH OR MORE:   0
MIN 32 OR BELOW:   0    0.50 INCH OR MORE:   0
MIN  0 OR BELOW:   0    1.00 INCH OR MORE:   0

[HDD (BASE 65) ]
TOTAL THIS MO.     0    CLEAR  (SCALE 0-3)  14
DPTR FM NORMAL     0    PTCLDY (SCALE 4-7)   1
TOTAL FM JUL 1     0    CLOUDY (SCALE 8-10)  0
DPTR FM NORMAL    -7

[CDD (BASE 65) ]
TOTAL THIS MO.   126
DPTR FM NORMAL    -2    [PRESSURE DATA]
TOTAL FM JAN 1   649    HIGHEST SLP M ON M
DPTR FM NORMAL    80    LOWEST  SLP 29.73 ON  4

[REMARKS]
