000
CXUS54 KCRP 171300
CF6ALI
PRELIMINARY LOCAL CLIMATOLOGICAL DATA (WS FORM: F-6)

                                          STATION:   ALICE
                                          MONTH:     DECEMBER
                                          YEAR:      2017
                                          LATITUDE:   27 44 N
                                          LONGITUDE:  98  1 W

  TEMPERATURE IN F:       :PCPN:    SNOW:  WIND      :SUNSHINE: SKY     :PK WND
================================================================================
1   2   3   4   5  6A  6B    7    8   9   10  11  12  13   14  15   16   17  18
                                     12Z  AVG MX 2MIN
DY MAX MIN AVG DEP HDD CDD  WTR  SNW DPTH SPD SPD DIR MIN PSBL S-S WX    SPD DR
================================================================================

 1  81  53  67   6   0   2 0.00  0.0    0  5.4 13 130   M    M   3 12     17 120
 2  83  50  67   6   0   2 0.00  0.0    0  5.4 15 110   M    M   5 12     21 120
 3  86  64  75  15   0  10 0.02  0.0    0  8.1 24 150   M    M   6 12     32 140
 4  88  63  76  16   0  11 0.00  0.0    0  7.9 20 160   M    M   6 12     23 160
 5  84  51  68   8   0   3    T  0.0    0  8.7 25  30   M    M   8 12     32  40
 6  52  43  48 -12  17   0 0.00    M    0 12.0 20  20   M    M  10 1      23  40
 7  43  36  40 -20  25   0    T    M    0 14.8 23 350   M    M  10 1      28 360
 8  55  32  44 -15  21   0    M    M    0  9.4 20 290   M    M   4 13     27 340
 9  68  39  54  -5  11   0 0.00  0.0    0  9.9 20 340   M    M   0        26 330
10  70  37  54  -5  11   0    M    M    0  3.5  8  70   M    M   0        11  80
11  74  39  57  -2   8   0 0.00  0.0    0  4.4 12 240   M    M   0        13 240
12  70  40  55  -3  10   0 0.00  0.0    0  8.4 21  40   M    M   0        26  40
13  66  38  52  -6  13   0 0.00  0.0    0  5.0 14 230   M    M   0        17 210
14  71  45  58   0   7   0    T    M    0  4.2 12  20   M    M   3        16  20
15  56  45  51  -7  14   0 0.16    M    0  8.1 21 360   M    M   9        27 350
16  53  47  50  -8  15   0 0.24    M    0  7.3 18 320   M    M  10 1      23 310
================================================================================
SM 1100  722       152  28  0.42     0.0 122.5          M       74
================================================================================
AV 68.8 45.1                               7.7 FASTST   M    M   5    MAX(MPH)
                                 MISC ---->  # 25  30               # 32  140
================================================================================
NOTES:
# LAST OF SEVERAL OCCURRENCES

COLUMN 17 PEAK WIND IN M.P.H.

PRELIMINARY LOCAL CLIMATOLOGICAL DATA (WS FORM: F-6) , PAGE 2

                                          STATION:  ALICE
                                          MONTH:    DECEMBER
                                          YEAR:     2017
                                          LATITUDE:   27 44 N
                                          LONGITUDE:  98  1 W

[TEMPERATURE DATA]      [PRECIPITATION DATA]       SYMBOLS USED IN COLUMN 16

AVERAGE MONTHLY: 56.9   TOTAL FOR MONTH:   0.42    1 = FOG OR MIST
DPTR FM NORMAL:  -2.3   DPTR FM NORMAL:   -0.30    2 = FOG REDUCING VISIBILITY
HIGHEST:    88 ON  4    GRTST 24HR  0.24 ON 16-16      TO 1/4 MILE OR LESS
LOWEST:     32 ON  8                               3 = THUNDER
                        SNOW, ICE PELLETS, HAIL    4 = ICE PELLETS
                        TOTAL MONTH:   0.0 INCH    5 = HAIL
                        GRTST 24HR     0.0         6 = FREEZING RAIN OR DRIZZLE
                        GRTST DEPTH:   0           7 = DUSTSTORM OR SANDSTORM:
                                                       VSBY 1/2 MILE OR LESS
                                                   8 = SMOKE OR HAZE
[NO. OF DAYS WITH]      [WEATHER - DAYS WITH]      9 = BLOWING SNOW
                                                   X = TORNADO
MAX 32 OR BELOW:   0    0.01 INCH OR MORE:   3
MAX 90 OR ABOVE:   0    0.10 INCH OR MORE:   2
MIN 32 OR BELOW:   1    0.50 INCH OR MORE:   0
MIN  0 OR BELOW:   0    1.00 INCH OR MORE:   0

[HDD (BASE 65) ]
TOTAL THIS MO.   152    CLEAR  (SCALE 0-3)   6
DPTR FM NORMAL    35    PTCLDY (SCALE 4-7)   6
TOTAL FM JUL 1   218    CLOUDY (SCALE 8-10)  4
DPTR FM NORMAL    13

[CDD (BASE 65) ]
TOTAL THIS MO.    28
DPTR FM NORMAL     2    [PRESSURE DATA]
TOTAL FM JAN 1  4148    HIGHEST SLP M ON M
DPTR FM NORMAL   464    LOWEST  SLP 29.84 ON  4

[REMARKS]
