000
CXUS53 KDMX 190920
CF6ALO
PRELIMINARY LOCAL CLIMATOLOGICAL DATA (WS FORM: F-6)

                                          STATION:   WATERLOO IA
                                          MONTH:     OCTOBER
                                          YEAR:      2018
                                          LATITUDE:   42 32 N
                                          LONGITUDE:  92 24 W

  TEMPERATURE IN F:       :PCPN:    SNOW:  WIND      :SUNSHINE: SKY     :PK WND
================================================================================
1   2   3   4   5  6A  6B    7    8   9   10  11  12  13   14  15   16   17  18
                                     12Z  AVG MX 2MIN
DY MAX MIN AVG DEP HDD CDD  WTR  SNW DPTH SPD SPD DIR MIN PSBL S-S WX    SPD DR
================================================================================

 1  54  47  51  -5  14   0 2.03  0.0    0  8.0 15 110   M    M  10 13     18 110
 2  59  47  53  -3  12   0 0.00  0.0    0  6.2 14 140   M    M  10 1      18 150
 3  85  47  66  11   0   1 0.21  0.0    0 18.1 32 320   M    M   4 13     50 310
 4  56  37  47  -8  18   0    T  0.0    0 12.7 23 320   M    M   3        32 310
 5  56  46  51  -3  14   0 0.07  0.0    0  4.9 21 110   M    M  10 13     29 110
 6  52  45  49  -5  16   0 0.07  0.0    0  9.4 18 350   M    M   9 1      23 350
 7  54  47  51  -3  14   0 0.58  0.0    0 10.4 20  90   M    M  10 1      25  80
 8  69  52  61   8   4   0 1.10  0.0    0  5.9 20 170   M    M   8 13     27 170
 9  73  62  68  15   0   3 1.24  0.0    0  5.7 20 230   M    M   9 13     26 140
10  68  37  53   1  12   0 0.01  0.0    0 15.8 26 270   M    M   8        39 250
11  44  31  38 -14  27   0 0.00  0.0    0 13.4 28 310   M    M   9        40 300
12  47  31  39 -13  26   0 0.00  0.0    0  5.1 14 260   M    M   6        20 240
13  52  39  46  -5  19   0 0.00  0.0    0 11.5 22 180   M    M   9        32 180
14  47  32  40 -11  25   0 0.11  0.1    0 10.2 20 340   M    M   9 1      26 360
15  47  30  39 -12  26   0 0.00  0.0    0  9.5 18 260   M    M   2        28 310
16  62  34  48  -2  17   0 0.00  0.0    0 11.8 21 270   M    M   1        30 300
17  51  28  40 -10  25   0 0.00  0.0    0  7.6 18 330   M    M   0        24 330
18  65  27  46  -4  19   0 0.00  0.0    0  9.1 20 210   M    M   0 1      25 200
================================================================================
SM 1041  719       288   4  5.42     0.1 175.3          M      117
================================================================================
AV 57.8 39.9                               9.7 FASTST   M    M   7    MAX(MPH)
                                 MISC ---->  # 32 320               # 50  310
================================================================================
NOTES:
# LAST OF SEVERAL OCCURRENCES

COLUMN 17 PEAK WIND IN M.P.H.

PRELIMINARY LOCAL CLIMATOLOGICAL DATA (WS FORM: F-6) , PAGE 2

                                          STATION:  WATERLOO IA
                                          MONTH:    OCTOBER
                                          YEAR:     2018
                                          LATITUDE:   42 32 N
                                          LONGITUDE:  92 24 W

[TEMPERATURE DATA]      [PRECIPITATION DATA]       SYMBOLS USED IN COLUMN 16

AVERAGE MONTHLY: 48.9   TOTAL FOR MONTH:   5.42    1 = FOG OR MIST
DPTR FM NORMAL:  -3.8   DPTR FM NORMAL:    3.94    2 = FOG REDUCING VISIBILITY
HIGHEST:    85 ON  3    GRTST 24HR  2.03 ON  1- 1      TO 1/4 MILE OR LESS
LOWEST:     27 ON 18                               3 = THUNDER
                        SNOW, ICE PELLETS, HAIL    4 = ICE PELLETS
                        TOTAL MONTH:   0.1 INCH    5 = HAIL
                        GRTST 24HR   0.1 ON 14-14  6 = FREEZING RAIN OR DRIZZLE
                        GRTST DEPTH:   0           7 = DUSTSTORM OR SANDSTORM:
                                                       VSBY 1/2 MILE OR LESS
                                                   8 = SMOKE OR HAZE
[NO. OF DAYS WITH]      [WEATHER - DAYS WITH]      9 = BLOWING SNOW
                                                   X = TORNADO
MAX 32 OR BELOW:   0    0.01 INCH OR MORE:   9
MAX 90 OR ABOVE:   0    0.10 INCH OR MORE:   6
MIN 32 OR BELOW:   6    0.50 INCH OR MORE:   4
MIN  0 OR BELOW:   0    1.00 INCH OR MORE:   3

[HDD (BASE 65) ]
TOTAL THIS MO.   288    CLEAR  (SCALE 0-3)   5
DPTR FM NORMAL    58    PTCLDY (SCALE 4-7)   2
TOTAL FM JUL 1   428    CLOUDY (SCALE 8-10) 11
DPTR FM NORMAL    40

[CDD (BASE 65) ]
TOTAL THIS MO.     4
DPTR FM NORMAL    -4    [PRESSURE DATA]
TOTAL FM JAN 1   890    HIGHEST SLP M ON M
DPTR FM NORMAL    92    LOWEST  SLP 29.53 ON  3

[REMARKS]
