000
CXUS55 KPUB 161059
CF6ALS
PRELIMINARY LOCAL CLIMATOLOGICAL DATA (WS FORM: F-6)

                                          STATION:   ALAMOSA CO
                                          MONTH:     OCTOBER
                                          YEAR:      2018
                                          LATITUDE:   37 27 N
                                          LONGITUDE: 105 52 W

  TEMPERATURE IN F:       :PCPN:    SNOW:  WIND      :SUNSHINE: SKY     :PK WND
================================================================================
1   2   3   4   5  6A  6B    7    8   9   10  11  12  13   14  15   16   17  18
                                     12Z  AVG MX 2MIN
DY MAX MIN AVG DEP HDD CDD  WTR  SNW DPTH SPD SPD DIR MIN PSBL S-S WX    SPD DR
================================================================================

 1  72  45  59  10   6   0 0.02  0.0    0  4.7 23 250   M    M   7        31 220
 2  75  49  62  14   3   0 0.10  0.0    0  9.6 30 230   M    M   8 1      37 230
 3  76  45  61  13   4   0 0.00  0.0    0  7.0 15 230   M    M   1        20 240
 4  68  35  52   4  13   0 0.03  0.0    0 13.8 41 240   M    M   2 8      55 240
 5  69  29  49   2  16   0 0.00  0.0    0  9.5 24 230   M    M   0        35 210
 6  67  26  47   0  18   0 0.00  0.0    0 10.5 29 220   M    M   1        36 220
 7  64  40  52   5  13   0 0.01  0.0    0 15.8 35 220   M    M   4        49 190
 8  56  33  45  -1  20   0    T  0.0    0 11.4 25 200   M    M   7        34 190
 9  52  26  39  -7  26   0 0.00  0.0    0  7.3 21 200   M    M   6        26 200
10  57  33  45   0  20   0    T  0.0    0 15.3 33 280   M    M   4 8      45 260
11  59  30  45   0  20   0 0.00  0.0    0 13.8 32 200   M    M   7        43 220
12  60  28  44  -1  21   0 0.00  0.0    0  4.5 10 210   M    M   1        15 190
13  64  19  42  -2  23   0 0.00  0.0    0  6.5 25 250   M    M   0        33 240
14  49  15  32 -12  33   0    T  0.0    0 11.3 26 120   M    M   4        36 120
15  48   8  28 -16  37   0 0.00  0.0    0  3.6 13 150   M    M   2        19 150
================================================================================
SM  936  461       273   0  0.16     0.0 144.6          M       54
================================================================================
AV 62.4 30.7                               9.6 FASTST   M    M   4    MAX(MPH)
                                 MISC ---->  # 41 240               # 55  240
================================================================================
NOTES:
# LAST OF SEVERAL OCCURRENCES

COLUMN 17 PEAK WIND IN M.P.H.

PRELIMINARY LOCAL CLIMATOLOGICAL DATA (WS FORM: F-6) , PAGE 2

                                          STATION:  ALAMOSA CO
                                          MONTH:    OCTOBER
                                          YEAR:     2018
                                          LATITUDE:   37 27 N
                                          LONGITUDE: 105 52 W

[TEMPERATURE DATA]      [PRECIPITATION DATA]       SYMBOLS USED IN COLUMN 16

AVERAGE MONTHLY: 46.6   TOTAL FOR MONTH:   0.16    1 = FOG OR MIST
DPTR FM NORMAL:   0.4   DPTR FM NORMAL:   -0.17    2 = FOG REDUCING VISIBILITY
HIGHEST:    76 ON  3    GRTST 24HR  0.10 ON  2- 2      TO 1/4 MILE OR LESS
LOWEST:      8 ON 15                               3 = THUNDER
                        SNOW, ICE PELLETS, HAIL    4 = ICE PELLETS
                        TOTAL MONTH:   0.0 INCH    5 = HAIL
                        GRTST 24HR     0.0         6 = FREEZING RAIN OR DRIZZLE
                        GRTST DEPTH:   0           7 = DUSTSTORM OR SANDSTORM:
                                                       VSBY 1/2 MILE OR LESS
                                                   8 = SMOKE OR HAZE
[NO. OF DAYS WITH]      [WEATHER - DAYS WITH]      9 = BLOWING SNOW
                                                   X = TORNADO
MAX 32 OR BELOW:   0    0.01 INCH OR MORE:   4
MAX 90 OR ABOVE:   0    0.10 INCH OR MORE:   1
MIN 32 OR BELOW:   8    0.50 INCH OR MORE:   0
MIN  0 OR BELOW:   0    1.00 INCH OR MORE:   0

[HDD (BASE 65) ]
TOTAL THIS MO.   273    CLEAR  (SCALE 0-3)   7
DPTR FM NORMAL    -8    PTCLDY (SCALE 4-7)   8
TOTAL FM JUL 1   560    CLOUDY (SCALE 8-10)  0
DPTR FM NORMAL  -152

[CDD (BASE 65) ]
TOTAL THIS MO.     0
DPTR FM NORMAL     0    [PRESSURE DATA]
TOTAL FM JAN 1   104    HIGHEST SLP M ON M
DPTR FM NORMAL    53    LOWEST  SLP 29.56 ON  7

[REMARKS]
