000
CXUS53 KDMX 170920
CF6AMW
PRELIMINARY LOCAL CLIMATOLOGICAL DATA (WS FORM: F-6)

                                          STATION:   AMES IA
                                          MONTH:     OCTOBER
                                          YEAR:      2018
                                          LATITUDE:   41 59 N
                                          LONGITUDE:  93 37 W

  TEMPERATURE IN F:       :PCPN:    SNOW:  WIND      :SUNSHINE: SKY     :PK WND
================================================================================
1   2   3   4   5  6A  6B    7    8   9   10  11  12  13   14  15   16   17  18
                                     12Z  AVG MX 2MIN
DY MAX MIN AVG DEP HDD CDD  WTR  SNW DPTH SPD SPD DIR MIN PSBL S-S WX    SPD DR
================================================================================

 1  56  49  53  -4  12   0 0.65  0.0    0  7.0 14 340   M    M   8 13     18 320
 2  61  49  55  -1  10   0    T  0.0    0  5.7 13 150   M    M   9 1      18 130
 3  87  48  68  12   0   3 0.00  0.0    0 17.8 36 330   M    M   3        52 330
 4  58  37  48  -8  17   0    T  0.0    0 11.9 25 350   M    M   2        35 360
 5  57  49  53  -2  12   0 0.32  0.0    0  4.0 14 140   M    M  10 13     21 150
 6  54  47  51  -4  14   0 0.10  0.0    0 11.1 20 340   M    M  10 1      25 330
 7  56  46  51  -3  14   0 0.92  0.0    0  7.2 13  60   M    M  10 1      19  60
 8  71  53  62   8   3   0 0.69  0.0    0  5.4 16 250   M    M  10 123    21 270
 9  70  59  65  11   0   0 0.45  0.0    0  7.6 21 140   M    M   8 1      29 140
10  68  40  54   1  11   0    T  0.0    0 16.0 28 270   M    M  10        39 260
11  47  34  41 -12  24   0 0.00  0.0    0 11.8 23 290   M    M   7        32 290
12  45  34  40 -12  25   0    T    M    0  4.5 10 270   M    M   9 1      14 230
13  54  42  48  -4  17   0 0.00  0.0    0 10.5 21 180   M    M   7        29 170
14  47  33  40 -12  25   0 0.14    M    0  9.4 24 340   M    M   8 1      32 340
15  48  32  40 -11  25   0 0.00  0.0    M  9.8 18 260   M    M   3        25 310
16  65  33  49  -2  16   0 0.00  0.0    0 10.6 23 310   M    M   1        31 310
================================================================================
SM  944  685       225   3  3.27     0.0 150.3          M      115
================================================================================
AV 59.0 42.8                               9.4 FASTST   M    M   7    MAX(MPH)
                                 MISC ---->  # 36 330               # 52  330
================================================================================
NOTES:
# LAST OF SEVERAL OCCURRENCES

COLUMN 17 PEAK WIND IN M.P.H.

PRELIMINARY LOCAL CLIMATOLOGICAL DATA (WS FORM: F-6) , PAGE 2

                                          STATION:  AMES IA
                                          MONTH:    OCTOBER
                                          YEAR:     2018
                                          LATITUDE:   41 59 N
                                          LONGITUDE:  93 37 W

[TEMPERATURE DATA]      [PRECIPITATION DATA]       SYMBOLS USED IN COLUMN 16

AVERAGE MONTHLY: 50.9   TOTAL FOR MONTH:   3.27    1 = FOG OR MIST
DPTR FM NORMAL:  -2.9   DPTR FM NORMAL:    2.01    2 = FOG REDUCING VISIBILITY
HIGHEST:    87 ON  3    GRTST 24HR  0.92 ON  7- 7      TO 1/4 MILE OR LESS
LOWEST:     32 ON 15                               3 = THUNDER
                        SNOW, ICE PELLETS, HAIL    4 = ICE PELLETS
                        TOTAL MONTH:   0.0 INCH    5 = HAIL
                        GRTST 24HR     0.0         6 = FREEZING RAIN OR DRIZZLE
                        GRTST DEPTH:   0           7 = DUSTSTORM OR SANDSTORM:
                                                       VSBY 1/2 MILE OR LESS
                                                   8 = SMOKE OR HAZE
[NO. OF DAYS WITH]      [WEATHER - DAYS WITH]      9 = BLOWING SNOW
                                                   X = TORNADO
MAX 32 OR BELOW:   0    0.01 INCH OR MORE:   7
MAX 90 OR ABOVE:   0    0.10 INCH OR MORE:   7
MIN 32 OR BELOW:   1    0.50 INCH OR MORE:   3
MIN  0 OR BELOW:   0    1.00 INCH OR MORE:   0

[HDD (BASE 65) ]
TOTAL THIS MO.   225    CLEAR  (SCALE 0-3)   4
DPTR FM NORMAL    36    PTCLDY (SCALE 4-7)   5
TOTAL FM JUL 1   334    CLOUDY (SCALE 8-10)  7
DPTR FM NORMAL     1

[CDD (BASE 65) ]
TOTAL THIS MO.     3
DPTR FM NORMAL    -7    [PRESSURE DATA]
TOTAL FM JAN 1  1106    HIGHEST SLP M ON M
DPTR FM NORMAL   354    LOWEST  SLP 29.53 ON  3

[REMARKS]
