000
CXUS54 KBMX 181110
CF6ANB
PRELIMINARY LOCAL CLIMATOLOGICAL DATA (WS FORM: F-6)

                                          STATION:   ANNISTON
                                          MONTH:     JULY
                                          YEAR:      2018
                                          LATITUDE:   33 35 N
                                          LONGITUDE:  85 51 W

  TEMPERATURE IN F:       :PCPN:    SNOW:  WIND      :SUNSHINE: SKY     :PK WND
================================================================================
1   2   3   4   5  6A  6B    7    8   9   10  11  12  13   14  15   16   17  18
                                     12Z  AVG MX 2MIN
DY MAX MIN AVG DEP HDD CDD  WTR  SNW DPTH SPD SPD DIR MIN PSBL S-S WX    SPD DR
================================================================================

 1  91  72  82   3   0  17 0.09  0.0    0  4.4 14 120   M    M   2 138    19 120
 2  89  74  82   3   0  17 0.07  0.0    0  3.0 18 120   M    M   6 13     25 120
 3  92  74  83   3   0  18 0.00  0.0    0  4.1 10 120   M    M   1        16 110
 4  91  71  81   1   0  16 0.76  0.0    0  4.6 17 150   M    M   2 13     27 150
 5  90  72  81   1   0  16 0.19  0.0    0  4.2 18 360   M    M   2 3      21 360
 6  91  70  81   1   0  16 0.82  0.0    0  4.0 25 240   M    M   3 13     30 240
 7  89  69  79  -1   0  14 0.02  0.0    0  5.1 15  60   M    M   4 3      20  70
 8  84  72  78  -2   0  13 0.00  0.0    0  6.3 14  70   M    M   7        18  60
 9  90  71  81   1   0  16 0.00  0.0    0  3.7 12 360   M    M   1        13  10
10  92  68  80   0   0  15 0.00  0.0    0  2.8 10 340   M    M   1        14 350
11  94  71  83   3   0  18 0.00  0.0    0  2.7  9 230   M    M   3 1      14 350
12  95  73  84   4   0  19 0.00  0.0    0  3.0 15 360   M    M   1 13     20 360
13  89  72  81   1   0  16    T  0.0    0  3.5 20 270   M    M   2 13     25 270
14  91  74  83   3   0  18 0.01  0.0    0  3.8 12  30   M    M   3 3      16  30
15  91  73  82   2   0  17 0.00  0.0    0  3.4 12 230   M    M   3 3      17 230
16  87  71  79  -1   0  14 0.00  0.0    0  4.5 13 230   M    M   3        16 230
17  90  73  82   2   0  17 0.00  0.0    0  4.0 14 230   M    M   4 3      17 220
================================================================================
SM 1536 1220         0 277  1.96     0.0  67.1          M       48
================================================================================
AV 90.4 71.8                               3.9 FASTST   M    M   3    MAX(MPH)
                                 MISC ---->  # 25 240               # 30  240
================================================================================
NOTES:
# LAST OF SEVERAL OCCURRENCES

COLUMN 17 PEAK WIND IN M.P.H.

PRELIMINARY LOCAL CLIMATOLOGICAL DATA (WS FORM: F-6) , PAGE 2

                                          STATION:  ANNISTON
                                          MONTH:    JULY
                                          YEAR:     2018
                                          LATITUDE:   33 35 N
                                          LONGITUDE:  85 51 W

[TEMPERATURE DATA]      [PRECIPITATION DATA]       SYMBOLS USED IN COLUMN 16

AVERAGE MONTHLY: 81.1   TOTAL FOR MONTH:   1.96    1 = FOG OR MIST
DPTR FM NORMAL:   1.2   DPTR FM NORMAL:   -0.60    2 = FOG REDUCING VISIBILITY
HIGHEST:    95 ON 12    GRTST 24HR  0.82 ON  6- 6      TO 1/4 MILE OR LESS
LOWEST:     68 ON 10                               3 = THUNDER
                        SNOW, ICE PELLETS, HAIL    4 = ICE PELLETS
                        TOTAL MONTH:   0.0 INCH    5 = HAIL
                        GRTST 24HR     0.0         6 = FREEZING RAIN OR DRIZZLE
                        GRTST DEPTH:   0           7 = DUSTSTORM OR SANDSTORM:
                                                       VSBY 1/2 MILE OR LESS
                                                   8 = SMOKE OR HAZE
[NO. OF DAYS WITH]      [WEATHER - DAYS WITH]      9 = BLOWING SNOW
                                                   X = TORNADO
MAX 32 OR BELOW:   0    0.01 INCH OR MORE:   7
MAX 90 OR ABOVE:  12    0.10 INCH OR MORE:   3
MIN 32 OR BELOW:   0    0.50 INCH OR MORE:   2
MIN  0 OR BELOW:   0    1.00 INCH OR MORE:   0

[HDD (BASE 65) ]
TOTAL THIS MO.     0    CLEAR  (SCALE 0-3)  13
DPTR FM NORMAL     0    PTCLDY (SCALE 4-7)   4
TOTAL FM JUL 1     0    CLOUDY (SCALE 8-10)  0
DPTR FM NORMAL     0

[CDD (BASE 65) ]
TOTAL THIS MO.   277
DPTR FM NORMAL    25    [PRESSURE DATA]
TOTAL FM JAN 1  1038    HIGHEST SLP M ON M
DPTR FM NORMAL   187    LOWEST  SLP 29.95 ON M

[REMARKS]
