000
CXUS54 KBMX 171110
CF6ANB
PRELIMINARY LOCAL CLIMATOLOGICAL DATA (WS FORM: F-6)

                                          STATION:   ANNISTON
                                          MONTH:     OCTOBER
                                          YEAR:      2018
                                          LATITUDE:   33 35 N
                                          LONGITUDE:  85 51 W

  TEMPERATURE IN F:       :PCPN:    SNOW:  WIND      :SUNSHINE: SKY     :PK WND
================================================================================
1   2   3   4   5  6A  6B    7    8   9   10  11  12  13   14  15   16   17  18
                                     12Z  AVG MX 2MIN
DY MAX MIN AVG DEP HDD CDD  WTR  SNW DPTH SPD SPD DIR MIN PSBL S-S WX    SPD DR
================================================================================

 1  86  70  78  10   0  13 0.00  0.0    0  5.4 12 140   M    M   4        17 120
 2  87  67  77   9   0  12 0.00  0.0    0  2.6  9  50   M    M   1        10  50
 3  88  66  77  10   0  12 0.00  0.0    0  2.1  9 100   M    M   1        12  70
 4  91  65  78  11   0  13 0.00  0.0    0  1.1  9 360   M    M   0        11 360
 5  91  66  79  12   0  14 0.00  0.0    0  1.5  7 360   M    M   1        11 320
 6  91  67  79  13   0  14 0.00  0.0    0  1.5  7 140   M    M   2        10 170
 7  88  67  78  12   0  13 0.00  0.0    0  4.4 15  80   M    M   2 1      24  90
 8  88  68  78  12   0  13 0.00  0.0    0  7.0 16 120   M    M   1        22 100
 9  83  73  78  13   0  13 0.01  0.0    0 10.0 20  90   M    M   5 1      32  70
10  81  73  77  12   0  12 0.78  0.0    0  7.7 16  20   M    M   9 1      23  10
11  79  59  69   4   0   4 0.00  0.0    0  7.6 16 320   M    M   4        24 310
12  73  51  62  -2   3   0 0.00  0.0    0  4.8 13  20   M    M   1        20  20
13  76  53  65   1   0   0 0.00  0.0    0  3.3 10  30   M    M   3        13  30
14  84  60  72   8   0   7 0.00  0.0    0  6.5 13 210   M    M   2        17 210
15  83  64  74  11   0   9 0.00  0.0    0  3.3 13 230   M    M   2        16 250
16  74  64  69   6   0   4 0.12  0.0    0  5.8 15 360   M    M   8 1      18 360
================================================================================
SM 1343 1033         3 153  0.91     0.0  74.6          M       46
================================================================================
AV 83.9 64.6                               4.7 FASTST   M    M   3    MAX(MPH)
                                 MISC ---->  # 20  90               # 32   70
================================================================================
NOTES:
# LAST OF SEVERAL OCCURRENCES

COLUMN 17 PEAK WIND IN M.P.H.

PRELIMINARY LOCAL CLIMATOLOGICAL DATA (WS FORM: F-6) , PAGE 2

                                          STATION:  ANNISTON
                                          MONTH:    OCTOBER
                                          YEAR:     2018
                                          LATITUDE:   33 35 N
                                          LONGITUDE:  85 51 W

[TEMPERATURE DATA]      [PRECIPITATION DATA]       SYMBOLS USED IN COLUMN 16

AVERAGE MONTHLY: 74.3   TOTAL FOR MONTH:   0.91    1 = FOG OR MIST
DPTR FM NORMAL:   8.8   DPTR FM NORMAL:   -0.64    2 = FOG REDUCING VISIBILITY
HIGHEST:    91 ON  6, 5 GRTST 24HR  0.78 ON 10-10      TO 1/4 MILE OR LESS
LOWEST:     51 ON 12                               3 = THUNDER
                        SNOW, ICE PELLETS, HAIL    4 = ICE PELLETS
                        TOTAL MONTH:   0.0 INCH    5 = HAIL
                        GRTST 24HR     0.0         6 = FREEZING RAIN OR DRIZZLE
                        GRTST DEPTH:   0           7 = DUSTSTORM OR SANDSTORM:
                                                       VSBY 1/2 MILE OR LESS
                                                   8 = SMOKE OR HAZE
[NO. OF DAYS WITH]      [WEATHER - DAYS WITH]      9 = BLOWING SNOW
                                                   X = TORNADO
MAX 32 OR BELOW:   0    0.01 INCH OR MORE:   3
MAX 90 OR ABOVE:   3    0.10 INCH OR MORE:   2
MIN 32 OR BELOW:   0    0.50 INCH OR MORE:   1
MIN  0 OR BELOW:   0    1.00 INCH OR MORE:   0

[HDD (BASE 65) ]
TOTAL THIS MO.     3    CLEAR  (SCALE 0-3)  10
DPTR FM NORMAL   -40    PTCLDY (SCALE 4-7)   4
TOTAL FM JUL 1     3    CLOUDY (SCALE 8-10)  2
DPTR FM NORMAL   -51

[CDD (BASE 65) ]
TOTAL THIS MO.   153
DPTR FM NORMAL   103    [PRESSURE DATA]
TOTAL FM JAN 1  2306    HIGHEST SLP M ON M
DPTR FM NORMAL   473    LOWEST  SLP 29.70 ON 10

[REMARKS]
