000
CXAK56 PAFC 221320
CF6ANC
PRELIMINARY LOCAL CLIMATOLOGICAL DATA (WS FORM: F-6)

                                          STATION:   ANCHORAGE AK
                                          MONTH:     JULY
                                          YEAR:      2018
                                          LATITUDE:   61 10 N
                                          LONGITUDE: 150  2 W

  TEMPERATURE IN F:       :PCPN:    SNOW:  WIND      :SUNSHINE: SKY     :PK WND
================================================================================
1   2   3   4   5  6A  6B    7    8   9   10  11  12  13   14  15   16   17  18
                                     12Z  AVG MX 2MIN
DY MAX MIN AVG DEP HDD CDD  WTR  SNW DPTH SPD SPD DIR MIN PSBL S-S WX    SPD DR
================================================================================

 1  71  47  59   1   6   0 0.00  0.0    0  4.5  8 300   M    M   6         M  M
 2  76  52  64   6   1   0 0.00  0.0    0  5.7 10 270   M    M   4         M  M
 3  80  54  67   9   0   2 0.00  0.0    0  4.7 10 230   M    M   3        14 320
 4  72  55  64   6   1   0 0.00  0.0    0  4.7 13 250   M    M   8        18 200
 5  75  55  65   7   0   0 0.00  0.0    0  4.7 12 260   M    M   7         M  M
 6  80  57  69  11   0   4 0.00  0.0    0  4.8 17 160   M    M   3        24 170
 7  76  62  69  11   0   4 0.00  0.0    0 14.0 24 150   M    M   4        39 150
 8  64  58  61   3   4   0    T  0.0    0 20.4 28 160   M    M  10        44 130
 9  64  54  59   0   6   0    T  0.0    0 13.7 23 150   M    M   9        37 150
10  60  52  56  -3   9   0 0.17  0.0    0  7.1 18 140   M    M  10        27 140
11  60  52  56  -3   9   0 0.33  0.0    0  7.5 15 160   M    M   8 1      21 170
12  66  50  58  -1   7   0 0.00  0.0    0  5.1  9 290   M    M   7         M  M
13  66  52  59   0   6   0 0.02  0.0    0  8.9 24 140   M    M   8        35 130
14  64  51  58  -1   7   0 0.03  0.0    0  5.9 16 150   M    M   9         M  M
15  66  50  58  -1   7   0 0.01  0.0    0  4.3 10 290   M    M   7         M  M
16  69  51  60   1   5   0 0.05  0.0    0  8.3 15 150   M    M   7        24 160
17  69  53  61   2   4   0 0.02  0.0    0  6.9 10 280   M    M   6         M  M
18  70  48  59   0   6   0 0.00  0.0    0  4.4 12 300   M    M   5        16 330
19  68  50  59   0   6   0 0.00  0.0    0  5.5 12 300   M    M   3        19 340
20  65  49  57  -2   8   0 0.00  0.0    0  2.6  8 250   M    M   6        15 340
21  74  51  63   4   2   0 0.00  0.0    0  4.8 10 250   M    M   6        16 300
================================================================================
SM 1455 1103        94  10  0.63     0.0 148.5          M      136
================================================================================
AV 69.3 52.5                               7.1 FASTST   M    M   6    MAX(MPH)
                                 MISC ---->  # 28 160               # 44  130
================================================================================
NOTES:
# LAST OF SEVERAL OCCURRENCES

COLUMN 17 PEAK WIND IN M.P.H.

PRELIMINARY LOCAL CLIMATOLOGICAL DATA (WS FORM: F-6) , PAGE 2

                                          STATION:  ANCHORAGE AK
                                          MONTH:    JULY
                                          YEAR:     2018
                                          LATITUDE:   61 10 N
                                          LONGITUDE: 150  2 W

[TEMPERATURE DATA]      [PRECIPITATION DATA]       SYMBOLS USED IN COLUMN 16

AVERAGE MONTHLY: 60.9   TOTAL FOR MONTH:   0.63    1 = FOG OR MIST
DPTR FM NORMAL:   2.3   DPTR FM NORMAL:   -0.49    2 = FOG REDUCING VISIBILITY
HIGHEST:    80 ON  6, 3 GRTST 24HR  0.33 ON 11-11      TO 1/4 MILE OR LESS
LOWEST:     47 ON  1                               3 = THUNDER
                        SNOW, ICE PELLETS, HAIL    4 = ICE PELLETS
                        TOTAL MONTH:   0.0 INCH    5 = HAIL
                        GRTST 24HR     0.0         6 = FREEZING RAIN OR DRIZZLE
                        GRTST DEPTH:   0           7 = DUSTSTORM OR SANDSTORM:
                                                       VSBY 1/2 MILE OR LESS
                                                   8 = SMOKE OR HAZE
[NO. OF DAYS WITH]      [WEATHER - DAYS WITH]      9 = BLOWING SNOW
                                                   X = TORNADO
MAX 32 OR BELOW:   0    0.01 INCH OR MORE:   7
MAX 90 OR ABOVE:   0    0.10 INCH OR MORE:   2
MIN 32 OR BELOW:   0    0.50 INCH OR MORE:   0
MIN  0 OR BELOW:   0    1.00 INCH OR MORE:   0

[HDD (BASE 65) ]
TOTAL THIS MO.    94    CLEAR  (SCALE 0-3)   2
DPTR FM NORMAL   -41    PTCLDY (SCALE 4-7)  14
TOTAL FM JUL 1    94    CLOUDY (SCALE 8-10)  5
DPTR FM NORMAL   -41

[CDD (BASE 65) ]
TOTAL THIS MO.    10
DPTR FM NORMAL    10    [PRESSURE DATA]
TOTAL FM JAN 1    10    HIGHEST SLP M ON M
DPTR FM NORMAL    10    LOWEST  SLP 29.57 ON  8

[REMARKS]
