140
CXUS52 KGSP 180817
CF6AND
PRELIMINARY LOCAL CLIMATOLOGICAL DATA (WS FORM: F-6)

                                          STATION:   ANDERSON SC
                                          MONTH:     OCTOBER
                                          YEAR:      2018
                                          LATITUDE:   34 30 N
                                          LONGITUDE:  82 43 W

  TEMPERATURE IN F:       :PCPN:    SNOW:  WIND      :SUNSHINE: SKY     :PK WND
================================================================================
1   2   3   4   5  6A  6B    7    8   9   10  11  12  13   14  15   16   17  18
                                     12Z  AVG MX 2MIN
DY MAX MIN AVG DEP HDD CDD  WTR  SNW DPTH SPD SPD DIR MIN PSBL S-S WX    SPD DR
================================================================================

 1  84  64  74   8   0   9 0.00    M    M  3.7 12 110   M    M   1        15 120
 2  85  62  74   8   0   9 0.00    M    M  1.6  8 240   M    M   1        11 320
 3  87  63  75   9   0  10 0.00    M    M  1.7 12 240   M    M   1        13 250
 4  90  65  78  13   0  13 0.00    M    M  2.3 12 230   M    M   0        18 260
 5  92  66  79  14   0  14 0.00    M    M  1.8  9 220   M    M   1        12 310
 6  92  68  80  15   0  15 0.00    M    M  3.5 12 120   M    M   2        16 140
 7  89  69  79  15   0  14 0.00    M    M  5.7 14  80   M    M   2 1      18  70
 8  86  71  79  15   0  14 0.18    M    M  8.0 23 140   M    M   4 13     31 150
 9  82  69  76  12   0  11    T    M    M 10.8 17  70   M    M   7        22  60
10  85  71  78  15   0  13 0.43    M    M  9.4 21  70   M    M   9 1      29  70
11  88  59  74  11   0   9 1.70    M    M 13.3 28 340   M    M   5 1      37 330
12  74  51  63   1   2   0 0.00    M    M  3.0  9 210   M    M   0        16 170
13  75  55  65   3   0   0 0.00    M    M  5.1 12 300   M    M   2        16 320
14  75  57  66   4   0   1    T    M    M  6.4 13  70   M    M   5        14  70
15  81  59  70   8   0   5 0.00    M    M  3.2 12 250   M    M   4        20 240
16  83  64  74  13   0   9 0.00    M    M  4.0 13 340   M    M   5 1      17 330
17  79  56  68   7   0   3    T    M    M  5.5 13 250   M    M   3        16 270
================================================================================
SM 1427 1069         2 149  2.31    M     89.0          M       52
================================================================================
AV 83.9 62.9                               5.2 FASTST   M    M   3    MAX(MPH)
                                 MISC ---->  # 28 340               # 37  330
================================================================================
NOTES:
# LAST OF SEVERAL OCCURRENCES

COLUMN 17 PEAK WIND IN M.P.H.

PRELIMINARY LOCAL CLIMATOLOGICAL DATA (WS FORM: F-6) , PAGE 2

                                          STATION:  ANDERSON SC
                                          MONTH:    OCTOBER
                                          YEAR:     2018
                                          LATITUDE:   34 30 N
                                          LONGITUDE:  82 43 W

[TEMPERATURE DATA]      [PRECIPITATION DATA]       SYMBOLS USED IN COLUMN 16

AVERAGE MONTHLY: 73.4   TOTAL FOR MONTH:   2.31    1 = FOG OR MIST
DPTR FM NORMAL:   9.8   DPTR FM NORMAL:    0.53    2 = FOG REDUCING VISIBILITY
HIGHEST:    92 ON  6, 5 GRTST 24HR  1.70 ON 11-11      TO 1/4 MILE OR LESS
LOWEST:     51 ON 12                               3 = THUNDER
                        SNOW, ICE PELLETS, HAIL    4 = ICE PELLETS
                        TOTAL MONTH:    M          5 = HAIL
                        GRTST 24HR    M  ON   M    6 = FREEZING RAIN OR DRIZZLE
                        GRTST DEPTH:  M  ON   M    7 = DUSTSTORM OR SANDSTORM:
                                                       VSBY 1/2 MILE OR LESS
                                                   8 = SMOKE OR HAZE
[NO. OF DAYS WITH]      [WEATHER - DAYS WITH]      9 = BLOWING SNOW
                                                   X = TORNADO
MAX 32 OR BELOW:   0    0.01 INCH OR MORE:   3
MAX 90 OR ABOVE:   3    0.10 INCH OR MORE:   3
MIN 32 OR BELOW:   0    0.50 INCH OR MORE:   1
MIN  0 OR BELOW:   0    1.00 INCH OR MORE:   1

[HDD (BASE 65) ]
TOTAL THIS MO.     2    CLEAR  (SCALE 0-3)  10
DPTR FM NORMAL   -57    PTCLDY (SCALE 4-7)   6
TOTAL FM JUL 1     2    CLOUDY (SCALE 8-10)  1
DPTR FM NORMAL   -72

[CDD (BASE 65) ]
TOTAL THIS MO.   149
DPTR FM NORMAL   115    [PRESSURE DATA]
TOTAL FM JAN 1  2202    HIGHEST SLP M ON M
DPTR FM NORMAL   549    LOWEST  SLP 29.36 ON 11

[REMARKS]
