000
CXUS53 KAPX 210631
CF6ANJ
PRELIMINARY LOCAL CLIMATOLOGICAL DATA (WS FORM: F-6)

                                          STATION:   SAULT STE MARIE MI
                                          MONTH:     OCTOBER
                                          YEAR:      2018
                                          LATITUDE:   46 28 N
                                          LONGITUDE:  84 21 W

  TEMPERATURE IN F:       :PCPN:    SNOW:  WIND      :SUNSHINE: SKY     :PK WND
================================================================================
1   2   3   4   5  6A  6B    7    8   9   10  11  12  13   14  15   16   17  18
                                     12Z  AVG MX 2MIN
DY MAX MIN AVG DEP HDD CDD  WTR  SNW DPTH SPD SPD DIR MIN PSBL S-S WX    SPD DR
================================================================================

 1  56  40  48  -3  17   0 0.10  0.0    0  4.3 10 130   M    M   4 1      15 120
 2  59  42  51   0  14   0 0.00  0.0    0  4.6  9 260   M    M   3        13  50
 3  70  42  56   6   9   0 1.84  0.0    0  8.7 25 240   M    M   7 13     42 240
 4  69  34  52   2  13   0    T  0.0    0 16.4 37 310   M    M   6        63 330
 5  48  35  42  -8  23   0 0.03    T    0  5.7 12 100   M    M   9        21  70
 6  54  45  50   1  15   0 0.02  0.0    0  6.9 16 310   M    M  10 1      24 310
 7  49  43  46  -3  19   0 0.00  0.0    0  5.6 10  40   M    M   9        18  60
 8  59  42  51   3  14   0 0.70  0.0    0  5.9 12 100   M    M  10 12     24 100
 9  62  49  56   8   9   0 0.11  0.0    0  4.6 13  70   M    M  10 123    21  70
10  55  46  51   3  14   0 3.20  0.0    0  9.3 16  60   M    M  10 13     25 110
11  56  37  47   0  18   0 0.06  0.0    0 13.9 28 290   M    M  10 1      42 290
12  43  34  39  -8  26   0 0.13  0.8    0 11.9 23 300   M    M  10 18     37 290
13  49  33  41  -6  24   0    T    T    0  6.5 16 230   M    M   8        25 200
14  48  39  44  -2  21   0 0.15  0.0    0  5.7 13 320   M    M  10 1      18 330
15  40  35  38  -8  27   0 0.30  0.1    0 10.9 28 280   M    M  10 1      42 280
16  51  33  42  -4  23   0 0.02  0.0    0 10.3 17 290   M    M   8        37 320
17  40  32  36  -9  29   0 0.20  1.6    T 12.3 25 310   M    M   9 18     42 330
18  52  29  41  -4  24   0    T    T    T 12.3 23 230   M    M   2        39 230
19  58  46  52   8  13   0 0.29  0.0    0 13.6 25 290   M    M   6 1      43 300
20  46  34  40  -4  25   0 0.01  0.0    0 14.9 26 290   M    M   8        39 280
================================================================================
SM 1064  770       377   0  7.16     2.5 184.3          M      159
================================================================================
AV 53.2 38.5                               9.2 FASTST   M    M   8    MAX(MPH)
                                 MISC ---->  # 37 310               # 63  330
================================================================================
NOTES:
# LAST OF SEVERAL OCCURRENCES

COLUMN 17 PEAK WIND IN M.P.H.

PRELIMINARY LOCAL CLIMATOLOGICAL DATA (WS FORM: F-6) , PAGE 2

                                          STATION:  SAULT STE MARIE MI
                                          MONTH:    OCTOBER
                                          YEAR:     2018
                                          LATITUDE:   46 28 N
                                          LONGITUDE:  84 21 W

[TEMPERATURE DATA]      [PRECIPITATION DATA]       SYMBOLS USED IN COLUMN 16

AVERAGE MONTHLY: 45.9   TOTAL FOR MONTH:   7.16    1 = FOG OR MIST
DPTR FM NORMAL:  -1.7   DPTR FM NORMAL:    4.65    2 = FOG REDUCING VISIBILITY
HIGHEST:    70 ON  3    GRTST 24HR  3.20 ON 10-10      TO 1/4 MILE OR LESS
LOWEST:     29 ON 18                               3 = THUNDER
                        SNOW, ICE PELLETS, HAIL    4 = ICE PELLETS
                        TOTAL MONTH:   2.5 INCHES  5 = HAIL
                        GRTST 24HR   1.6 ON 17-17  6 = FREEZING RAIN OR DRIZZLE
                        GRTST DEPTH:   0           7 = DUSTSTORM OR SANDSTORM:
                                                       VSBY 1/2 MILE OR LESS
                                                   8 = SMOKE OR HAZE
[NO. OF DAYS WITH]      [WEATHER - DAYS WITH]      9 = BLOWING SNOW
                                                   X = TORNADO
MAX 32 OR BELOW:   0    0.01 INCH OR MORE:  15
MAX 90 OR ABOVE:   0    0.10 INCH OR MORE:  10
MIN 32 OR BELOW:   2    0.50 INCH OR MORE:   3
MIN  0 OR BELOW:   0    1.00 INCH OR MORE:   2

[HDD (BASE 65) ]
TOTAL THIS MO.   377    CLEAR  (SCALE 0-3)   1
DPTR FM NORMAL    27    PTCLDY (SCALE 4-7)   8
TOTAL FM JUL 1   602    CLOUDY (SCALE 8-10) 11
DPTR FM NORMAL  -149

[CDD (BASE 65) ]
TOTAL THIS MO.     0
DPTR FM NORMAL     0    [PRESSURE DATA]
TOTAL FM JAN 1   463    HIGHEST SLP M ON M
DPTR FM NORMAL   268    LOWEST  SLP 29.47 ON M

[REMARKS]
