000
CXAK56 PAJK 020857
CF6ANT
PRELIMINARY LOCAL CLIMATOLOGICAL DATA (WS FORM: F-6)

                                          STATION:   ANNETTE ISLAND ASOS
                                          MONTH:     SEPTEMBER
                                          YEAR:      2016
                                          LATITUDE:   55  1 N
                                          LONGITUDE: 131 34 W

  TEMPERATURE IN F:       :PCPN:    SNOW:  WIND      :SUNSHINE: SKY     :PK WND
================================================================================
1   2   3   4   5  6A  6B    7    8   9   10  11  12  13   14  15   16   17  18
                                     12Z  AVG MX 2MIN
DY MAX MIN AVG DEP HDD CDD  WTR  SNW DPTH SPD SPD DIR MIN PSBL S-S WX    SPD DR
================================================================================

 1  60  54  57   0   8   0 0.10  0.0    0  4.8  9 150   M    M   8 1      14 180
 2  67  54  61   4   4   0    T  0.0    0  1.6  8 150   M    M   9 2      10 220
 3  64  52  58   2   7   0 0.00  0.0    0  2.8  8 220   M    M   7 2      11 210
 4  61  53  57   1   8   0 0.00  0.0    0  5.1 13 130   M    M   8 1      16 150
 5  60  55  58   2   7   0 0.39  0.0    0  6.3 14 130   M    M  10 1      19 120
 6  64  52  58   2   7   0 0.01  0.0    0  3.1  8 180   M    M  10 2      12 180
 7  61  52  57   1   8   0 0.74  0.0    0  7.5 21 140   M    M  10 1      31 140
 8  62  48  55   0  10   0 0.42  0.0    0  6.6 21 140   M    M   6 1      32 140
 9  63  54  59   4   6   0 1.79  0.0    0 11.5 25 150   M    M   8 1      40 130
10  59  47  53  -2  12   0 0.29  0.0    0  4.0 12 210   M    M   7 1      18 210
11  66  44  55   0  10   0 0.00  0.0    0  5.8 13 320   M    M   3 18     16 320
12  63  48  56   1   9   0 0.00  0.0    0  2.1  8 320   M    M   3 2      12 320
13  59  50  55   1  10   0 0.29  0.0    0  7.1 13 140   M    M  10 18     16 120
14  69  55  62   8   3   0 0.01  0.0    0  5.3 13 130   M    M   8 1      18 140
15  59  55  57   3   8   0 0.54  0.0    0 13.6 24 140   M    M  10 1      35 120
16  60  54  57   3   8   0 0.57  0.0    0  6.3 18 150   M    M   8 1      28 150
17  60  54  57   3   8   0 0.13  0.0    0  6.1 15 150   M    M   9        22 150
18  57  54  56   3   9   0 0.18  0.0    0  4.8  9 130   M    M  10 1      15 140
19  66  49  58   5   7   0 0.00  0.0    0  0.7  5 320   M    M   8        12 310
20  63  49  56   3   9   0 0.00  0.0    0  2.3  6 340   M    M   5 2      11 260
21  52  48  50  -3  15   0 0.00  0.0    0  2.4  9 150   M    M  10 1      12 140
22  55  49  52  -1  13   0 2.54  0.0    0 15.3 17 140   M    M  10        37 140
23  59  46  53   1  12   0 0.12  0.0    0  4.0  7  99   M    M   6        16 210
24  59  52  56   4   9   0 0.31  0.0    0 11.7 18 140   M    M   9        30 150
25  58  52  55   3  10   0 1.64  0.0    0  3.3 30 150   M    M  10 1      47 150
26  62  49  56   4   9   0 0.02  0.0    0  3.9  9 290   M    M   8         M  M
27  57  47  52   0  13   0 0.03  0.0    0  4.9 10 120   M    M   8        15 120
28  59  46  53   2  12   0 0.00  0.0    0  5.2 12 330   M    M   3        16 350
29  63  43  53   2  12   0 0.00  0.0    0  5.9 12 310   M    M   0        18 330
30  54  42  48  -3  17   0 0.11  0.0    0  5.1 12 330   M    M   7 1      17 340
================================================================================
SM 1821 1507       280   0 10.23     0.0 169.1          M      228
================================================================================
AV 60.7 50.2                               5.6 FASTST   M    M   8    MAX(MPH)
                                 MISC ---->  # 30 150               # 47  150
================================================================================
NOTES:
# LAST OF SEVERAL OCCURRENCES

COLUMN 17 PEAK WIND IN M.P.H.

PRELIMINARY LOCAL CLIMATOLOGICAL DATA (WS FORM: F-6) , PAGE 2

                                          STATION:  ANNETTE ISLAND ASOS
                                          MONTH:    SEPTEMBER
                                          YEAR:     2016
                                          LATITUDE:   55  1 N
                                          LONGITUDE: 131 34 W

[TEMPERATURE DATA]      [PRECIPITATION DATA]       SYMBOLS USED IN COLUMN 16

AVERAGE MONTHLY: 55.5   TOTAL FOR MONTH:  10.23    1 = FOG OR MIST
DPTR FM NORMAL:   1.7   DPTR FM NORMAL:    0.44    2 = FOG REDUCING VISIBILITY
HIGHEST:    69 ON 14    GRTST 24HR  2.54 ON 22-22      TO 1/4 MILE OR LESS
LOWEST:     42 ON 30                               3 = THUNDER
                        SNOW, ICE PELLETS, HAIL    4 = ICE PELLETS
                        TOTAL MONTH:   0.0 INCH    5 = HAIL
                        GRTST 24HR     0.0         6 = FREEZING RAIN OR DRIZZLE
                        GRTST DEPTH:   0           7 = DUSTSTORM OR SANDSTORM:
                                                       VSBY 1/2 MILE OR LESS
                                                   8 = SMOKE OR HAZE
[NO. OF DAYS WITH]      [WEATHER - DAYS WITH]      9 = BLOWING SNOW
                                                   X = TORNADO
MAX 32 OR BELOW:   0    0.01 INCH OR MORE:  20
MAX 90 OR ABOVE:   0    0.10 INCH OR MORE:  16
MIN 32 OR BELOW:   0    0.50 INCH OR MORE:   6
MIN  0 OR BELOW:   0    1.00 INCH OR MORE:   3

[HDD (BASE 65) ]
TOTAL THIS MO.   280    CLEAR  (SCALE 0-3)   2
DPTR FM NORMAL   -55    PTCLDY (SCALE 4-7)  14
TOTAL FM JUL 1   472    CLOUDY (SCALE 8-10) 14
DPTR FM NORMAL  -264

[CDD (BASE 65) ]
TOTAL THIS MO.     0
DPTR FM NORMAL     0    [PRESSURE DATA]
TOTAL FM JAN 1    57    HIGHEST SLP 30.42 ON 11
DPTR FM NORMAL    40    LOWEST  SLP 29.52 ON 22

[REMARKS]
#FINAL-09-16#
