550
CXUS53 KIWX 160800
CF6AOH
PRELIMINARY LOCAL CLIMATOLOGICAL DATA (WS FORM: F-6)

                                          STATION:   LIMA
                                          MONTH:     OCTOBER
                                          YEAR:      2018
                                          LATITUDE:   40 42 N
                                          LONGITUDE:  84  1 W

  TEMPERATURE IN F:       :PCPN:    SNOW:  WIND      :SUNSHINE: SKY     :PK WND
================================================================================
1   2   3   4   5  6A  6B    7    8   9   10  11  12  13   14  15   16   17  18
                                     12Z  AVG MX 2MIN
DY MAX MIN AVG DEP HDD CDD  WTR  SNW DPTH SPD SPD DIR MIN PSBL S-S WX    SPD DR
================================================================================

 1  82  55  69  11   0   4 0.00  0.0    0  6.5 13 190   M    M   0 8      22 250
 2  76  62  69  11   0   4    T  0.0    0 10.0 17 260   M    M   8 8      24 260
 3  84  59  72  14   0   7 0.00  0.0    0  9.3 18 220   M    M   3 18     28 200
 4  76  52  64   7   1   0 0.07  0.0    0 12.1 21 260   M    M   8 1      29 230
 5  68  49  59   2   6   0 2.03    M    0  6.6 17 150   M    M   5 1      21 150
 6  85  65  75  19   0  10 0.49  0.0    0  8.2 26 310   M    M   3 1      42 300
 7  81  62  72  16   0   7    T  0.0    0  5.3 13  80   M    M   5 128    17  20
 8  86  64  75  19   0  10 0.00  0.0    0  7.2 15 210   M    M   3 18     20 240
 9  84  68  76  21   0  11 0.00  0.0    0  9.0 16 180   M    M   1 8      24 220
10  79  66  73  18   0   8 0.22  0.0    0 11.5 25 170   M    M   6 1      33 160
11  68  43  56   1   9   0 0.00  0.0    0 14.0 23 260   M    M   5 1      32 270
12  54  38  46  -8  19   0 0.21  0.0    0  9.3 16 280   M    M   7 18     23 270
13  52  36  44 -10  21   0 0.01  0.0    0  7.1 15 290   M    M   4        21 290
14  61  42  52  -2  13   0 0.00  0.0    0  8.0 15 160   M    M   3 1      22 160
15  53  37  45  -8  20   0 0.03  0.0    0 10.3 23 290   M    M   7 1      32 290
================================================================================
SM 1089  798        89  61  3.06     0.0 134.4          M       68
================================================================================
AV 72.6 53.2                               9.0 FASTST   M    M   5    MAX(MPH)
                                 MISC ---->  # 26 310               # 42  300
================================================================================
NOTES:
# LAST OF SEVERAL OCCURRENCES

COLUMN 17 PEAK WIND IN M.P.H.

PRELIMINARY LOCAL CLIMATOLOGICAL DATA (WS FORM: F-6) , PAGE 2

                                          STATION:  LIMA
                                          MONTH:    OCTOBER
                                          YEAR:     2018
                                          LATITUDE:   40 42 N
                                          LONGITUDE:  84  1 W

[TEMPERATURE DATA]      [PRECIPITATION DATA]       SYMBOLS USED IN COLUMN 16

AVERAGE MONTHLY: 62.9   TOTAL FOR MONTH:   3.06    1 = FOG OR MIST
DPTR FM NORMAL:   7.2   DPTR FM NORMAL:    1.61    2 = FOG REDUCING VISIBILITY
HIGHEST:    86 ON  8    GRTST 24HR  2.03 ON  5- 5      TO 1/4 MILE OR LESS
LOWEST:     36 ON 13                               3 = THUNDER
                        SNOW, ICE PELLETS, HAIL    4 = ICE PELLETS
                        TOTAL MONTH:   0.0 INCH    5 = HAIL
                        GRTST 24HR     0.0         6 = FREEZING RAIN OR DRIZZLE
                        GRTST DEPTH:   0           7 = DUSTSTORM OR SANDSTORM:
                                                       VSBY 1/2 MILE OR LESS
                                                   8 = SMOKE OR HAZE
[NO. OF DAYS WITH]      [WEATHER - DAYS WITH]      9 = BLOWING SNOW
                                                   X = TORNADO
MAX 32 OR BELOW:   0    0.01 INCH OR MORE:   7
MAX 90 OR ABOVE:   0    0.10 INCH OR MORE:   4
MIN 32 OR BELOW:   0    0.50 INCH OR MORE:   1
MIN  0 OR BELOW:   0    1.00 INCH OR MORE:   1

[HDD (BASE 65) ]
TOTAL THIS MO.    89    CLEAR  (SCALE 0-3)   4
DPTR FM NORMAL   -61    PTCLDY (SCALE 4-7)  11
TOTAL FM JUL 1   133    CLOUDY (SCALE 8-10)  0
DPTR FM NORMAL  -119

[CDD (BASE 65) ]
TOTAL THIS MO.    61
DPTR FM NORMAL    49    [PRESSURE DATA]
TOTAL FM JAN 1  1112    HIGHEST SLP M ON M
DPTR FM NORMAL   288    LOWEST  SLP 29.59 ON 10

[REMARKS]
