000
CXUS55 KALY 180710
CF6AQW
PRELIMINARY LOCAL CLIMATOLOGICAL DATA (WS FORM: F-6)

                                          STATION:   NORTH ADAMS    ASOS
                                          MONTH:     JULY
                                          YEAR:      2018
                                          LATITUDE:   42 42 N
                                          LONGITUDE:  73 10 W

  TEMPERATURE IN F:       :PCPN:    SNOW:  WIND      :SUNSHINE: SKY     :PK WND
================================================================================
1   2   3   4   5  6A  6B    7    8   9   10  11  12  13   14  15   16   17  18
                                     12Z  AVG MX 2MIN
DY MAX MIN AVG DEP HDD CDD  WTR  SNW DPTH SPD SPD DIR MIN PSBL S-S WX    SPD DR
================================================================================

 1  94  66  80   M   0  15 0.00    M    M  0.6  7 330   M    M   0 1      10 270
 2  93  69  81   M   0  16 0.00    M    M  3.3 14 210   M    M   0 1      19 230
 3  91  67  79   M   0  14 0.00  0.0    0  2.5 12 330   M    M   1 1      17 330
 4  92  63  78   M   0  13 0.00  0.0    0  2.7 13 120   M    M   0 1      15 100
 5  90  66  78   M   0  13 0.00  0.0    0  4.5 14 250   M    M   1 18     18 270
 6  82  52  67   M   0   2 0.33    M    M  8.1 22 270   M    M   4 13     29 270
 7  76  45  61   M   4   0 0.00  0.0    0  2.2 10 270   M    M   0        15 270
 8  83  48  66   M   0   1 0.00    M    M  1.2  8 340   M    M   0        11 350
 9  86  51  69   M   0   4 0.00    M    M  3.1 14 260   M    M   0 1      19 260
10  87  53  70   M   0   5    T    M    M  2.2 17 250   M    M   1 1      23 250
11  80  50  65   M   0   0 0.00  0.0    0  2.6 12 360   M    M   4 12     16  20
12  82  46  64   M   1   0 0.00    M    M  2.7 10 110   M    M   2        15 110
13  85  52  69   M   0   4 0.00  0.0    0  1.6  8 300   M    M   1        12 260
14  84  60  72   M   0   7 0.18    M    M  3.8 10 110   M    M   6 1      13  90
15  88  68  78   M   0  13    T  0.0    0  2.5 12 270   M    M   4 1      14 270
16  92  64  78   M   0  13 0.56  0.0    0  2.6 15 350   M    M   2 13     24 320
17  80  63  72   M   0   7 1.05    M    M  2.4 17 350   M    M   6 138    26 360
================================================================================
SM 1465  983         5 127  2.12     0.0  48.6          M       32
================================================================================
AV 86.2 57.8                               2.9 FASTST   M    M   2    MAX(MPH)
                                 MISC ---->  # 22 270               # 29  270
================================================================================
NOTES:
# LAST OF SEVERAL OCCURRENCES

COLUMN 17 PEAK WIND IN M.P.H.

PRELIMINARY LOCAL CLIMATOLOGICAL DATA (WS FORM: F-6) , PAGE 2

                                          STATION:  NORTH ADAMS    ASOS
                                          MONTH:    JULY
                                          YEAR:     2018
                                          LATITUDE:   42 42 N
                                          LONGITUDE:  73 10 W

[TEMPERATURE DATA]      [PRECIPITATION DATA]       SYMBOLS USED IN COLUMN 16

AVERAGE MONTHLY: 72.0   TOTAL FOR MONTH:   2.12    1 = FOG OR MIST
DPTR FM NORMAL:     M   DPTR FM NORMAL:       M    2 = FOG REDUCING VISIBILITY
HIGHEST:    94 ON  1    GRTST 24HR  1.05 ON 17-17      TO 1/4 MILE OR LESS
LOWEST:     45 ON  7                               3 = THUNDER
                        SNOW, ICE PELLETS, HAIL    4 = ICE PELLETS
                        TOTAL MONTH:   0.0 INCH    5 = HAIL
                        GRTST 24HR     0.0         6 = FREEZING RAIN OR DRIZZLE
                        GRTST DEPTH:   0           7 = DUSTSTORM OR SANDSTORM:
                                                       VSBY 1/2 MILE OR LESS
                                                   8 = SMOKE OR HAZE
[NO. OF DAYS WITH]      [WEATHER - DAYS WITH]      9 = BLOWING SNOW
                                                   X = TORNADO
MAX 32 OR BELOW:   0    0.01 INCH OR MORE:   4
MAX 90 OR ABOVE:   6    0.10 INCH OR MORE:   4
MIN 32 OR BELOW:   0    0.50 INCH OR MORE:   2
MIN  0 OR BELOW:   0    1.00 INCH OR MORE:   1

[HDD (BASE 65) ]
TOTAL THIS MO.     5    CLEAR  (SCALE 0-3)  12
DPTR FM NORMAL     M    PTCLDY (SCALE 4-7)   5
TOTAL FM JUL 1     5    CLOUDY (SCALE 8-10)  0
DPTR FM NORMAL     M

[CDD (BASE 65) ]
TOTAL THIS MO.   127
DPTR FM NORMAL     M    [PRESSURE DATA]
TOTAL FM JAN 1   207    HIGHEST SLP M ON M
DPTR FM NORMAL     M    LOWEST  SLP 29.74 ON 17

[REMARKS]
