000
CXUS54 KLCH 170816
CF6ARA
PRELIMINARY LOCAL CLIMATOLOGICAL DATA (WS FORM: F-6)

                                          STATION:   NEW IBERIA
                                          MONTH:     NOVEMBER
                                          YEAR:      2018
                                          LATITUDE:   30  1 N
                                          LONGITUDE:  91 53 W

  TEMPERATURE IN F:       :PCPN:    SNOW:  WIND      :SUNSHINE: SKY     :PK WND
================================================================================
1   2   3   4   5  6A  6B    7    8   9   10  11  12  13   14  15   16   17  18
                                     12Z  AVG MX 2MIN
DY MAX MIN AVG DEP HDD CDD  WTR  SNW DPTH SPD SPD DIR MIN PSBL S-S WX    SPD DR
================================================================================

 1  76  52  64  -1   1   0 1.11  0.0    0 10.2 30 280   M    M   9 13     36 290
 2  67  48  58  -7   7   0 0.00  0.0    0  7.4 15 340   M    M   0        22 340
 3  75  47  61  -4   4   0 0.00  0.0    0  8.7 18 180   M    M   0        24 170
 4  70  63  67   3   0   2 2.31  0.0    0  7.8 16 360   M    M   9 13     23 130
 5  82  62  72   8   0   7 0.00  0.0    0  9.5 22 190   M    M   8 1      27 180
 6  86  70  78  14   0  13 0.01  0.0    0  4.8 15 360   M    M   6 1      18 360
 7  81  70  76  12   0  11 1.98  0.0    0  6.1 18 170   M    M   9 13     24 180
 8  71  65  68   5   0   3    T  0.0    0  7.1 13  20   M    M  10 1      16 360
 9  67  49  58  -5   7   0 0.66    M    0 14.1 26  10   M    M  10 1      32  10
10  57  45  51 -12  14   0    T    M    0 13.5 22  40   M    M   0        27  40
11  67  46  57  -5   8   0 0.00  0.0    0  9.2 16  50   M    M   8        22  80
12  62  48  55  -7  10   0 0.13    M    0 10.6 23 360   M    M  10 3      30 350
13  48  38  43 -19  22   0 0.05    M    0 16.2 24  10   M    M   9        32  10
14  45  34  40 -22  25   0 0.00  0.0    0  9.3 18 350   M    M   6        23 340
15  54  30  42 -19  23   0 0.00  0.0    0  2.3 10 330   M    M   0        14 320
16  65  34  50 -11  15   0 0.00  0.0    0  1.3 12 200   M    M   0        13 200
================================================================================
SM 1073  801       136  36  6.25     0.0 138.1          M       94
================================================================================
AV 67.1 50.1                               8.6 FASTST   M    M   6    MAX(MPH)
                                 MISC ---->  # 30 280               # 36  290
================================================================================
NOTES:
# LAST OF SEVERAL OCCURRENCES

COLUMN 17 PEAK WIND IN M.P.H.

PRELIMINARY LOCAL CLIMATOLOGICAL DATA (WS FORM: F-6) , PAGE 2

                                          STATION:  NEW IBERIA
                                          MONTH:    NOVEMBER
                                          YEAR:     2018
                                          LATITUDE:   30  1 N
                                          LONGITUDE:  91 53 W

[TEMPERATURE DATA]      [PRECIPITATION DATA]       SYMBOLS USED IN COLUMN 16

AVERAGE MONTHLY: 58.6   TOTAL FOR MONTH:   6.25    1 = FOG OR MIST
DPTR FM NORMAL:  -4.6   DPTR FM NORMAL:    4.38    2 = FOG REDUCING VISIBILITY
HIGHEST:    86 ON  6    GRTST 24HR  2.31 ON  4- 4      TO 1/4 MILE OR LESS
LOWEST:     30 ON 15                               3 = THUNDER
                        SNOW, ICE PELLETS, HAIL    4 = ICE PELLETS
                        TOTAL MONTH:   0.0 INCH    5 = HAIL
                        GRTST 24HR     0.0         6 = FREEZING RAIN OR DRIZZLE
                        GRTST DEPTH:   0           7 = DUSTSTORM OR SANDSTORM:
                                                       VSBY 1/2 MILE OR LESS
                                                   8 = SMOKE OR HAZE
[NO. OF DAYS WITH]      [WEATHER - DAYS WITH]      9 = BLOWING SNOW
                                                   X = TORNADO
MAX 32 OR BELOW:   0    0.01 INCH OR MORE:   7
MAX 90 OR ABOVE:   0    0.10 INCH OR MORE:   5
MIN 32 OR BELOW:   1    0.50 INCH OR MORE:   4
MIN  0 OR BELOW:   0    1.00 INCH OR MORE:   3

[HDD (BASE 65) ]
TOTAL THIS MO.   136    CLEAR  (SCALE 0-3)   5
DPTR FM NORMAL    77    PTCLDY (SCALE 4-7)   4
TOTAL FM JUL 1   139    CLOUDY (SCALE 8-10)  7
DPTR FM NORMAL    46

[CDD (BASE 65) ]
TOTAL THIS MO.    36
DPTR FM NORMAL     7    [PRESSURE DATA]
TOTAL FM JAN 1  3222    HIGHEST SLP M ON M
DPTR FM NORMAL   448    LOWEST  SLP 29.69 ON  1

[REMARKS]
