000
CXUS51 KBUF 171205
CF6ART
PRELIMINARY LOCAL CLIMATOLOGICAL DATA (WS FORM: F-6)

                                          STATION:   WATERTOWN NY
                                          MONTH:     OCTOBER
                                          YEAR:      2018
                                          LATITUDE:   43 59 N
                                          LONGITUDE:  76  2 W

  TEMPERATURE IN F:       :PCPN:    SNOW:  WIND      :SUNSHINE: SKY     :PK WND
================================================================================
1   2   3   4   5  6A  6B    7    8   9   10  11  12  13   14  15   16   17  18
                                     12Z  AVG MX 2MIN
DY MAX MIN AVG DEP HDD CDD  WTR  SNW DPTH SPD SPD DIR MIN PSBL S-S WX    SPD DR
================================================================================

 1  52  46  49  -5  16   0 0.21    M    M  9.2 15  30   M    M   9 1      19  40
 2  52  48  50  -3  15   0 0.37    M    M  8.4 15  30   M    M  10 1      17  50
 3  59  49  54   1  11   0 0.00    M    M  3.0 10 170   M    M   7 1      15 180
 4  73  44  59   7   6   0 0.40    M    M 11.0 23 230   M    M   5 12     33 230
 5  55  33  44  -8  21   0 0.00    M    M  8.8 16  60   M    M   2        21  40
 6  69  47  58   6   7   0 0.21    M    M  3.3 16 300   M    M  10 1      19 300
 7  62  48  55   4  10   0 0.18    M    M 11.3 17  40   M    M  10 1      22  40
 8  72  46  59   8   6   0    T    M    M  7.7 14  50   M    M   7 1      21 180
 9  82  65  74  24   0   9 0.01  0.0    0  8.4 20 210   M    M   3        27 220
10  81  69  75  25   0  10    T    M    M  7.9 16 220   M    M   3        22 200
11  75  55  65  15   0   0 0.16    M    M 11.4 20 280   M    M   7 1      26 230
12  56  43  50   1  15   0 0.01    M    M 14.2 24 290   M    M   8 1      29 260
13  51  33  42  -7  23   0 0.02    M    M  7.0 18 280   M    M   8 1      26 270
14  57  29  43  -6  22   0 0.00    M    M  4.2 16 220   M    M   2        22 220
15  60  42  51   3  14   0 0.10    M    M 12.9 33 260   M    M   7 18     46 270
16  52  41  47  -1  18   0 0.00    M    M 12.8 24 230   M    M   7        34 260
================================================================================
SM 1008  738       184  19  1.67     0.0 141.5          M      105
================================================================================
AV 63.0 46.1                               8.8 FASTST   M    M   7    MAX(MPH)
                                 MISC ---->  # 33 260               # 46  270
================================================================================
NOTES:
# LAST OF SEVERAL OCCURRENCES

COLUMN 17 PEAK WIND IN M.P.H.

PRELIMINARY LOCAL CLIMATOLOGICAL DATA (WS FORM: F-6) , PAGE 2

                                          STATION:  WATERTOWN NY
                                          MONTH:    OCTOBER
                                          YEAR:     2018
                                          LATITUDE:   43 59 N
                                          LONGITUDE:  76  2 W

[TEMPERATURE DATA]      [PRECIPITATION DATA]       SYMBOLS USED IN COLUMN 16

AVERAGE MONTHLY: 54.6   TOTAL FOR MONTH:   1.67    1 = FOG OR MIST
DPTR FM NORMAL:   3.9   DPTR FM NORMAL:   -0.31    2 = FOG REDUCING VISIBILITY
HIGHEST:    82 ON  9    GRTST 24HR  0.40 ON  4- 4      TO 1/4 MILE OR LESS
LOWEST:     29 ON 14                               3 = THUNDER
                        SNOW, ICE PELLETS, HAIL    4 = ICE PELLETS
                        TOTAL MONTH:   0.0 INCH    5 = HAIL
                        GRTST 24HR     0.0         6 = FREEZING RAIN OR DRIZZLE
                        GRTST DEPTH:   0           7 = DUSTSTORM OR SANDSTORM:
                                                       VSBY 1/2 MILE OR LESS
                                                   8 = SMOKE OR HAZE
[NO. OF DAYS WITH]      [WEATHER - DAYS WITH]      9 = BLOWING SNOW
                                                   X = TORNADO
MAX 32 OR BELOW:   0    0.01 INCH OR MORE:  10
MAX 90 OR ABOVE:   0    0.10 INCH OR MORE:   7
MIN 32 OR BELOW:   1    0.50 INCH OR MORE:   0
MIN  0 OR BELOW:   0    1.00 INCH OR MORE:   0

[HDD (BASE 65) ]
TOTAL THIS MO.   184    CLEAR  (SCALE 0-3)   4
DPTR FM NORMAL   -48    PTCLDY (SCALE 4-7)   7
TOTAL FM JUL 1   348    CLOUDY (SCALE 8-10)  5
DPTR FM NORMAL  -158

[CDD (BASE 65) ]
TOTAL THIS MO.    19
DPTR FM NORMAL    19    [PRESSURE DATA]
TOTAL FM JAN 1   631    HIGHEST SLP M ON M
DPTR FM NORMAL   272    LOWEST  SLP 29.61 ON 11

[REMARKS]
