000
CXUS55 KGJT 191000
CF6ASE
PRELIMINARY LOCAL CLIMATOLOGICAL DATA (WS FORM: F-6)

                                          STATION:   ASPEN CO
                                          MONTH:     AUGUST
                                          YEAR:      2018
                                          LATITUDE:   39 13 N
                                          LONGITUDE: 106 52 W

  TEMPERATURE IN F:       :PCPN:    SNOW:  WIND      :SUNSHINE: SKY     :PK WND
================================================================================
1   2   3   4   5  6A  6B    7    8   9   10  11  12  13   14  15   16   17  18
                                     12Z  AVG MX 2MIN
DY MAX MIN AVG DEP HDD CDD  WTR  SNW DPTH SPD SPD DIR MIN PSBL S-S WX    SPD DR
================================================================================

 1  84  48  66   2   0   1    T    M    M  6.6 25 330   M    M   1 8      40 330
 2  87  46  67   4   0   2    T    M    M  5.9 21 280   M    M   1 8      32 280
 3  70  51  61  -2   4   0 0.35    M    M  4.2 12 220   M    M   7 18     18  10
 4  82  44  63   0   2   0 0.02    M    M  7.5 26 170   M    M   4 38     34 180
 5  83  50  67   4   0   2 0.03    M    M  7.0 17 330   M    M   5 3      33 250
 6  83  50  67   4   0   2    T    M    M  7.7 20 360   M    M   1        28  10
 7  85  44  65   2   0   0 0.00    M    M  6.7 23 340   M    M   0 8      41 350
 8  86  45  66   3   0   1 0.00    M    M  7.1 16 320   M    M   0 8      26 330
 9  87  48  68   5   0   3 0.00    M    M  8.3 20 150   M    M   0 8      28 160
10  87  51  69   7   0   4    T    M    M  7.9 23 180   M    M   1        29 190
11  88  49  69   7   0   4    T    M    M  6.7 23 360   M    M   0        37 360
12  90  52  71   9   0   6    T    M    M  8.2 24 170   M    M   0        33 140
13  88  50  69   7   0   4    T    M    M  8.4 25 320   M    M   1 8      43 340
14  86  47  67   5   0   2    T    M    M  6.9 29 260   M    M   1 38     53 260
15  84  48  66   4   0   1 0.00    M    M  6.7 17 350   M    M   2 8      27 350
16  82  52  67   5   0   2    T    M    M  6.4 26 260   M    M   6 38     40 250
17  82  47  65   4   0   0 0.00    M    M  6.0 15 350   M    M   2 8      26 350
18  74  52  63   2   2   0 0.36    M    M  6.1 17 310   M    M   3 13     25  10
================================================================================
SM 1508  874         8  34  0.76    M    124.3          M       35
================================================================================
AV 83.8 48.6                               6.9 FASTST   M    M   2    MAX(MPH)
                                 MISC ---->  # 29 260               # 53  260
================================================================================
NOTES:
# LAST OF SEVERAL OCCURRENCES

COLUMN 17 PEAK WIND IN M.P.H.

PRELIMINARY LOCAL CLIMATOLOGICAL DATA (WS FORM: F-6) , PAGE 2

                                          STATION:  ASPEN CO
                                          MONTH:    AUGUST
                                          YEAR:     2018
                                          LATITUDE:   39 13 N
                                          LONGITUDE: 106 52 W

[TEMPERATURE DATA]      [PRECIPITATION DATA]       SYMBOLS USED IN COLUMN 16

AVERAGE MONTHLY: 66.2   TOTAL FOR MONTH:   0.76    1 = FOG OR MIST
DPTR FM NORMAL:   3.7   DPTR FM NORMAL:   -0.31    2 = FOG REDUCING VISIBILITY
HIGHEST:    90 ON 12    GRTST 24HR  0.36 ON 18-18      TO 1/4 MILE OR LESS
LOWEST:     44 ON  7, 4                            3 = THUNDER
                        SNOW, ICE PELLETS, HAIL    4 = ICE PELLETS
                        TOTAL MONTH:    M          5 = HAIL
                        GRTST 24HR    M  ON   M    6 = FREEZING RAIN OR DRIZZLE
                        GRTST DEPTH:  M  ON   M    7 = DUSTSTORM OR SANDSTORM:
                                                       VSBY 1/2 MILE OR LESS
                                                   8 = SMOKE OR HAZE
[NO. OF DAYS WITH]      [WEATHER - DAYS WITH]      9 = BLOWING SNOW
                                                   X = TORNADO
MAX 32 OR BELOW:   0    0.01 INCH OR MORE:   4
MAX 90 OR ABOVE:   1    0.10 INCH OR MORE:   2
MIN 32 OR BELOW:   0    0.50 INCH OR MORE:   0
MIN  0 OR BELOW:   0    1.00 INCH OR MORE:   0

[HDD (BASE 65) ]
TOTAL THIS MO.     8    CLEAR  (SCALE 0-3)  14
DPTR FM NORMAL   -47    PTCLDY (SCALE 4-7)   4
TOTAL FM JUL 1    15    CLOUDY (SCALE 8-10)  0
DPTR FM NORMAL  -111

[CDD (BASE 65) ]
TOTAL THIS MO.    34
DPTR FM NORMAL    25    [PRESSURE DATA]
TOTAL FM JAN 1   178    HIGHEST SLP M ON M
DPTR FM NORMAL   140    LOWEST  SLP 29.70 ON 12

[REMARKS]
