000
CXAK56 PAFC 010910
CF6ASN
PRELIMINARY LOCAL CLIMATOLOGICAL DATA (WS FORM: F-6)

                                          STATION:   SAINT PAUL ISLAND
                                          MONTH:     NOVEMBER
                                          YEAR:      2018
                                          LATITUDE:   57  9 N
                                          LONGITUDE: 170 13 W

  TEMPERATURE IN F:       :PCPN:    SNOW:  WIND      :SUNSHINE: SKY     :PK WND
================================================================================
1   2   3   4   5  6A  6B    7    8   9   10  11  12  13   14  15   16   17  18
                                     12Z  AVG MX 2MIN
DY MAX MIN AVG DEP HDD CDD  WTR  SNW DPTH SPD SPD DIR MIN PSBL S-S WX    SPD DR
================================================================================

 1  45  43  44   8  21   0 0.03  0.0    0 24.6 31  90   M    M  10 18   40  90
 2  45  42  44   9  21   0    T  0.0    0 27.3 37  70   M    M   9 1    45  60
 3  44  37  41   6  24   0 0.01  0.0    0 13.6 25  30   M    M  10 1    34  30
 4  45  32  39   4  26   0    T  0.0    0 11.5 24 190   M    M   7      31 190
 5  45  39  42   7  23   0 0.17  0.0    0 22.0 31 230   M    M   8 18   40 240
 6  44  31  38   3  27   0 0.03  0.0    0 19.0 33 250   M    M   4 1    43 230
 7  43  28  36   2  29   0 0.00  0.0    M  7.5 13 180   M    M   4 M    14 170
 8  43  36  40   6  25   0 0.23    M    M 23.1 40 240   M    M   8 1    50 230
 9  42  35  39   5  26   0 0.04    M    M 25.8 41 240   M    M   7 1    52 240
10  46  33  40   6  25   0 0.12    M    M 15.9 30  80   M    M   9 1    38  80
11  40  35  38   4  27   0 0.15    M    M 36.9 45  30   M    M  10 1    61  30
12  38  33  36   2  29   0 0.14    M    M 39.5 49  20   M    M  10 1    66  10
13  36  34  35   2  30   0 0.02    M    M 28.9 36  10   M    M  10 1    43  10
14  35  32  34   1  31   0 0.01    M    M 16.8 26  20   M    M   9 1    33  20
15  34  31  33   0  32   0 0.06    M    M 10.3 17 330   M    M  10 1    21 330
16  38  24  31  -2  34   0 0.01    M    M  8.5 17 140   M    M   7 1    21  40
17  40  36  38   5  27   0 0.01    M    M  8.4 20 280   M    M  10 1    24 280
18  39  36  38   6  27   0 0.05    M    M 24.4 31 290   M    M   9 1    42 300
19  40  34  37   5  28   0 0.09    M    M 14.4 20 280   M    M   9 1    32 270
20  36  32  34   2  31   0 0.01    M    M 20.4 32 310   M    M   9 18   43 320
21  35  30  33   1  32   0    T    M    M 14.0 23 330   M    M   7 M    30 340
22  36  32  34   2  31   0 0.01    M    M 17.2 30  70   M    M   9 1    37  70
23  38  34  36   4  29   0 0.05    M    M 31.8 36  80   M    M  10 1    46  80
24  35  33  34   2  31   0    T    M    M 22.3 29  40   M    M  10 1    38  50
25  35  30  33   1  32   0 0.02    M    M 24.4 28 350   M    M   9 M    40 350
26  33  28  31   0  34   0 0.12    M    M 23.4 30 330   M    M   8 1    41 320
27  31  20  26  -5  39   0 0.04    M    M 16.6 28 310   M    M   6 M    35 290
28  30  20  25  -6  40   0 0.06    M    M 15.9 24 320   M    M   7 1    38 310
29  39  31  35   4  30   0 0.18    M    M 24.8 39 180   M    M   9 1    49 180
30  38  32  35   4  30   0 0.35    M    M 11.1 21 210   M    M  10 1    26 190
================================================================================
SM 1168  973       871   0  2.01  0.0    600.2          M      254
================================================================================
AV 38.9 32.4                              20.0 FASTST   M    M   8    MAX(MPH)
                                 MISC ---->    49  20                 66  10
================================================================================
NOTES:
# LAST OF SEVERAL OCCURRENCES

COLUMN 17 PEAK WIND IN M.P.H.

PRELIMINARY LOCAL CLIMATOLOGICAL DATA (WS FORM: F-6) , PAGE 2

                                          STATION:   SAINT PAUL ISLAND
                                          MONTH:     NOVEMBER
                                          YEAR:      2018
                                          LATITUDE:   57  9 N
                                          LONGITUDE: 170 13 W

[TEMPERATURE DATA]      [PRECIPITATION DATA]       SYMBOLS USED IN COLUMN 16

AVERAGE MONTHLY: 35.7   TOTAL FOR MONTH:   2.01    1 = FOG OR MIST
DPTR FM NORMAL:   2.7   DPTR FM NORMAL:   -0.88    2 = FOG REDUCING VISIBILITY
HIGHEST:    46 ON 10    GRTST 24HR  0.42 ON 10-11      TO 1/4 MILE OR LESS
LOWEST:     20 ON 28,27                             3 = THUNDER
                        SNOW, ICE PELLETS, HAIL    4 = ICE PELLETS
                        TOTAL MONTH:   0.0 INCH    5 = HAIL
                        GRTST 24HR  0.0            6 = FREEZING RAIN OR DRIZZLE
                        GRTST DEPTH:  0            7 = DUSTSTORM OR SANDSTORM:
                                                       VSBY 1/2 MILE OR LESS
                                                   8 = SMOKE OR HAZE
[NO. OF DAYS WITH]      [WEATHER - DAYS WITH]      9 = BLOWING SNOW
                                                   X = TORNADO
MAX 32 OR BELOW:   2    0.01 INCH OR MORE:  19
MAX 90 OR ABOVE:   0    0.10 INCH OR MORE:   8
MIN 32 OR BELOW:  15    0.50 INCH OR MORE:   0
MIN  0 OR BELOW:   0    1.00 INCH OR MORE:   0

[HDD (BASE 65) ]
TOTAL THIS MO.   871    CLEAR  (SCALE 0-3)   0
DPTR FM NORMAL   -89    PTCLDY (SCALE 4-7)  11
TOTAL FM JUL 1  2986    CLOUDY (SCALE 8-10) 19
DPTR FM NORMAL  -435

[CDD (BASE 65) ]
TOTAL THIS MO.     0
DPTR FM NORMAL     0    [PRESSURE DATA]
TOTAL FM JAN 1     0    HIGHEST SLP M ON M
DPTR FM NORMAL     0    LOWEST  SLP 28.91 ON  2

[REMARKS]
#FINAL-11-18#
