000
CXUS53 KDLH 240639
CF6ASX
PRELIMINARY LOCAL CLIMATOLOGICAL DATA (WS FORM: F-6)

                                          STATION:   ASHLAND
                                          MONTH:     JUNE
                                          YEAR:      2018
                                          LATITUDE:   46 32 N
                                          LONGITUDE:  90 55 W

  TEMPERATURE IN F:       :PCPN:    SNOW:  WIND      :SUNSHINE: SKY     :PK WND
================================================================================
1   2   3   4   5  6A  6B    7    8   9   10  11  12  13   14  15   16   17  18
                                     12Z  AVG MX 2MIN
DY MAX MIN AVG DEP HDD CDD  WTR  SNW DPTH SPD SPD DIR MIN PSBL S-S WX    SPD DR
================================================================================

 1  48  39  44 -12  21   0 0.00    M    M 13.8 22  50   M    M   9 1      29  40
 2  59  41  50  -7  15   0 0.55    M    M  6.6 20  50   M    M   7 123    23  50
 3  62  47  55  -2  10   0 0.02    M    M  9.7 24 270   M    M   8 128    33 290
 4  77  43  60   3   5   0 0.00    M    M 10.1 23 260   M    M   4        30 250
 5  61  39  50  -8  15   0 0.00    M    M  6.5 14 350   M    M   0        18 130
 6  77  38  58   0   7   0 0.20    M    M  6.4 15 220   M    M   4 1      20 280
 7  68  43  56  -2   9   0 0.00    M    M  5.8 14 360   M    M   0 1      17  20
 8  72  41  57  -1   8   0 0.00    M    M  5.3 14  10   M    M   4 1      16  10
 9  63  49  56  -3   9   0 0.00    M    M  4.3 14  10   M    M   5        16  10
10  67  45  56  -3   9   0 0.00    M    M  6.7 15 350   M    M   1 1      18 350
11  74  45  60   1   5   0 0.00    M    M  5.3 15 350   M    M   0        21  20
12  76  51  64   4   1   0 0.07    M    M  3.0 12 290   M    M   4 1      16 310
13  81  53  67   7   0   2 0.00    M    M  9.2 18 290   M    M   1        26 310
14  82  48  65   5   0   0 0.00    M    M  5.1 14 360   M    M   1        17 360
15  70  54  62   1   3   0 3.34    M    M  9.4 28 340   M    M   5 13     39 170
16  78  55  67   6   0   2 1.17    M    M  5.8 24 200   M    M   5 13     31 190
17  82  63  73  12   0   8 3.37    M    M  6.5 26 300   M    M   8 13     35 300
18  75  53  64   3   1   0 0.00    M    M  6.2 14  30   M    M   3 1      17  20
19  72  50  61  -1   4   0 0.00    M    M  5.8 16  40   M    M   0 1      19  50
20  82  50  66   4   0   1 0.00    M    M  3.7 18  50   M    M   0        23  50
21  69  44  57  -5   8   0 0.00    M    M  6.5 18  20   M    M   1 1      21  20
22  80  43  62  -1   3   0 0.00    M    M  3.0 10 350   M    M   0 1      11 350
23  78  48  63   0   2   0 0.00    M    M  5.3 15 360   M    M   1 12     17 360
================================================================================
SM 1653 1082       135  13  8.72    M    150.0          M       71
================================================================================
AV 71.9 47.0                               6.5 FASTST   M    M   3    MAX(MPH)
                                 MISC ---->  # 28 340               # 39  170
================================================================================
NOTES:
# LAST OF SEVERAL OCCURRENCES

COLUMN 17 PEAK WIND IN M.P.H.

PRELIMINARY LOCAL CLIMATOLOGICAL DATA (WS FORM: F-6) , PAGE 2

                                          STATION:  ASHLAND
                                          MONTH:    JUNE
                                          YEAR:     2018
                                          LATITUDE:   46 32 N
                                          LONGITUDE:  90 55 W

[TEMPERATURE DATA]      [PRECIPITATION DATA]       SYMBOLS USED IN COLUMN 16

AVERAGE MONTHLY: 59.5   TOTAL FOR MONTH:   8.72    1 = FOG OR MIST
DPTR FM NORMAL:  -0.1   DPTR FM NORMAL:    5.69    2 = FOG REDUCING VISIBILITY
HIGHEST:    82 ON 20,17 GRTST 24HR  3.37 ON 17-17      TO 1/4 MILE OR LESS
LOWEST:     38 ON  6                               3 = THUNDER
                        SNOW, ICE PELLETS, HAIL    4 = ICE PELLETS
                        TOTAL MONTH:    M          5 = HAIL
                        GRTST 24HR    M  ON   M    6 = FREEZING RAIN OR DRIZZLE
                        GRTST DEPTH:  M  ON   M    7 = DUSTSTORM OR SANDSTORM:
                                                       VSBY 1/2 MILE OR LESS
                                                   8 = SMOKE OR HAZE
[NO. OF DAYS WITH]      [WEATHER - DAYS WITH]      9 = BLOWING SNOW
                                                   X = TORNADO
MAX 32 OR BELOW:   0    0.01 INCH OR MORE:   7
MAX 90 OR ABOVE:   0    0.10 INCH OR MORE:   5
MIN 32 OR BELOW:   0    0.50 INCH OR MORE:   4
MIN  0 OR BELOW:   0    1.00 INCH OR MORE:   3

[HDD (BASE 65) ]
TOTAL THIS MO.   135    CLEAR  (SCALE 0-3)  12
DPTR FM NORMAL    -8    PTCLDY (SCALE 4-7)  10
TOTAL FM JUL 1  9064    CLOUDY (SCALE 8-10)  1
DPTR FM NORMAL   150

[CDD (BASE 65) ]
TOTAL THIS MO.    13
DPTR FM NORMAL    -5    [PRESSURE DATA]
TOTAL FM JAN 1    45    HIGHEST SLP M ON M
DPTR FM NORMAL    21    LOWEST  SLP 29.64 ON 16

[REMARKS]
