000
CXUS53 KDLH 230631
CF6ASX
PRELIMINARY LOCAL CLIMATOLOGICAL DATA (WS FORM: F-6)

                                          STATION:   ASHLAND
                                          MONTH:     FEBRUARY
                                          YEAR:      2018
                                          LATITUDE:   46 32 N
                                          LONGITUDE:  90 55 W

  TEMPERATURE IN F:       :PCPN:    SNOW:  WIND      :SUNSHINE: SKY     :PK WND
================================================================================
1   2   3   4   5  6A  6B    7    8   9   10  11  12  13   14  15   16   17  18
                                     12Z  AVG MX 2MIN
DY MAX MIN AVG DEP HDD CDD  WTR  SNW DPTH SPD SPD DIR MIN PSBL S-S WX    SPD DR
================================================================================

 1   5  -6   0 -14  65   0    M    M    M 12.4 22 280   M    M   6 8      27 300
 2   7 -11  -2 -16  67   0    M    M    M  9.1 15 220   M    M   4 1      19 220
 3  12   3   8  -7  57   0    M    M    M  8.6 21  20   M    M  10 128    25  20
 4   4  -7  -1 -16  66   0    M    M    M 11.9 22 230   M    M   3 8      30 230
 5  13  -5   4 -11  61   0    M    M    M  9.9 16 240   M    M   3        20 250
 6  11 -15  -2 -17  67   0    M    M    M  8.4 16 210   M    M   1        20 210
 7  15  -3   6 -10  59   0    M    M    M  8.1 13 240   M    M   3 18     16 240
 8  11  -9   1 -15  64   0    M    M    M  7.5 14 250   M    M   1 8      16 240
 9  12 -12   0 -16  65   0    M    M    M  7.6 14 240   M    M   0 8      17 230
10  16  -6   5 -11  60   0    M    M    M  9.0 15 230   M    M   0        18 230
11  19 -11   4 -13  61   0    M    M    M 10.8 23 260   M    M   3        33 270
12  10  -7   2 -15  63   0    M    M    M  7.6 13 250   M    M   1        16 260
13  30  -2  14  -3  51   0    M    M    M 14.5 29 210   M    M   5        39 200
14  48  22  35  18  30   0    M    M    M 12.2 21 210   M    M   0 8      26 220
15  35  17  26   8  39   0    M    M    M 10.4 22 310   M    M   6 18     29 300
16  19  -3   8 -10  57   0    M    M    M 14.2 22 210   M    M   1        30 200
17  33  15  24   6  41   0    M    M    M 12.6 22 210   M    M   4 8      26 270
18  28   4  16  -3  49   0    M    M    M  8.8 20  10   M    M   8 18     25  10
19  21  17  19   0  46   0    M    M    M 18.9 28  40   M    M   9 126    35  60
20  22   8  15  -4  50   0    M    M    M 10.4 22  50   M    M   9 16     27  50
21  22  -1  11  -9  54   0    M    M    M  9.8 17 230   M    M   1        21 220
22  22 -10   6 -14  59   0    M    M    M  3.6  9 360   M    M   5 1      11 360
================================================================================
SM  415  -22      1231   0    M     M    226.3          M       83
================================================================================
AV 18.9 -1.0                              10.3 FASTST   M    M   4    MAX(MPH)
                                 MISC ---->  # 29 210               # 39  200
================================================================================
NOTES:
# LAST OF SEVERAL OCCURRENCES

COLUMN 17 PEAK WIND IN M.P.H.

PRELIMINARY LOCAL CLIMATOLOGICAL DATA (WS FORM: F-6) , PAGE 2

                                          STATION:  ASHLAND
                                          MONTH:    FEBRUARY
                                          YEAR:     2018
                                          LATITUDE:   46 32 N
                                          LONGITUDE:  90 55 W

[TEMPERATURE DATA]      [PRECIPITATION DATA]       SYMBOLS USED IN COLUMN 16

AVERAGE MONTHLY:  8.9   TOTAL FOR MONTH:      M    1 = FOG OR MIST
DPTR FM NORMAL:  -7.9   DPTR FM NORMAL:       M    2 = FOG REDUCING VISIBILITY
HIGHEST:    48 ON 14    GRTST 24HR    T  ON 31- 1      TO 1/4 MILE OR LESS
LOWEST:    -15 ON  6                               3 = THUNDER
                        SNOW, ICE PELLETS, HAIL    4 = ICE PELLETS
                        TOTAL MONTH:    M          5 = HAIL
                        GRTST 24HR    M  ON   M    6 = FREEZING RAIN OR DRIZZLE
                        GRTST DEPTH:  M  ON   M    7 = DUSTSTORM OR SANDSTORM:
                                                       VSBY 1/2 MILE OR LESS
                                                   8 = SMOKE OR HAZE
[NO. OF DAYS WITH]      [WEATHER - DAYS WITH]      9 = BLOWING SNOW
                                                   X = TORNADO
MAX 32 OR BELOW:  19    0.01 INCH OR MORE:   0
MAX 90 OR ABOVE:   0    0.10 INCH OR MORE:   0
MIN 32 OR BELOW:  22    0.50 INCH OR MORE:   0
MIN  0 OR BELOW:  15    1.00 INCH OR MORE:   0

[HDD (BASE 65) ]
TOTAL THIS MO.  1231    CLEAR  (SCALE 0-3)   9
DPTR FM NORMAL   171    PTCLDY (SCALE 4-7)  10
TOTAL FM JUL 1  6205    CLOUDY (SCALE 8-10)  3
DPTR FM NORMAL    40

[CDD (BASE 65) ]
TOTAL THIS MO.     0
DPTR FM NORMAL     0    [PRESSURE DATA]
TOTAL FM JAN 1     0    HIGHEST SLP M ON M
DPTR FM NORMAL     0    LOWEST  SLP 29.52 ON M

[REMARKS]
