000
CXUS53 KDLH 220631
CF6ASX
PRELIMINARY LOCAL CLIMATOLOGICAL DATA (WS FORM: F-6)

                                          STATION:   ASHLAND
                                          MONTH:     SEPTEMBER
                                          YEAR:      2018
                                          LATITUDE:   46 32 N
                                          LONGITUDE:  90 55 W

  TEMPERATURE IN F:       :PCPN:    SNOW:  WIND      :SUNSHINE: SKY     :PK WND
================================================================================
1   2   3   4   5  6A  6B    7    8   9   10  11  12  13   14  15   16   17  18
                                     12Z  AVG MX 2MIN
DY MAX MIN AVG DEP HDD CDD  WTR  SNW DPTH SPD SPD DIR MIN PSBL S-S WX    SPD DR
================================================================================

 1  84  61  73  11   0   8 0.00    M    M  5.4 14 270   M    M   3 12     24 220
 2  79  58  69   7   0   4 1.20    M    M  6.1 33 220   M    M   3 123    48 200
 3  74  50  62   1   3   0 0.00    M    M  5.5 14  50   M    M   1 12     16 360
 4  74  61  68   7   0   3 0.52    M    M  3.3 13 220   M    M   9 1      17 210
 5  70  49  60  -1   5   0 0.27    M    M  6.8 17 360   M    M   4 1      22 360
 6  70  41  56  -4   9   0 0.00    M    M  3.8  9  20   M    M   0        12  20
 7  73  46  60   0   5   0 0.00    M    M  5.4 14  30   M    M   1 1      17  40
 8  66  45  56  -4   9   0 0.00    M    M  7.1 16  40   M    M   2 1      20  20
 9  72  38  55  -4  10   0 0.00    M    M  4.6 14 200   M    M   0 1      19 200
10  76  45  61   2   4   0 0.00    M    M  7.5 16 180   M    M   2        20 180
11  81  59  70  11   0   5 0.00    M    M 10.5 23 200   M    M   2        30 190
12  80  56  68  10   0   3 0.00    M    M  7.4 16 210   M    M   1 12     24 190
13  83  57  70  12   0   5 0.00    M    M  9.5 23 200   M    M   1 1      32 200
14  81  66  74  16   0   9 0.00    M    M  6.3 14 190   M    M   8 1      21 210
15  71  62  67  10   0   2 0.19    M    M  7.5 16 120   M    M   9 123    22 130
16  87  61  74  17   0   9 0.00    M    M  8.2 20 210   M    M   4 12     27 210
17  74  55  65   9   0   0 0.00    M    M  8.9 17 210   M    M   2        23 200
18  60  49  55  -1  10   0 0.00    M    M  8.9 18  40   M    M   9 1      24  40
19  58  51  55  -1  10   0 0.04    M    M  5.7 12  20   M    M  10 1      13  20
20  62  56  59   4   6   0 1.05    M    M 10.4 17  60   M    M  10 13     23  70
21  65  40  53  -2  12   0 0.01    M    M 13.3 25 300   M    M   7 18     35 240
================================================================================
SM 1540 1106        83  48  3.28    M    152.1          M       88
================================================================================
AV 73.3 52.7                               7.2 FASTST   M    M   4    MAX(MPH)
                                 MISC ---->  # 33 220               # 48  200
================================================================================
NOTES:
# LAST OF SEVERAL OCCURRENCES

COLUMN 17 PEAK WIND IN M.P.H.

PRELIMINARY LOCAL CLIMATOLOGICAL DATA (WS FORM: F-6) , PAGE 2

                                          STATION:  ASHLAND
                                          MONTH:    SEPTEMBER
                                          YEAR:     2018
                                          LATITUDE:   46 32 N
                                          LONGITUDE:  90 55 W

[TEMPERATURE DATA]      [PRECIPITATION DATA]       SYMBOLS USED IN COLUMN 16

AVERAGE MONTHLY: 63.0   TOTAL FOR MONTH:   3.28    1 = FOG OR MIST
DPTR FM NORMAL:   4.5   DPTR FM NORMAL:    0.82    2 = FOG REDUCING VISIBILITY
HIGHEST:    87 ON 16    GRTST 24HR  1.20 ON  2- 2      TO 1/4 MILE OR LESS
LOWEST:     38 ON  9                               3 = THUNDER
                        SNOW, ICE PELLETS, HAIL    4 = ICE PELLETS
                        TOTAL MONTH:    M          5 = HAIL
                        GRTST 24HR    M  ON   M    6 = FREEZING RAIN OR DRIZZLE
                        GRTST DEPTH:  M  ON   M    7 = DUSTSTORM OR SANDSTORM:
                                                       VSBY 1/2 MILE OR LESS
                                                   8 = SMOKE OR HAZE
[NO. OF DAYS WITH]      [WEATHER - DAYS WITH]      9 = BLOWING SNOW
                                                   X = TORNADO
MAX 32 OR BELOW:   0    0.01 INCH OR MORE:   7
MAX 90 OR ABOVE:   0    0.10 INCH OR MORE:   5
MIN 32 OR BELOW:   0    0.50 INCH OR MORE:   3
MIN  0 OR BELOW:   0    1.00 INCH OR MORE:   2

[HDD (BASE 65) ]
TOTAL THIS MO.    83    CLEAR  (SCALE 0-3)  10
DPTR FM NORMAL   -73    PTCLDY (SCALE 4-7)   6
TOTAL FM JUL 1   153    CLOUDY (SCALE 8-10)  5
DPTR FM NORMAL  -140

[CDD (BASE 65) ]
TOTAL THIS MO.    48
DPTR FM NORMAL    31    [PRESSURE DATA]
TOTAL FM JAN 1   337    HIGHEST SLP M ON M
DPTR FM NORMAL   104    LOWEST  SLP 29.55 ON 20

[REMARKS]
