000
CXUS51 KGYX 181000
CF6AUG
PRELIMINARY LOCAL CLIMATOLOGICAL DATA (WS FORM: F-6)

                                          STATION:   AUGUSTA
                                          MONTH:     FEBRUARY
                                          YEAR:      2018
                                          LATITUDE:   44 18 N
                                          LONGITUDE:  69 48 W

  TEMPERATURE IN F:       :PCPN:    SNOW:  WIND      :SUNSHINE: SKY     :PK WND
================================================================================
1   2   3   4   5  6A  6B    7    8   9   10  11  12  13   14  15   16   17  18
                                     12Z  AVG MX 2MIN
DY MAX MIN AVG DEP HDD CDD  WTR  SNW DPTH SPD SPD DIR MIN PSBL S-S WX    SPD DR
================================================================================

 1  32  24  28   8  37   0 0.04    M    0  5.4 12 210   M    M   9 18     21 200
 2  32   3  18  -2  47   0 0.11    M    M 11.0 25 310   M    M   5 189    36 310
 3  17   1   9 -11  56   0 0.00  0.0    0  7.2 15 270   M    M   0        21 270
 4  40  15  28   7  37   0 0.76    M    M  8.3 18 210   M    M  10 18     27 220
 5  41  13  27   6  38   0 0.28    M    M 10.2 24 290   M    M   5 12     34 310
 6  28  13  21   0  44   0 0.00  0.0    M  2.7 12 220   M    M   4        16 220
 7  21  11  16  -5  49   0 0.43    M    M  8.0 20 350   M    M   7 12     23 350
 8  24  10  17  -4  48   0    T    M    M  9.3 20 330   M    M   0 8      28 300
 9  25   4  15  -7  50   0    T    M    M  3.9 10 230   M    M   2 1      15 250
10  37  19  28   6  37   0    T    M    M  3.2  9 340   M    M  10 126    11 340
11  33  31  32  10  33   0 0.29    M    M  8.6 16  20   M    M  10 126    24  20
12  35  20  28   6  37   0 0.00  0.0    M  9.0 21 320   M    M   3 128    31 300
13  26  12  19  -4  46   0 0.00  0.0    M  5.4 15 330   M    M   0        19 320
14  40  22  31   8  34   0 0.00  0.0    M  6.1 13 220   M    M   5        20 210
15  45  23  34  11  31   0 0.00  0.0    0  4.4 12 180   M    M   2 12     16 180
16  45  24  35  12  30   0    T    M    0  7.4 23 310   M    M   5 12     32 320
17  30  16  23  -1  42   0 0.04    M    0  6.0 22 320   M    M   1 1      29 310
================================================================================
SM  551  261       696   0  1.95     0.0 116.1          M       78
================================================================================
AV 32.4 15.4                               6.8 FASTST   M    M   5    MAX(MPH)
                                 MISC ---->  # 25 310               # 36  310
================================================================================
NOTES:
# LAST OF SEVERAL OCCURRENCES

COLUMN 17 PEAK WIND IN M.P.H.

PRELIMINARY LOCAL CLIMATOLOGICAL DATA (WS FORM: F-6) , PAGE 2

                                          STATION:  AUGUSTA
                                          MONTH:    FEBRUARY
                                          YEAR:     2018
                                          LATITUDE:   44 18 N
                                          LONGITUDE:  69 48 W

[TEMPERATURE DATA]      [PRECIPITATION DATA]       SYMBOLS USED IN COLUMN 16

AVERAGE MONTHLY: 23.9   TOTAL FOR MONTH:   1.95    1 = FOG OR MIST
DPTR FM NORMAL:   2.2   DPTR FM NORMAL:    0.51    2 = FOG REDUCING VISIBILITY
HIGHEST:    45 ON 16,15 GRTST 24HR  0.76 ON  4- 4      TO 1/4 MILE OR LESS
LOWEST:      1 ON  3                               3 = THUNDER
                        SNOW, ICE PELLETS, HAIL    4 = ICE PELLETS
                        TOTAL MONTH:   0.0 INCH    5 = HAIL
                        GRTST 24HR     0.0         6 = FREEZING RAIN OR DRIZZLE
                        GRTST DEPTH:   0           7 = DUSTSTORM OR SANDSTORM:
                                                       VSBY 1/2 MILE OR LESS
                                                   8 = SMOKE OR HAZE
[NO. OF DAYS WITH]      [WEATHER - DAYS WITH]      9 = BLOWING SNOW
                                                   X = TORNADO
MAX 32 OR BELOW:   9    0.01 INCH OR MORE:   7
MAX 90 OR ABOVE:   0    0.10 INCH OR MORE:   5
MIN 32 OR BELOW:  17    0.50 INCH OR MORE:   1
MIN  0 OR BELOW:   0    1.00 INCH OR MORE:   0

[HDD (BASE 65) ]
TOTAL THIS MO.   696    CLEAR  (SCALE 0-3)   7
DPTR FM NORMAL   -40    PTCLDY (SCALE 4-7)   6
TOTAL FM JUL 1  4666    CLOUDY (SCALE 8-10)  4
DPTR FM NORMAL  -241

[CDD (BASE 65) ]
TOTAL THIS MO.     0
DPTR FM NORMAL     0    [PRESSURE DATA]
TOTAL FM JAN 1     0    HIGHEST SLP M ON M
DPTR FM NORMAL     0    LOWEST  SLP 29.44 ON  5

[REMARKS]
