000
CXUS53 KGID 210730
CF6AUH
PRELIMINARY LOCAL CLIMATOLOGICAL DATA (WS FORM: F-6)

                                          STATION:   AURORA
                                          MONTH:     OCTOBER
                                          YEAR:      2018
                                          LATITUDE:   40 54 N
                                          LONGITUDE:  97 59 W

  TEMPERATURE IN F:       :PCPN:    SNOW:  WIND      :SUNSHINE: SKY     :PK WND
================================================================================
1   2   3   4   5  6A  6B    7    8   9   10  11  12  13   14  15   16   17  18
                                     12Z  AVG MX 2MIN
DY MAX MIN AVG DEP HDD CDD  WTR  SNW DPTH SPD SPD DIR MIN PSBL S-S WX    SPD DR
================================================================================

 1  55  46  51  -7  14   0 0.09    M    M  4.6  9 340   M    M  10 1       M  M
 2  70  50  60   2   5   0 0.00    M    M  4.9  9 180   M    M   7 1       M  M
 3  93  46  70  13   0   5 0.00    M    M 17.2 29 360   M    M   0        40 350
 4  45  37  41 -16  24   0 0.04    M    M 10.2 22  10   M    M   6        31  10
 5  51  35  43 -13  22   0 0.02    M    M  4.4 18 350   M    M   9 123    24 350
 6  57  40  49  -7  16   0 0.00    M    M  9.9 18 350   M    M   5        28  10
 7  47  41  44 -12  21   0 0.48    M    M  5.9  9  80   M    M  10 1       M  M
 8  51  46  49  -6  16   0 0.31    M    M  7.0 12  30   M    M  10 1      17 320
 9  46  41  44 -11  21   0 1.53    M    M 13.8 24  10   M    M  10 1      32  10
10  46  35  41 -13  24   0 0.00    M    M 13.7 20 320   M    M  10 1      28 320
11  51  28  40 -14  25   0    T    M    M  3.6 12 320   M    M   4        17 320
12  53  33  43 -11  22   0 0.14    M    M  3.4 15 300   M    M   7        22 300
13  66  34  50  -3  15   0 0.03    M    M  9.6 16  10   M    M   5        23  10
14  43  30  37 -16  28   0    M    M    M 15.2 24  10   M    M  10 1      36  10
15  47  24  36 -17  29   0 0.00    M    M  6.2 10 310   M    M   1        16 260
16  69  32  51  -1  14   0 0.00    M    M  7.4 16 310   M    M   0        23 310
17  68  35  52   0  13   0 0.00    M    M  4.1  8 290   M    M   0         M  M
18  69  42  56   4   9   0 0.01    M    M  9.8 18 190   M    M   2        29 200
19  73  43  58   7   7   0    T    M    M 10.5 18 350   M    M   2        28 350
20  61  34  48  -3  17   0 0.00    M    M  8.7 20 350   M    M   0        28 350
================================================================================
SM 1161  752       342   5  2.65    M    170.1          M      108
================================================================================
AV 58.1 37.6                               8.5 FASTST   M    M   5    MAX(MPH)
                                 MISC ---->  # 29 360               # 40  350
================================================================================
NOTES:
# LAST OF SEVERAL OCCURRENCES

COLUMN 17 PEAK WIND IN M.P.H.

PRELIMINARY LOCAL CLIMATOLOGICAL DATA (WS FORM: F-6) , PAGE 2

                                          STATION:  AURORA
                                          MONTH:    OCTOBER
                                          YEAR:     2018
                                          LATITUDE:   40 54 N
                                          LONGITUDE:  97 59 W

[TEMPERATURE DATA]      [PRECIPITATION DATA]       SYMBOLS USED IN COLUMN 16

AVERAGE MONTHLY: 47.8   TOTAL FOR MONTH:   2.65    1 = FOG OR MIST
DPTR FM NORMAL:  -6.5   DPTR FM NORMAL:    0.84    2 = FOG REDUCING VISIBILITY
HIGHEST:    93 ON  3    GRTST 24HR  1.53 ON  9- 9      TO 1/4 MILE OR LESS
LOWEST:     24 ON 15                               3 = THUNDER
                        SNOW, ICE PELLETS, HAIL    4 = ICE PELLETS
                        TOTAL MONTH:    M          5 = HAIL
                        GRTST 24HR    M  ON   M    6 = FREEZING RAIN OR DRIZZLE
                        GRTST DEPTH:  M  ON   M    7 = DUSTSTORM OR SANDSTORM:
                                                       VSBY 1/2 MILE OR LESS
                                                   8 = SMOKE OR HAZE
[NO. OF DAYS WITH]      [WEATHER - DAYS WITH]      9 = BLOWING SNOW
                                                   X = TORNADO
MAX 32 OR BELOW:   0    0.01 INCH OR MORE:   9
MAX 90 OR ABOVE:   1    0.10 INCH OR MORE:   4
MIN 32 OR BELOW:   4    0.50 INCH OR MORE:   1
MIN  0 OR BELOW:   0    1.00 INCH OR MORE:   1

[HDD (BASE 65) ]
TOTAL THIS MO.   342    CLEAR  (SCALE 0-3)   7
DPTR FM NORMAL   119    PTCLDY (SCALE 4-7)   6
TOTAL FM JUL 1   449    CLOUDY (SCALE 8-10)  7
DPTR FM NORMAL   103

[CDD (BASE 65) ]
TOTAL THIS MO.     5
DPTR FM NORMAL    -2    [PRESSURE DATA]
TOTAL FM JAN 1  1085    HIGHEST SLP M ON M
DPTR FM NORMAL   109    LOWEST  SLP M ON M

[REMARKS]
