000
CXUS53 KARX 170930
CF6AUM
PRELIMINARY LOCAL CLIMATOLOGICAL DATA (WS FORM: F-6)

                                          STATION:   AUSTIN MUNI MN
                                          MONTH:     NOVEMBER
                                          YEAR:      2018
                                          LATITUDE:   43 40 N
                                          LONGITUDE:  92 56 W

  TEMPERATURE IN F:       :PCPN:    SNOW:  WIND      :SUNSHINE: SKY     :PK WND
================================================================================
1   2   3   4   5  6A  6B    7    8   9   10  11  12  13   14  15   16   17  18
                                     12Z  AVG MX 2MIN
DY MAX MIN AVG DEP HDD CDD  WTR  SNW DPTH SPD SPD DIR MIN PSBL S-S WX    SPD DR
================================================================================

 1  54  28  41   M  24   0 0.00  0.0    0  2.6  8  60   M    M   0         M  M
 2  50  34  42   M  23   0 0.00  0.0    0  4.2 10  50   M    M   6         M  M
 3  43  36  40   M  25   0 0.09  0.0    0 11.2 17 100   M    M   9        23 100
 4  39  36  38   M  27   0    M  0.0    0 10.7 16  90   M    M  10 1      22  70
 5  45  36  41   M  24   0    M    M    0  8.0 12 140   M    M   9        18 160
 6  41  30  36   M  29   0    M    M    0 13.1 25 300   M    M  10 1      33 300
 7  30  25  28   M  37   0    M    M    0 15.2 21 280   M    M  10        30 310
 8  27  21  24   M  41   0    M    M    0  5.5 12 330   M    M  10        17 320
 9  25  10  18   M  47   0    M    M    T 12.7 24 310   M    M   6        32 310
10  23   1  12   M  53   0 0.00  0.0    M  7.6 14 290   M    M   4        18 290
11  30  21  26   M  39   0    T    T    T  9.7 18 310   M    M  10        24 310
12  21  14  18   M  47   0    T    T    M 11.3 18 310   M    M   9        27 320
13  23   7  15   M  50   0    T    T    0  6.2 14 300   M    M   1        23 330
14  43  16  30   M  35   0 0.00  0.0    0  9.6 18 190   M    M   0        23 190
15  45  23  34   M  31   0    M    M    M 12.9 18 200   M    M   3        28 300
16  32  25  29   M  36   0    M    M    M  9.0 21 310   M    M  10 1      25 310
================================================================================
SM  571  363       568   0  0.09    T    149.5          M      107
================================================================================
AV 35.7 22.7                               9.3 FASTST   M    M   7    MAX(MPH)
                                 MISC ---->  # 25 300               # 33  300
================================================================================
NOTES:
# LAST OF SEVERAL OCCURRENCES

COLUMN 17 PEAK WIND IN M.P.H.

PRELIMINARY LOCAL CLIMATOLOGICAL DATA (WS FORM: F-6) , PAGE 2

                                          STATION:  AUSTIN MUNI MN
                                          MONTH:    NOVEMBER
                                          YEAR:     2018
                                          LATITUDE:   43 40 N
                                          LONGITUDE:  92 56 W

[TEMPERATURE DATA]      [PRECIPITATION DATA]       SYMBOLS USED IN COLUMN 16

AVERAGE MONTHLY: 29.2   TOTAL FOR MONTH:   0.09    1 = FOG OR MIST
DPTR FM NORMAL:     M   DPTR FM NORMAL:       M    2 = FOG REDUCING VISIBILITY
HIGHEST:    54 ON  1    GRTST 24HR  0.09 ON  3- 3      TO 1/4 MILE OR LESS
LOWEST:      1 ON 10                               3 = THUNDER
                        SNOW, ICE PELLETS, HAIL    4 = ICE PELLETS
                        TOTAL MONTH:    T          5 = HAIL
                        GRTST 24HR    T  ON 13-13  6 = FREEZING RAIN OR DRIZZLE
                        GRTST DEPTH:   0           7 = DUSTSTORM OR SANDSTORM:
                                                       VSBY 1/2 MILE OR LESS
                                                   8 = SMOKE OR HAZE
[NO. OF DAYS WITH]      [WEATHER - DAYS WITH]      9 = BLOWING SNOW
                                                   X = TORNADO
MAX 32 OR BELOW:   8    0.01 INCH OR MORE:   1
MAX 90 OR ABOVE:   0    0.10 INCH OR MORE:   0
MIN 32 OR BELOW:  12    0.50 INCH OR MORE:   0
MIN  0 OR BELOW:   0    1.00 INCH OR MORE:   0

[HDD (BASE 65) ]
TOTAL THIS MO.   568    CLEAR  (SCALE 0-3)   4
DPTR FM NORMAL     M    PTCLDY (SCALE 4-7)   3
TOTAL FM JUL 1  1348    CLOUDY (SCALE 8-10)  9
DPTR FM NORMAL     M

[CDD (BASE 65) ]
TOTAL THIS MO.     0
DPTR FM NORMAL     M    [PRESSURE DATA]
TOTAL FM JAN 1   740    HIGHEST SLP M ON M
DPTR FM NORMAL     M    LOWEST  SLP M ON M

[REMARKS]
