000
CXUS53 KGRB 170706
CF6AUW
PRELIMINARY LOCAL CLIMATOLOGICAL DATA (WS FORM: F-6)

                                          STATION:   WAUSAU WI
                                          MONTH:     OCTOBER
                                          YEAR:      2018
                                          LATITUDE:   44 55 N
                                          LONGITUDE:  89 37 W

  TEMPERATURE IN F:       :PCPN:    SNOW:  WIND      :SUNSHINE: SKY     :PK WND
================================================================================
1   2   3   4   5  6A  6B    7    8   9   10  11  12  13   14  15   16   17  18
                                     12Z  AVG MX 2MIN
DY MAX MIN AVG DEP HDD CDD  WTR  SNW DPTH SPD SPD DIR MIN PSBL S-S WX    SPD DR
================================================================================

 1  49  44  47  -5  18   0 0.75  0.0    0  6.5 20 100   M    M  10 1      27 100
 2  54  45  50  -1  15   0    T  0.0    0  5.8 18 160   M    M  10 1      24 140
 3  76  51  64  13   1   0 1.27  0.0    0 13.0 30 260   M    M  10 13     43 250
 4  52  37  45  -5  20   0 0.03  0.0    0  9.3 24 310   M    M   4        39 300
 5  46  40  43  -7  22   0 0.10  0.0    0  8.4 20 100   M    M  10 1      28 100
 6  52  45  49  -1  16   0    T  0.0    0  6.0 12 360   M    M  10 1      17 340
 7  47  42  45  -4  20   0 0.06  0.0    0  7.9 14  90   M    M  10 1      19  70
 8  62  45  54   5  11   0 0.54  0.0    0  6.0 10  90   M    M  10 1       M  M
 9  65  47  56   7   9   0 1.72  0.0    0  5.6 21  80   M    M   8 13     27  80
10  66  44  55   7  10   0 0.60  0.0    0  9.3 24 280   M    M   8 1      33 270
11  44  34  39  -9  26   0    T  0.0    0 17.9 31 290   M    M  10 1      41 300
12  34  26  30 -18  35   0 0.00  0.0    0  7.0 17 270   M    M   8        24 290
13  50  25  38  -9  27   0 0.00  0.0    0  8.1 21 180   M    M   6        27 170
14  47  32  40  -7  25   0 0.34  0.5    0  6.5 15 350   M    M  10 1      20 350
15  38  29  34 -12  31   0 0.00  0.0    0 10.8 21 280   M    M   6        29 280
16  54  34  44  -2  21   0 0.00  0.0    0 10.3 26 270   M    M   5        35 290
================================================================================
SM  836  620       307   0  5.41     0.5 138.4          M      135
================================================================================
AV 52.3 38.8                               8.7 FASTST   M    M   8    MAX(MPH)
                                 MISC ---->  # 31 290               # 43  250
================================================================================
NOTES:
# LAST OF SEVERAL OCCURRENCES

COLUMN 17 PEAK WIND IN M.P.H.

PRELIMINARY LOCAL CLIMATOLOGICAL DATA (WS FORM: F-6) , PAGE 2

                                          STATION:  WAUSAU WI
                                          MONTH:    OCTOBER
                                          YEAR:     2018
                                          LATITUDE:   44 55 N
                                          LONGITUDE:  89 37 W

[TEMPERATURE DATA]      [PRECIPITATION DATA]       SYMBOLS USED IN COLUMN 16

AVERAGE MONTHLY: 45.5   TOTAL FOR MONTH:   5.41    1 = FOG OR MIST
DPTR FM NORMAL:  -3.3   DPTR FM NORMAL:    3.71    2 = FOG REDUCING VISIBILITY
HIGHEST:    76 ON  3    GRTST 24HR  1.72 ON  9- 9      TO 1/4 MILE OR LESS
LOWEST:     25 ON 13                               3 = THUNDER
                        SNOW, ICE PELLETS, HAIL    4 = ICE PELLETS
                        TOTAL MONTH:   0.5 INCH    5 = HAIL
                        GRTST 24HR   0.5 ON 14-14  6 = FREEZING RAIN OR DRIZZLE
                        GRTST DEPTH:   0           7 = DUSTSTORM OR SANDSTORM:
                                                       VSBY 1/2 MILE OR LESS
                                                   8 = SMOKE OR HAZE
[NO. OF DAYS WITH]      [WEATHER - DAYS WITH]      9 = BLOWING SNOW
                                                   X = TORNADO
MAX 32 OR BELOW:   0    0.01 INCH OR MORE:   9
MAX 90 OR ABOVE:   0    0.10 INCH OR MORE:   7
MIN 32 OR BELOW:   4    0.50 INCH OR MORE:   5
MIN  0 OR BELOW:   0    1.00 INCH OR MORE:   2

[HDD (BASE 65) ]
TOTAL THIS MO.   307    CLEAR  (SCALE 0-3)   0
DPTR FM NORMAL    46    PTCLDY (SCALE 4-7)   7
TOTAL FM JUL 1   517    CLOUDY (SCALE 8-10)  9
DPTR FM NORMAL   -37

[CDD (BASE 65) ]
TOTAL THIS MO.     0
DPTR FM NORMAL     0    [PRESSURE DATA]
TOTAL FM JAN 1   628    HIGHEST SLP M ON M
DPTR FM NORMAL   223    LOWEST  SLP 29.45 ON  3

[REMARKS]
