000
CXUS55 KLOX 171155
CF6AVX
PRELIMINARY LOCAL CLIMATOLOGICAL DATA (WS FORM: F-6)

                                          STATION:   AVALON
                                          MONTH:     OCTOBER
                                          YEAR:      2018
                                          LATITUDE:   33 24 N
                                          LONGITUDE: 118 25 W

  TEMPERATURE IN F:       :PCPN:    SNOW:  WIND      :SUNSHINE: SKY     :PK WND
================================================================================
1   2   3   4   5  6A  6B    7    8   9   10  11  12  13   14  15   16   17  18
                                     12Z  AVG MX 2MIN
DY MAX MIN AVG DEP HDD CDD  WTR  SNW DPTH SPD SPD DIR MIN PSBL S-S WX    SPD DR
================================================================================

 1  84  69  77   M   0  12 0.00  0.0    0  5.0 14 260   M    M   1        16 260
 2  74  61  68   M   0   3 0.00  0.0    0  6.7 14 240   M    M   7 128    17 250
 3  71  60  66   M   0   1 0.09  0.0    0  5.5 15 260   M    M   9 12     24 150
 4  63  58  61   M   4   0 0.40  0.0    0  6.3 15 260   M    M   8 12     20 260
 5  68  58  63   M   2   0 0.00  0.0    0  7.2 14 250   M    M   4 12     16 250
 6  68  58  63   M   2   0 0.00  0.0    0  5.3 12 260   M    M   5 12     15 270
 7  67  58  63   M   2   0 0.00  0.0    0  6.4 16 250   M    M   4 12     20 240
 8  68  56  62   M   3   0 0.00  0.0    0  5.8 12 260   M    M   3 1      15 280
 9  66  54  60   M   5   0 0.00  0.0    0  5.9 14 250   M    M   5 1      16 240
10  62  54  58   M   7   0 0.00  0.0    0  4.9 13 240   M    M   7        17 270
11  64  57  61   M   4   0 0.00  0.0    0  5.4 12 320   M    M   6        14  10
12  65  56  61   M   4   0 0.39  0.0    0 10.9 20 250   M    M   5 1238   24 260
13  62  56  59   M   6   0    T  0.0    0  6.8 13 260   M    M   7 1      15 260
14  62  55  59   M   6   0 0.00  0.0    0  5.8 12 250   M    M   5 1      14 260
15  72  56  64   M   1   0 0.00  0.0    0 13.6 28  70   M    M   1 12     35  70
16  77  63  70   M   0   5 0.00  0.0    0  7.0 18 260   M    M   0        21 260
================================================================================
SM 1093  929        46  21  0.88     0.0 108.5          M       77
================================================================================
AV 68.3 58.1                               6.8 FASTST   M    M   5    MAX(MPH)
                                 MISC ---->  # 28  70               # 35   70
================================================================================
NOTES:
# LAST OF SEVERAL OCCURRENCES

COLUMN 17 PEAK WIND IN M.P.H.

PRELIMINARY LOCAL CLIMATOLOGICAL DATA (WS FORM: F-6) , PAGE 2

                                          STATION:  AVALON
                                          MONTH:    OCTOBER
                                          YEAR:     2018
                                          LATITUDE:   33 24 N
                                          LONGITUDE: 118 25 W

[TEMPERATURE DATA]      [PRECIPITATION DATA]       SYMBOLS USED IN COLUMN 16

AVERAGE MONTHLY: 63.2   TOTAL FOR MONTH:   0.88    1 = FOG OR MIST
DPTR FM NORMAL:     M   DPTR FM NORMAL:       M    2 = FOG REDUCING VISIBILITY
HIGHEST:    84 ON  1    GRTST 24HR  0.40 ON  4- 4      TO 1/4 MILE OR LESS
LOWEST:     54 ON 10, 9                            3 = THUNDER
                        SNOW, ICE PELLETS, HAIL    4 = ICE PELLETS
                        TOTAL MONTH:   0.0 INCH    5 = HAIL
                        GRTST 24HR     0.0         6 = FREEZING RAIN OR DRIZZLE
                        GRTST DEPTH:   0           7 = DUSTSTORM OR SANDSTORM:
                                                       VSBY 1/2 MILE OR LESS
                                                   8 = SMOKE OR HAZE
[NO. OF DAYS WITH]      [WEATHER - DAYS WITH]      9 = BLOWING SNOW
                                                   X = TORNADO
MAX 32 OR BELOW:   0    0.01 INCH OR MORE:   3
MAX 90 OR ABOVE:   0    0.10 INCH OR MORE:   2
MIN 32 OR BELOW:   0    0.50 INCH OR MORE:   0
MIN  0 OR BELOW:   0    1.00 INCH OR MORE:   0

[HDD (BASE 65) ]
TOTAL THIS MO.    46    CLEAR  (SCALE 0-3)   4
DPTR FM NORMAL     M    PTCLDY (SCALE 4-7)  10
TOTAL FM JUL 1    69    CLOUDY (SCALE 8-10)  2
DPTR FM NORMAL     M

[CDD (BASE 65) ]
TOTAL THIS MO.    21
DPTR FM NORMAL     M    [PRESSURE DATA]
TOTAL FM JAN 1   802    HIGHEST SLP M ON M
DPTR FM NORMAL     M    LOWEST  SLP 29.67 ON 12

[REMARKS]
