000
CXUS55 KLBF 211200
CF6BBW
PRELIMINARY LOCAL CLIMATOLOGICAL DATA (WS FORM: F-6)

                                          STATION:   BROKEN BOW
                                          MONTH:     JULY
                                          YEAR:      2018
                                          LATITUDE:   41 26 N
                                          LONGITUDE:  99 39 W

  TEMPERATURE IN F:       :PCPN:    SNOW:  WIND      :SUNSHINE: SKY     :PK WND
================================================================================
1   2   3   4   5  6A  6B    7    8   9   10  11  12  13   14  15   16   17  18
                                     12Z  AVG MX 2MIN
DY MAX MIN AVG DEP HDD CDD  WTR  SNW DPTH SPD SPD DIR MIN PSBL S-S WX    SPD DR
================================================================================

 1  80  56  68  -5   0   3 0.00    M    M  6.5 16 280   M    M   0        23 300
 2  86  61  74   1   0   9 0.00    M    M 12.2 23 160   M    M   1        32 160
 3  89  74  82   9   0  17    T    M    M 11.4 21 200   M    M   2 3      31 200
 4  90  64  77   4   0  12 0.60    M    M 12.5 29 240   M    M   M 3      47 250
 5  81  64  73  -1   0   8 0.03    M    M  6.7 29 340   M    M   2 3      38 360
 6  82  62  72  -2   0   7 0.00    M    M  7.0 15 140   M    M   4 12     20 140
 7  87  68  78   4   0  13 0.00    M    M 11.8 24 160   M    M   1        32 160
 8  88  69  79   5   0  14 0.00    M    M 12.2 23 200   M    M   0        33 140
 9  90  64  77   3   0  12 0.00    M    M  6.4 15 160   M    M   0        20 150
10  88  60  74   0   0   9 0.00    M    M  7.8 21 170   M    M   0        30 180
11  91  64  78   4   0  13 0.00    M    M 10.7 23 170   M    M   0        31 160
12  92  68  80   6   0  15 0.14    M    M 10.3 29 290   M    M   1 13     40 310
13  84  65  75   1   0  10 0.15    M    M  5.6 17 310   M    M   3 13     26 310
14  85  61  73  -1   0   8 0.00    M    M  3.1 13 160   M    M   3 12     17 140
15  83  61  72  -2   0   7 0.00    M    M  7.9 20 360   M    M   5 1      27 340
16  87  61  74  -1   0   9 0.01    M    M  3.9 12 120   M    M   3 3      15 130
17  83  65  74  -1   0   9 0.45    M    M  7.8 21 280   M    M   4 3      27 280
18  85  67  76   1   0  11    T    M    M  7.3 17 170   M    M   7 3      23  80
19  90  65  78   3   0  13 0.00    M    M  6.1 17 350   M    M   0        24 340
20  89  62  76   1   0  11 0.02    M    M  2.5 10  30   M    M   1 3      14  30
================================================================================
SM 1730 1281         0 210  1.40    M    159.7          M       37
================================================================================
AV 86.5 64.1                               8.0 FASTST   M    M   2    MAX(MPH)
                                 MISC ---->  # 29 240               # 47  250
================================================================================
NOTES:
# LAST OF SEVERAL OCCURRENCES

COLUMN 17 PEAK WIND IN M.P.H.

PRELIMINARY LOCAL CLIMATOLOGICAL DATA (WS FORM: F-6) , PAGE 2

                                          STATION:  BROKEN BOW
                                          MONTH:    JULY
                                          YEAR:     2018
                                          LATITUDE:   41 26 N
                                          LONGITUDE:  99 39 W

[TEMPERATURE DATA]      [PRECIPITATION DATA]       SYMBOLS USED IN COLUMN 16

AVERAGE MONTHLY: 75.3   TOTAL FOR MONTH:   1.40    1 = FOG OR MIST
DPTR FM NORMAL:   1.2   DPTR FM NORMAL:   -0.48    2 = FOG REDUCING VISIBILITY
HIGHEST:    92 ON 12    GRTST 24HR  1.93 ON 30- 1      TO 1/4 MILE OR LESS
LOWEST:     56 ON  1                               3 = THUNDER
                        SNOW, ICE PELLETS, HAIL    4 = ICE PELLETS
                        TOTAL MONTH:    M          5 = HAIL
                        GRTST 24HR    M  ON   M    6 = FREEZING RAIN OR DRIZZLE
                        GRTST DEPTH:  M  ON   M    7 = DUSTSTORM OR SANDSTORM:
                                                       VSBY 1/2 MILE OR LESS
                                                   8 = SMOKE OR HAZE
[NO. OF DAYS WITH]      [WEATHER - DAYS WITH]      9 = BLOWING SNOW
                                                   X = TORNADO
MAX 32 OR BELOW:   0    0.01 INCH OR MORE:   7
MAX 90 OR ABOVE:   5    0.10 INCH OR MORE:   4
MIN 32 OR BELOW:   0    0.50 INCH OR MORE:   1
MIN  0 OR BELOW:   0    1.00 INCH OR MORE:   0

[HDD (BASE 65) ]
TOTAL THIS MO.     0    CLEAR  (SCALE 0-3)  14
DPTR FM NORMAL     0    PTCLDY (SCALE 4-7)   5
TOTAL FM JUL 1     0    CLOUDY (SCALE 8-10)  0
DPTR FM NORMAL     0

[CDD (BASE 65) ]
TOTAL THIS MO.   210
DPTR FM NORMAL    27    [PRESSURE DATA]
TOTAL FM JAN 1   562    HIGHEST SLP M ON M
DPTR FM NORMAL   193    LOWEST  SLP 29.76 ON  2

[REMARKS]
