000
CXUS55 KLBF 211200
CF6BBW
PRELIMINARY LOCAL CLIMATOLOGICAL DATA (WS FORM: F-6)

                                          STATION:   BROKEN BOW
                                          MONTH:     OCTOBER
                                          YEAR:      2018
                                          LATITUDE:   41 26 N
                                          LONGITUDE:  99 39 W

  TEMPERATURE IN F:       :PCPN:    SNOW:  WIND      :SUNSHINE: SKY     :PK WND
================================================================================
1   2   3   4   5  6A  6B    7    8   9   10  11  12  13   14  15   16   17  18
                                     12Z  AVG MX 2MIN
DY MAX MIN AVG DEP HDD CDD  WTR  SNW DPTH SPD SPD DIR MIN PSBL S-S WX    SPD DR
================================================================================

 1  56  46  51  -4  14   0 0.02    M    M  6.0 13 300   M    M   9 1      16 300
 2  64  48  56   1   9   0 0.09    M    M  7.4 15 190   M    M  10 123    19 190
 3  91  40  66  12   0   1 0.00    M    M 14.3 39 340   M    M   0 3      55 350
 4  39  33  36 -18  29   0 0.75    M    M  8.8 20 360   M    M   9 1      29 360
 5  66  36  51  -3  14   0 0.00    M    M 10.7 26 340   M    M   3        37 330
 6  56  32  44  -9  21   0 0.00    M    M  9.2 18 350   M    M   4        25 350
 7  45  40  43 -10  22   0 0.06    M    M  9.1 15  60   M    M  10 1      18  80
 8  45  41  43  -9  22   0 0.37    M    M 11.0 20 350   M    M  10 1      26  10
 9  42  37  40 -12  25   0 0.61    M    M 18.1 29 350   M    M   9        42 350
10  42  31  37 -15  28   0 0.03    M    M 17.4 26 330   M    M   9 1      38 330
11  50  27  39 -12  26   0 0.01    M    M  6.4 15 320   M    M   4        20 340
12  54  30  42  -9  23   0 0.02    M    M  7.4 22 300   M    M   5        28 310
13  63  34  49  -1  16   0 0.01    M    M 10.2 22  20   M    M   5 1      33  20
14  38  28  33 -17  32   0 0.09    M    M 17.0 28 340   M    M   9 1      37 350
15  50  19  35 -15  30   0 0.00    M    M  7.9 17 280   M    M   0        22 280
16  68  32  50   1  15   0 0.00    M    M  8.5 25 310   M    M   0        36 310
17  68  29  49   0  16   0 0.00    M    M  3.0 14 240   M    M   0 8      17 220
18  68  36  52   3  13   0    T    M    M 12.4 31 180   M    M   3        42 180
19  70  38  54   6  11   0    T    M    M 12.0 31 330   M    M   1        41 330
20  62  32  47  -1  18   0 0.00    M    M  9.2 17 340   M    M   0        23 350
================================================================================
SM 1137  689       384   1  2.06    M    206.0          M      100
================================================================================
AV 56.9 34.5                              10.3 FASTST   M    M   5    MAX(MPH)
                                 MISC ---->  # 39 340               # 55  350
================================================================================
NOTES:
# LAST OF SEVERAL OCCURRENCES

COLUMN 17 PEAK WIND IN M.P.H.

PRELIMINARY LOCAL CLIMATOLOGICAL DATA (WS FORM: F-6) , PAGE 2

                                          STATION:  BROKEN BOW
                                          MONTH:    OCTOBER
                                          YEAR:     2018
                                          LATITUDE:   41 26 N
                                          LONGITUDE:  99 39 W

[TEMPERATURE DATA]      [PRECIPITATION DATA]       SYMBOLS USED IN COLUMN 16

AVERAGE MONTHLY: 45.7   TOTAL FOR MONTH:   2.06    1 = FOG OR MIST
DPTR FM NORMAL:  -5.8   DPTR FM NORMAL:    0.75    2 = FOG REDUCING VISIBILITY
HIGHEST:    91 ON  3    GRTST 24HR  0.75 ON  4- 4      TO 1/4 MILE OR LESS
LOWEST:     19 ON 15                               3 = THUNDER
                        SNOW, ICE PELLETS, HAIL    4 = ICE PELLETS
                        TOTAL MONTH:    M          5 = HAIL
                        GRTST 24HR    M  ON   M    6 = FREEZING RAIN OR DRIZZLE
                        GRTST DEPTH:  M  ON   M    7 = DUSTSTORM OR SANDSTORM:
                                                       VSBY 1/2 MILE OR LESS
                                                   8 = SMOKE OR HAZE
[NO. OF DAYS WITH]      [WEATHER - DAYS WITH]      9 = BLOWING SNOW
                                                   X = TORNADO
MAX 32 OR BELOW:   0    0.01 INCH OR MORE:  11
MAX 90 OR ABOVE:   1    0.10 INCH OR MORE:   3
MIN 32 OR BELOW:   9    0.50 INCH OR MORE:   2
MIN  0 OR BELOW:   0    1.00 INCH OR MORE:   0

[HDD (BASE 65) ]
TOTAL THIS MO.   384    CLEAR  (SCALE 0-3)   8
DPTR FM NORMAL   109    PTCLDY (SCALE 4-7)   4
TOTAL FM JUL 1   515    CLOUDY (SCALE 8-10)  8
DPTR FM NORMAL    72

[CDD (BASE 65) ]
TOTAL THIS MO.     1
DPTR FM NORMAL    -1    [PRESSURE DATA]
TOTAL FM JAN 1   959    HIGHEST SLP M ON M
DPTR FM NORMAL   195    LOWEST  SLP 29.59 ON  3

[REMARKS]
