000
CXUS51 KBOX 161200
CF6BDL
PRELIMINARY LOCAL CLIMATOLOGICAL DATA (WS FORM: F-6)

                                          STATION:   HARTFORD CT
                                          MONTH:     AUGUST
                                          YEAR:      2018
                                          LATITUDE:   41 55 N
                                          LONGITUDE:  72 41 W

  TEMPERATURE IN F:       :PCPN:    SNOW:  WIND      :SUNSHINE: SKY     :PK WND
================================================================================
1   2   3   4   5  6A  6B    7    8   9   10  11  12  13   14  15   16   17  18
                                     12Z  AVG MX 2MIN
DY MAX MIN AVG DEP HDD CDD  WTR  SNW DPTH SPD SPD DIR MIN PSBL S-S WX    SPD DR
================================================================================

 1  83  68  76   2   0  11 0.10  0.0    0  6.8 20 180   M    M   7 1      26 210
 2  92  73  83   9   0  18 1.17  0.0    0  8.7 33 260   M    M   6 13     39 250
 3  88  72  80   6   0  15 0.05  0.0    0  6.4 21 180   M    M   7 138    26 180
 4  83  70  77   4   0  12 1.00  0.0    0  5.5 15 160   M    M   7 13     17 150
 5  91  65  78   5   0  13 0.00  0.0    0  3.6 12 300   M    M   1        20 280
 6  93  67  80   7   0  15 0.00  0.0    0  4.4 12 220   M    M   3 1      22 200
 7  93  71  82   9   0  17 2.11  0.0    0  7.7 33 200   M    M   4 13     40 190
 8  91  70  81   8   0  16 0.32  0.0    0  4.2 16 280   M    M   8 123    23 280
 9  90  68  79   6   0  14 0.03  0.0    0  5.5 17 290   M    M   4 13     22 290
10  86  65  76   3   0  11 0.05  0.0    0  4.6 15 320   M    M   4        19 310
11  72  66  69  -4   0   4 0.19  0.0    0  4.6  9  10   M    M  10 1      13  10
12  83  67  75   2   0  10 0.46  0.0    0  7.2 13  30   M    M   9 1      17 350
13  75  70  73   0   0   8 0.62  0.0    0  7.4 13  20   M    M  10 1      16  30
14  86  69  78   6   0  13 0.60  0.0    0  4.4 16 200   M    M   8 13     20 200
15  89  67  78   6   0  13 0.00  0.0    0  4.9 16 290   M    M   6 1      21 290
================================================================================
SM 1295 1028         0 190  6.70     0.0  85.9          M       94
================================================================================
AV 86.3 68.5                               5.7 FASTST   M    M   6    MAX(MPH)
                                 MISC ---->  # 33 260               # 40  190
================================================================================
NOTES:
# LAST OF SEVERAL OCCURRENCES

COLUMN 17 PEAK WIND IN M.P.H.

PRELIMINARY LOCAL CLIMATOLOGICAL DATA (WS FORM: F-6) , PAGE 2

                                          STATION:  HARTFORD CT
                                          MONTH:    AUGUST
                                          YEAR:     2018
                                          LATITUDE:   41 55 N
                                          LONGITUDE:  72 41 W

[TEMPERATURE DATA]      [PRECIPITATION DATA]       SYMBOLS USED IN COLUMN 16

AVERAGE MONTHLY: 77.4   TOTAL FOR MONTH:   6.70    1 = FOG OR MIST
DPTR FM NORMAL:   4.4   DPTR FM NORMAL:    4.58    2 = FOG REDUCING VISIBILITY
HIGHEST:    93 ON  7, 6 GRTST 24HR  2.11 ON  7- 7      TO 1/4 MILE OR LESS
LOWEST:     65 ON 10, 5                            3 = THUNDER
                        SNOW, ICE PELLETS, HAIL    4 = ICE PELLETS
                        TOTAL MONTH:   0.0 INCH    5 = HAIL
                        GRTST 24HR     0.0         6 = FREEZING RAIN OR DRIZZLE
                        GRTST DEPTH:   0           7 = DUSTSTORM OR SANDSTORM:
                                                       VSBY 1/2 MILE OR LESS
                                                   8 = SMOKE OR HAZE
[NO. OF DAYS WITH]      [WEATHER - DAYS WITH]      9 = BLOWING SNOW
                                                   X = TORNADO
MAX 32 OR BELOW:   0    0.01 INCH OR MORE:  12
MAX 90 OR ABOVE:   6    0.10 INCH OR MORE:   9
MIN 32 OR BELOW:   0    0.50 INCH OR MORE:   5
MIN  0 OR BELOW:   0    1.00 INCH OR MORE:   3

[HDD (BASE 65) ]
TOTAL THIS MO.     0    CLEAR  (SCALE 0-3)   1
DPTR FM NORMAL     0    PTCLDY (SCALE 4-7)  10
TOTAL FM JUL 1     0    CLOUDY (SCALE 8-10)  4
DPTR FM NORMAL    -3

[CDD (BASE 65) ]
TOTAL THIS MO.   190
DPTR FM NORMAL    67    [PRESSURE DATA]
TOTAL FM JAN 1   756    HIGHEST SLP M ON M
DPTR FM NORMAL   181    LOWEST  SLP 29.69 ON  9

[REMARKS]
