000
CXAK56 PAFC 181427 RRA
CF6BET

PRELIMINARY LOCAL CLIMATOLOGICAL DATA (WS FORM: F-6)

                                          STATION:   BETHEL
                                          MONTH:     AUGUST
                                          YEAR:      2018
                                          LATITUDE:   60 46 N
                                          LONGITUDE: 161 48 W

  TEMPERATURE IN F:       :PCPN:    SNOW:  WIND      :SUNSHINE: SKY     :PK WND
================================================================================
1   2   3   4   5  6A  6B    7    8   9   10  11  12  13   14  15   16   17  18
                                     12Z  AVG MX 2MIN
DY MAX MIN AVG DEP HDD CDD  WTR  SNW DPTH SPD SPD DIR MIN PSBL S-S WX    SPD DR
================================================================================

 1  53  50  52  -3  13   0 0.19  0.0    0 15.6 24 170   M    M  10 1      30 170
 2  57  50  54  -1  11   0 0.59  0.0    0  8.1 12 350   M    M  10 1       M  M
 3  65  50  58   3   7   0 0.00  0.0    0 10.4 14 300   M    M   8 1       M  M
 4  65  53  59   4   6   0    T  0.0    0 10.4 30 180   M    M  10 1      38 190
 5  57  53  55   0  10   0 0.38  0.0    0 18.6 29 220   M    M   9 1      38 220
 6  58  53  56   1   9   0 0.34  0.0    0 12.1 23 210   M    M  10 1      27 210
 7  60  49  55   1  10   0 0.02  0.0    0 10.7 18 330   M    M  10 1      24 310
 8  59  44  52  -2  13   0 0.00  0.0    0 10.9 17 290   M    M   6        21 300
 9  55  46  51  -3  14   0 0.01  0.0    0  5.9 12 230   M    M   8 1       M  M
10  61  41  51  -3  14   0 0.04  0.0    0  7.3 14 120   M    M   5 12     18  70
11  59  51  55   1  10   0 0.17  0.0    0  9.8 16 170   M    M   9 1      20 160
12  58  52  55   1  10   0 0.59  0.0    0 14.8 17 130   M    M  10 1      32 160
13  58  53  56   2   9   0 0.97  0.0    0 15.3 25 250   M    M  10 12     33 250
14  56  42  49  -5  16   0 0.31  0.0    0 19.3 25 230   M    M   9 1      37 250
15  60  38  49  -5  16   0 0.03  0.0    0  6.1 12 170   M    M   7 1      14 180
16  62  47  55   1  10   0 0.01  0.0    0  7.0 12 310   M    M   5        17 310
17  66  46  56   2   9   0 0.00  0.0    0  5.9 10 360   M    M   3        15 330
================================================================================
SM 1009  818       187   0  3.65     0.0 188.2          M      139
================================================================================
AV 59.4 48.1                              11.1 FASTST   M    M   8    MAX(MPH)
                                 MISC ---->  # 30 180               # 38  190
================================================================================
NOTES:
# LAST OF SEVERAL OCCURRENCES

COLUMN 17 PEAK WIND IN M.P.H.

PRELIMINARY LOCAL CLIMATOLOGICAL DATA (WS FORM: F-6) , PAGE 2

                                          STATION:  BETHEL
                                          MONTH:    AUGUST
                                          YEAR:     2018
                                          LATITUDE:   60 46 N
                                          LONGITUDE: 161 48 W

[TEMPERATURE DATA]      [PRECIPITATION DATA]       SYMBOLS USED IN COLUMN 16

AVERAGE MONTHLY: 53.7   TOTAL FOR MONTH:   3.65    1 = FOG OR MIST
DPTR FM NORMAL:  -0.6   DPTR FM NORMAL:    1.87    2 = FOG REDUCING VISIBILITY
HIGHEST:    66 ON 17    GRTST 24HR  0.97 ON 13-13      TO 1/4 MILE OR LESS
LOWEST:     38 ON 15                               3 = THUNDER
                        SNOW, ICE PELLETS, HAIL    4 = ICE PELLETS
                        TOTAL MONTH:   0.0 INCH    5 = HAIL
                        GRTST 24HR     0.0         6 = FREEZING RAIN OR DRIZZLE
                        GRTST DEPTH:   0           7 = DUSTSTORM OR SANDSTORM:
                                                       VSBY 1/2 MILE OR LESS
                                                   8 = SMOKE OR HAZE
[NO. OF DAYS WITH]      [WEATHER - DAYS WITH]      9 = BLOWING SNOW
                                                   X = TORNADO
MAX 32 OR BELOW:   0    0.01 INCH OR MORE:  13
MAX 90 OR ABOVE:   0    0.10 INCH OR MORE:   8
MIN 32 OR BELOW:   0    0.50 INCH OR MORE:   3
MIN  0 OR BELOW:   0    1.00 INCH OR MORE:   0

[HDD (BASE 65) ]
TOTAL THIS MO.   187    CLEAR  (SCALE 0-3)   0
DPTR FM NORMAL     6    PTCLDY (SCALE 4-7)   5
TOTAL FM JUL 1   427    CLOUDY (SCALE 8-10) 12
DPTR FM NORMAL   -32

[CDD (BASE 65) ]
TOTAL THIS MO.     0
DPTR FM NORMAL     0    [PRESSURE DATA]
TOTAL FM JAN 1     1    HIGHEST SLP M ON M
DPTR FM NORMAL    -2    LOWEST  SLP 29.50 ON 11

[REMARKS]
