000
CXAK56 PAFC 171252 RRA
CF6BET

PRELIMINARY LOCAL CLIMATOLOGICAL DATA (WS FORM: F-6)

                                          STATION:   BETHEL
                                          MONTH:     NOVEMBER
                                          YEAR:      2018
                                          LATITUDE:   60 46 N
                                          LONGITUDE: 161 48 W

  TEMPERATURE IN F:       :PCPN:    SNOW:  WIND      :SUNSHINE: SKY     :PK WND
================================================================================
1   2   3   4   5  6A  6B    7    8   9   10  11  12  13   14  15   16   17  18
                                     12Z  AVG MX 2MIN
DY MAX MIN AVG DEP HDD CDD  WTR  SNW DPTH SPD SPD DIR MIN PSBL S-S WX    SPD DR
================================================================================

 1  31  19  25   3  40   0 0.00  0.0    0  8.4 13  40   M    M   1 1      17  50
 2  26  17  22   0  43   0 0.00  0.0    0 14.4 22  50   M    M   1        26  40
 3  33  17  25   3  40   0 0.00  0.0    0 10.3 16  30   M    M   3        19  20
 4  30  15  23   2  42   0 0.00  0.0    0  3.7  8 190   M    M   7 12     10 200
 5  40  29  35  14  30   0    T  0.0    0 11.5 22 150   M    M  10 1      28 140
 6  40  30  35  15  30   0 0.03  0.0    0 14.2 24 150   M    M   5        30 150
 7  36  24  30  10  35   0 0.00  0.0    0  5.3 10 260   M    M   3 12     15 230
 8  34  25  30  10  35   0 0.04    T    T  9.1 21 180   M    M   8 12     27 180
 9  36  25  31  12  34   0 0.01    T    0 12.7 23 220   M    M   3 16     30 220
10  30  19  25   6  40   0 0.00  0.0    0 14.1 24  40   M    M   1        36  50
11  29  20  25   7  40   0    T    T    T 24.5 37  30   M    M   4 1      46  20
12  26  20  23   5  42   0 0.03    M    M 22.8 39  20   M    M   9 16     51  20
13  25  20  23   5  42   0    T    T    T 19.7 33  20   M    M   6 6      44  30
14  22  14  18   0  47   0 0.00  0.0    0 13.7 20  40   M    M   6        24  40
15  25  12  19   2  46   0 0.00  0.0    T 11.5 16  40   M    M   4        21  40
16  33  25  29  12  36   0 0.03    M    T  7.5 13  30   M    M  10 6      16  20
================================================================================
SM  496  331       622   0  0.14    T    203.4          M       81
================================================================================
AV 31.0 20.7                              12.7 FASTST   M    M   5    MAX(MPH)
                                 MISC ---->  # 39  20               # 51   20
================================================================================
NOTES:
# LAST OF SEVERAL OCCURRENCES

COLUMN 17 PEAK WIND IN M.P.H.

PRELIMINARY LOCAL CLIMATOLOGICAL DATA (WS FORM: F-6) , PAGE 2

                                          STATION:  BETHEL
                                          MONTH:    NOVEMBER
                                          YEAR:     2018
                                          LATITUDE:   60 46 N
                                          LONGITUDE: 161 48 W

[TEMPERATURE DATA]      [PRECIPITATION DATA]       SYMBOLS USED IN COLUMN 16

AVERAGE MONTHLY: 25.8   TOTAL FOR MONTH:   0.14    1 = FOG OR MIST
DPTR FM NORMAL:   6.3   DPTR FM NORMAL:   -0.73    2 = FOG REDUCING VISIBILITY
HIGHEST:    40 ON  6, 5 GRTST 24HR  0.04 ON  8- 8      TO 1/4 MILE OR LESS
LOWEST:     12 ON 15                               3 = THUNDER
                        SNOW, ICE PELLETS, HAIL    4 = ICE PELLETS
                        TOTAL MONTH:    T          5 = HAIL
                        GRTST 24HR    T  ON 13-13  6 = FREEZING RAIN OR DRIZZLE
                        GRTST DEPTH:   0           7 = DUSTSTORM OR SANDSTORM:
                                                       VSBY 1/2 MILE OR LESS
                                                   8 = SMOKE OR HAZE
[NO. OF DAYS WITH]      [WEATHER - DAYS WITH]      9 = BLOWING SNOW
                                                   X = TORNADO
MAX 32 OR BELOW:   9    0.01 INCH OR MORE:   5
MAX 90 OR ABOVE:   0    0.10 INCH OR MORE:   0
MIN 32 OR BELOW:  16    0.50 INCH OR MORE:   0
MIN  0 OR BELOW:   0    1.00 INCH OR MORE:   0

[HDD (BASE 65) ]
TOTAL THIS MO.   622    CLEAR  (SCALE 0-3)   4
DPTR FM NORMAL  -107    PTCLDY (SCALE 4-7)   9
TOTAL FM JUL 1  2380    CLOUDY (SCALE 8-10)  3
DPTR FM NORMAL  -644

[CDD (BASE 65) ]
TOTAL THIS MO.     0
DPTR FM NORMAL     0    [PRESSURE DATA]
TOTAL FM JAN 1     1    HIGHEST SLP M ON M
DPTR FM NORMAL    -3    LOWEST  SLP 29.21 ON  2

[REMARKS]
