000
CXUS55 KCTP 220700
CF6BFD
PRELIMINARY LOCAL CLIMATOLOGICAL DATA (WS FORM: F-6)

                                          STATION:   BRADFORD
                                          MONTH:     SEPTEMBER
                                          YEAR:      2018
                                          LATITUDE:   41 47 N
                                          LONGITUDE:  78 38 W

  TEMPERATURE IN F:       :PCPN:    SNOW:  WIND      :SUNSHINE: SKY     :PK WND
================================================================================
1   2   3   4   5  6A  6B    7    8   9   10  11  12  13   14  15   16   17  18
                                     12Z  AVG MX 2MIN
DY MAX MIN AVG DEP HDD CDD  WTR  SNW DPTH SPD SPD DIR MIN PSBL S-S WX    SPD DR
================================================================================

 1  81  65  73  12   0   8    T    M    M  6.8 12 150   M    M   8        19 140
 2  82  68  75  14   0  10    T    M    M  4.0 14 220   M    M   6        19 240
 3  84  62  73  12   0   8 0.17    M    M  2.0 16 270   M    M   1 13     24 270
 4  87  59  73  12   0   8 0.00    M    M  2.1 10 320   M    M   5 12     16 340
 5  86  62  74  14   0   9 0.00    M    M  4.6 13 210   M    M   1 1      21 250
 6  79  63  71  11   0   6 0.02    M    M  4.1 15 310   M    M   4 1      18 310
 7  76  60  68   8   0   3 0.00    M    M  4.0 12  20   M    M   5 1      14  10
 8  60  49  55  -4  10   0    T    M    M  6.2 13  70   M    M   3        18  80
 9  53  49  51  -8  14   0 0.89    M    0 10.8 16 120   M    M   8 1      24 110
10  58  49  54  -5  11   0 1.54    M    M 12.7 23 130   M    M  10 1      35 120
11  68  58  63   5   2   0    T    M    M  3.5 10 280   M    M  10 1      14 280
12  71  60  66   8   0   1 0.00    M    M  4.4 12 150   M    M  10 1      14 120
13  79  66  73  15   0   8 0.02    M    M  5.3 13 140   M    M  10 128    17 150
14  77  62  70  13   0   5 0.00    M    M  6.1 12 150   M    M   8 1      16 140
15  79  60  70  13   0   5 0.00    M    M  3.0 10 160   M    M   7 1      14 140
16  79  54  67  10   0   2 0.00    M    M  4.0 15 110   M    M   3 12     19 120
17  68  59  64   8   1   0 0.80    M    M  6.9 16 140   M    M   7 1      23 160
18  79  60  70  14   0   5 0.00    M    M  6.4 15 290   M    M   7 12     22 280
19   M   M   M   M   M   M    M    M    M   M   M   M   M    M   M 12      M  M
20  75  54  65  10   0   0 0.00    M    M  5.4 10 190   M    M   6 12     14 150
21  82  60  71  16   0   6 0.40    M    M 10.0 24 320   M    M   6 13     32 330
================================================================================
SM 1503 1179        38  84  3.84    M    112.3          M      125
================================================================================
AV 75.2 59.0                               5.6 FASTST   M    M   6    MAX(MPH)
                                 MISC ---->  # 24 320               # 35  120
================================================================================
NOTES:
# LAST OF SEVERAL OCCURRENCES

COLUMN 17 PEAK WIND IN M.P.H.

PRELIMINARY LOCAL CLIMATOLOGICAL DATA (WS FORM: F-6) , PAGE 2

                                          STATION:  BRADFORD
                                          MONTH:    SEPTEMBER
                                          YEAR:     2018
                                          LATITUDE:   41 47 N
                                          LONGITUDE:  78 38 W

[TEMPERATURE DATA]      [PRECIPITATION DATA]       SYMBOLS USED IN COLUMN 16

AVERAGE MONTHLY: 67.1   TOTAL FOR MONTH:   3.84    1 = FOG OR MIST
DPTR FM NORMAL:   8.8   DPTR FM NORMAL:    1.10    2 = FOG REDUCING VISIBILITY
HIGHEST:    87 ON  4    GRTST 24HR  1.54 ON 10-10      TO 1/4 MILE OR LESS
LOWEST:     49 ON 10, 9                            3 = THUNDER
                        SNOW, ICE PELLETS, HAIL    4 = ICE PELLETS
                        TOTAL MONTH:    M          5 = HAIL
                        GRTST 24HR    M  ON   M    6 = FREEZING RAIN OR DRIZZLE
                        GRTST DEPTH:   0           7 = DUSTSTORM OR SANDSTORM:
                                                       VSBY 1/2 MILE OR LESS
                                                   8 = SMOKE OR HAZE
[NO. OF DAYS WITH]      [WEATHER - DAYS WITH]      9 = BLOWING SNOW
                                                   X = TORNADO
MAX 32 OR BELOW:   0    0.01 INCH OR MORE:   7
MAX 90 OR ABOVE:   0    0.10 INCH OR MORE:   5
MIN 32 OR BELOW:   0    0.50 INCH OR MORE:   3
MIN  0 OR BELOW:   0    1.00 INCH OR MORE:   1

[HDD (BASE 65) ]
TOTAL THIS MO.    38    CLEAR  (SCALE 0-3)   3
DPTR FM NORMAL   -37    PTCLDY (SCALE 4-7)  12
TOTAL FM JUL 1    88    CLOUDY (SCALE 8-10)  5
DPTR FM NORMAL  -140

[CDD (BASE 65) ]
TOTAL THIS MO.    84
DPTR FM NORMAL    71    [PRESSURE DATA]
TOTAL FM JAN 1   426    HIGHEST SLP M ON M
DPTR FM NORMAL   236    LOWEST  SLP 29.76 ON 18

[REMARKS]
