000
CXUS55 KCYS 201000
CF6BFF
PRELIMINARY LOCAL CLIMATOLOGICAL DATA (WS FORM: F-6)

                                          STATION:   SCOTTSBLUFF NE AIRPORT
                                          MONTH:     NOVEMBER
                                          YEAR:      2018
                                          LATITUDE:   41 52 N
                                          LONGITUDE: 103 36 W

  TEMPERATURE IN F:       :PCPN:    SNOW:  WIND      :SUNSHINE: SKY     :PK WND
================================================================================
1   2   3   4   5  6A  6B    7    8   9   10  11  12  13   14  15   16   17  18
                                     12Z  AVG MX 2MIN
DY MAX MIN AVG DEP HDD CDD  WTR  SNW DPTH SPD SPD DIR MIN PSBL S-S WX    SPD DR
================================================================================

 1  55  32  44   1  21   0 0.00  0.0    0 13.5 33 330   M    M   9        42 340
 2  59  37  48   6  17   0 0.03  0.0    0  8.4 36 340   M    M   8 1      45 350
 3  49  24  37  -5  28   0 0.00  0.0    0 16.4 43 330   M    M   5        54 310
 4  58  21  40  -1  25   0 0.11  0.0    0  9.4 33 270   M    M   6        45 260
 5  55  33  44   3  21   0    T  0.0    0 11.5 29 320   M    M   6        39 330
 6  51  28  40   0  25   0 0.02  0.3    0  6.8 22 350   M    M   6 1      26  10
 7  41  23  32  -8  33   0    T  0.0    T  7.5 14 110   M    M   7        17 170
 8  38  19  29 -11  36   0    T  0.0    0  7.3 21 360   M    M   6 1      27  10
 9  35  12  24 -15  41   0 0.00  0.0    0  8.4 21 350   M    M   0        27 350
10  51  21  36  -3  29   0 0.00  0.0    0  8.5 20  20   M    M   4        24  10
11  37  18  28 -10  37   0 0.00  0.0    0  9.0 18 350   M    M   8        23 330
12  35  11  23 -15  42   0 0.00  0.0    0  8.1 21 310   M    M   3        35 320
13  55  21  38   1  27   0 0.00  0.0    0  8.9 20 300   M    M   4        26 260
14  67  20  44   7  21   0 0.00  0.0    0  7.9 17 270   M    M   0        21 260
15  59  23  41   5  24   0 0.00  0.0    0  9.3 25 330   M    M   0        30 340
16  64  22  43   7  22   0    T  0.0    0 10.7 26 350   M    M   4        32 350
17  36   5  21 -14  44   0 0.23  4.0    M  7.0 22  30   M    M  10 1      27  20
18  34  -6  14 -21  51   0 0.00  0.0    4  6.0 15 300   M    M   1 1      19 310
19  45  23  34   0  31   0 0.00  0.0    0  6.8 16 280   M    M   5        20 280
================================================================================
SM  924  387       575   0  0.39     4.3 171.4          M       92
================================================================================
AV 48.6 20.4                               9.0 FASTST   M    M   5    MAX(MPH)
                                 MISC ---->  # 43 330               # 54  310
================================================================================
NOTES:
# LAST OF SEVERAL OCCURRENCES

COLUMN 17 PEAK WIND IN M.P.H.

PRELIMINARY LOCAL CLIMATOLOGICAL DATA (WS FORM: F-6) , PAGE 2

                                          STATION:  SCOTTSBLUFF NE AIRPORT
                                          MONTH:    NOVEMBER
                                          YEAR:     2018
                                          LATITUDE:   41 52 N
                                          LONGITUDE: 103 36 W

[TEMPERATURE DATA]      [PRECIPITATION DATA]       SYMBOLS USED IN COLUMN 16

AVERAGE MONTHLY: 34.5   TOTAL FOR MONTH:   0.39    1 = FOG OR MIST
DPTR FM NORMAL:  -4.1   DPTR FM NORMAL:   -0.06    2 = FOG REDUCING VISIBILITY
HIGHEST:    67 ON 14    GRTST 24HR  0.23 ON 17-17      TO 1/4 MILE OR LESS
LOWEST:     -6 ON 18                               3 = THUNDER
                        SNOW, ICE PELLETS, HAIL    4 = ICE PELLETS
                        TOTAL MONTH:   4.3 INCHES  5 = HAIL
                        GRTST 24HR   4.0 ON 17-17  6 = FREEZING RAIN OR DRIZZLE
                        GRTST DEPTH:   4 ON 18     7 = DUSTSTORM OR SANDSTORM:
                                                       VSBY 1/2 MILE OR LESS
                                                   8 = SMOKE OR HAZE
[NO. OF DAYS WITH]      [WEATHER - DAYS WITH]      9 = BLOWING SNOW
                                                   X = TORNADO
MAX 32 OR BELOW:   0    0.01 INCH OR MORE:   4
MAX 90 OR ABOVE:   0    0.10 INCH OR MORE:   2
MIN 32 OR BELOW:  17    0.50 INCH OR MORE:   0
MIN  0 OR BELOW:   1    1.00 INCH OR MORE:   0

[HDD (BASE 65) ]
TOTAL THIS MO.   575    CLEAR  (SCALE 0-3)   5
DPTR FM NORMAL    73    PTCLDY (SCALE 4-7)  10
TOTAL FM JUL 1  1241    CLOUDY (SCALE 8-10)  4
DPTR FM NORMAL    48

[CDD (BASE 65) ]
TOTAL THIS MO.     0
DPTR FM NORMAL     0    [PRESSURE DATA]
TOTAL FM JAN 1   859    HIGHEST SLP M ON M
DPTR FM NORMAL   135    LOWEST  SLP 29.55 ON  2

[REMARKS]
