000
CXUS51 KBGM 170800
CF6BGM
PRELIMINARY LOCAL CLIMATOLOGICAL DATA (WS FORM: F-6)

                                          STATION:   BINGHAMTON NY
                                          MONTH:     OCTOBER
                                          YEAR:      2018
                                          LATITUDE:   42 13 N
                                          LONGITUDE:  75 59 W

  TEMPERATURE IN F:       :PCPN:    SNOW:  WIND      :SUNSHINE: SKY     :PK WND
================================================================================
1   2   3   4   5  6A  6B    7    8   9   10  11  12  13   14  15   16   17  18
                                     12Z  AVG MX 2MIN
DY MAX MIN AVG DEP HDD CDD  WTR  SNW DPTH SPD SPD DIR MIN PSBL S-S WX    SPD DR
================================================================================

 1  61  52  57   3   8   0 0.02  0.0    0  4.1 10  30   M    M   8 12     13  30
 2  66  54  60   7   5   0 0.67  0.0    0  7.3 16 240   M    M   9 123    23 240
 3  62  50  56   3   9   0 0.00  0.0    0  6.7 16 330   M    M   8 1      22 320
 4  67  48  58   6   7   0 0.36  0.0    0  7.9 16 330   M    M   3 1      22 330
 5  62  43  53   1  12   0 0.00  0.0    0  4.2 12  20   M    M   4        16 320
 6  67  54  61   9   4   0 0.09  0.0    0  6.6 14 200   M    M  10 1      21 200
 7  73  61  67  16   0   2 0.00  0.0    0  6.1 15 350   M    M   9 1      19 360
 8  71  60  66  15   0   1 0.00  0.0    0  6.7 14 190   M    M  10 12     20 180
 9  76  65  71  20   0   6 0.00  0.0    0  8.1 15 220   M    M   6        21 230
10  76  64  70  20   0   5 0.07  0.0    0  7.8 15 220   M    M   5 1      20 220
11  69  53  61  11   4   0 1.40  0.0    0  8.1 21 210   M    M   9 1      29 230
12  53  42  48  -2  17   0    T  0.0    0 11.0 21 330   M    M  10        29 320
13  48  38  43  -6  22   0 0.19  0.0    0  7.7 18 290   M    M   8 1      29 290
14  54  37  46  -3  19   0 0.00  0.0    0  6.0 12 180   M    M   2        16 200
15  60  39  50   1  15   0 0.19  0.0    0 11.0 24 310   M    M   9 1      32 300
16  48  31  40  -8  25   0 0.00  0.0    0  8.5 17 290   M    M   1        23 260
================================================================================
SM 1013  791       147  14  2.99     0.0 117.8          M      111
================================================================================
AV 63.3 49.4                               7.4 FASTST   M    M   7    MAX(MPH)
                                 MISC ---->  # 24 310               # 32  300
================================================================================
NOTES:
# LAST OF SEVERAL OCCURRENCES

COLUMN 17 PEAK WIND IN M.P.H.

PRELIMINARY LOCAL CLIMATOLOGICAL DATA (WS FORM: F-6) , PAGE 2

                                          STATION:  BINGHAMTON NY
                                          MONTH:    OCTOBER
                                          YEAR:     2018
                                          LATITUDE:   42 13 N
                                          LONGITUDE:  75 59 W

[TEMPERATURE DATA]      [PRECIPITATION DATA]       SYMBOLS USED IN COLUMN 16

AVERAGE MONTHLY: 56.4   TOTAL FOR MONTH:   2.99    1 = FOG OR MIST
DPTR FM NORMAL:   5.5   DPTR FM NORMAL:    1.22    2 = FOG REDUCING VISIBILITY
HIGHEST:    76 ON 10, 9 GRTST 24HR  1.40 ON 11-11      TO 1/4 MILE OR LESS
LOWEST:     31 ON 16                               3 = THUNDER
                        SNOW, ICE PELLETS, HAIL    4 = ICE PELLETS
                        TOTAL MONTH:   0.0 INCH    5 = HAIL
                        GRTST 24HR     0.0         6 = FREEZING RAIN OR DRIZZLE
                        GRTST DEPTH:   0           7 = DUSTSTORM OR SANDSTORM:
                                                       VSBY 1/2 MILE OR LESS
                                                   8 = SMOKE OR HAZE
[NO. OF DAYS WITH]      [WEATHER - DAYS WITH]      9 = BLOWING SNOW
                                                   X = TORNADO
MAX 32 OR BELOW:   0    0.01 INCH OR MORE:   8
MAX 90 OR ABOVE:   0    0.10 INCH OR MORE:   5
MIN 32 OR BELOW:   1    0.50 INCH OR MORE:   2
MIN  0 OR BELOW:   0    1.00 INCH OR MORE:   1

[HDD (BASE 65) ]
TOTAL THIS MO.   147    CLEAR  (SCALE 0-3)   3
DPTR FM NORMAL   -80    PTCLDY (SCALE 4-7)   5
TOTAL FM JUL 1   292    CLOUDY (SCALE 8-10)  8
DPTR FM NORMAL  -192

[CDD (BASE 65) ]
TOTAL THIS MO.    14
DPTR FM NORMAL    14    [PRESSURE DATA]
TOTAL FM JAN 1   536    HIGHEST SLP M ON M
DPTR FM NORMAL   157    LOWEST  SLP 29.57 ON 11

[REMARKS]
