000
CXUS51 KCAR 200600
CF6BGR
PRELIMINARY LOCAL CLIMATOLOGICAL DATA (WS FORM: F-6)

                                          STATION:   BANGOR ME
                                          MONTH:     MAY
                                          YEAR:      2018
                                          LATITUDE:   44 47 N
                                          LONGITUDE:  68 49 W

  TEMPERATURE IN F:       :PCPN:    SNOW:  WIND      :SUNSHINE: SKY     :PK WND
================================================================================
1   2   3   4   5  6A  6B    7    8   9   10  11  12  13   14  15   16   17  18
                                     12Z  AVG MX 2MIN
DY MAX MIN AVG DEP HDD CDD  WTR  SNW DPTH SPD SPD DIR MIN PSBL S-S WX    SPD DR
================================================================================

 1  62  41  52   3  13   0    T  0.0    0  4.1 15 330   M    M   7 1      19 330
 2  88  47  68  19   0   3    T  0.0    0  8.9 22 240   M    M   6        31 250
 3  74  50  62  13   3   0 0.95  0.0    0  6.1 17 330   M    M  10 1      24 270
 4  66  50  58   8   7   0 0.07  0.0    0  6.2 18 140   M    M  10 12     25 160
 5  70  50  60  10   5   0    T  0.0    0 12.3 25 310   M    M   5 1      42 270
 6  70  50  60  10   5   0    T  0.0    0  6.8 17 180   M    M   8        21 180
 7  67  45  56   5   9   0 0.00  0.0    0  9.1 18  10   M    M   4        24  10
 8  68  38  53   2  12   0 0.00  0.0    0  9.7 21 180   M    M   1        28 180
 9  76  43  60   8   5   0 0.00  0.0    0  6.1 16 200   M    M   3 12     23 200
10  67  38  53   1  12   0 0.00  0.0    0  7.6 21 190   M    M   5 1      28 190
11  57  39  48  -4  17   0 0.00  0.0    0 13.6 28 320   M    M   3        33 320
12  59  31  45  -7  20   0 0.00  0.0    0  6.9 22 170   M    M   6        30 180
13  67  35  51  -2  14   0 0.00  0.0    0  7.5 22 190   M    M   3 12     28 190
14  62  45  54   1  11   0 0.00  0.0    0 10.6 22 170   M    M   5        27 160
15  61  48  55   1  10   0 0.39  0.0    0  5.6 26 310   M    M   8 12     39 320
16  61  38  50  -4  15   0 0.00  0.0    0 10.5 21 190   M    M   5        26 170
17  74  47  61   7   4   0 0.00  0.0    0  8.0 16 360   M    M   8 1      20  10
18  64  41  53  -1  12   0 0.00  0.0    0  8.2 18 360   M    M   3        25 340
19  63  37  50  -5  15   0 0.54  0.0    0  8.0 22 200   M    M   8 1      27 170
================================================================================
SM 1276  813       189   3  1.95     0.0 155.8          M      108
================================================================================
AV 67.2 42.8                               8.2 FASTST   M    M   6    MAX(MPH)
                                 MISC ---->  # 28 320               # 42  270
================================================================================
NOTES:
# LAST OF SEVERAL OCCURRENCES

COLUMN 17 PEAK WIND IN M.P.H.

PRELIMINARY LOCAL CLIMATOLOGICAL DATA (WS FORM: F-6) , PAGE 2

                                          STATION:  BANGOR ME
                                          MONTH:    MAY
                                          YEAR:     2018
                                          LATITUDE:   44 47 N
                                          LONGITUDE:  68 49 W

[TEMPERATURE DATA]      [PRECIPITATION DATA]       SYMBOLS USED IN COLUMN 16

AVERAGE MONTHLY: 55.0   TOTAL FOR MONTH:   1.95    1 = FOG OR MIST
DPTR FM NORMAL:   3.2   DPTR FM NORMAL:   -0.21    2 = FOG REDUCING VISIBILITY
HIGHEST:    88 ON  2    GRTST 24HR  0.95 ON  3- 3      TO 1/4 MILE OR LESS
LOWEST:     31 ON 12                               3 = THUNDER
                        SNOW, ICE PELLETS, HAIL    4 = ICE PELLETS
                        TOTAL MONTH:   0.0 INCH    5 = HAIL
                        GRTST 24HR     0.0         6 = FREEZING RAIN OR DRIZZLE
                        GRTST DEPTH:   0           7 = DUSTSTORM OR SANDSTORM:
                                                       VSBY 1/2 MILE OR LESS
                                                   8 = SMOKE OR HAZE
[NO. OF DAYS WITH]      [WEATHER - DAYS WITH]      9 = BLOWING SNOW
                                                   X = TORNADO
MAX 32 OR BELOW:   0    0.01 INCH OR MORE:   4
MAX 90 OR ABOVE:   0    0.10 INCH OR MORE:   3
MIN 32 OR BELOW:   1    0.50 INCH OR MORE:   2
MIN  0 OR BELOW:   0    1.00 INCH OR MORE:   0

[HDD (BASE 65) ]
TOTAL THIS MO.   189    CLEAR  (SCALE 0-3)   4
DPTR FM NORMAL   -64    PTCLDY (SCALE 4-7)  11
TOTAL FM JUL 1  7164    CLOUDY (SCALE 8-10)  4
DPTR FM NORMAL  -487

[CDD (BASE 65) ]
TOTAL THIS MO.     3
DPTR FM NORMAL     3    [PRESSURE DATA]
TOTAL FM JAN 1     3    HIGHEST SLP M ON M
DPTR FM NORMAL     3    LOWEST  SLP 29.29 ON  5

[REMARKS]
