000
CXUS54 KBMX 181110
CF6BHM
PRELIMINARY LOCAL CLIMATOLOGICAL DATA (WS FORM: F-6)

                                          STATION:   BIRMINGHAM
                                          MONTH:     JULY
                                          YEAR:      2018
                                          LATITUDE:   33 34 N
                                          LONGITUDE:  86 45 W

  TEMPERATURE IN F:       :PCPN:    SNOW:  WIND      :SUNSHINE: SKY     :PK WND
================================================================================
1   2   3   4   5  6A  6B    7    8   9   10  11  12  13   14  15   16   17  18
                                     12Z  AVG MX 2MIN
DY MAX MIN AVG DEP HDD CDD  WTR  SNW DPTH SPD SPD DIR MIN PSBL S-S WX    SPD DR
================================================================================

 1  89  73  81   1   0  16    T  0.0    0  4.3 20  10   M    M   5 3      25 360
 2  86  75  81   1   0  16 0.06  0.0    0  3.9 13 110   M    M   7 3      16 110
 3  91  75  83   3   0  18 0.00  0.0    0  5.9 14  80   M    M   5        17 140
 4  91  72  82   1   0  17    T  0.0    0  5.5 17  30   M    M   4 3      22  20
 5  90  75  83   2   0  18 0.00  0.0    0  5.7 13  60   M    M   5        16  50
 6  92  72  82   1   0  17 0.01  0.0    0  3.5 18 360   M    M   5 3      24 360
 7  92  70  81   0   0  16    T  0.0    0  4.9 14 120   M    M   7 3      19 100
 8  87  74  81   0   0  16 0.00  0.0    0  6.4 14  70   M    M   7        19 110
 9  89  73  81   0   0  16 0.00  0.0    0  3.4 10  90   M    M   5        15 150
10  93  71  82   1   0  17 0.00  0.0    0  2.8 10 360   M    M   2        13  50
11  94  74  84   3   0  19 0.00  0.0    0  3.4 16 330   M    M   5 3      20 340
12  94  74  84   3   0  19 0.00  0.0    0  2.1 15 170   M    M   4 38     19 170
13  94  75  85   4   0  20 0.00  0.0    0  3.1 15 190   M    M   5 3      19 180
14  93  74  84   3   0  19 0.32  0.0    0  2.8 20  70   M    M   6 138    27  50
15  92  73  83   2   0  18 0.69  0.0    0  2.7 20 300   M    M   7 13     24 320
16  85  73  79  -2   0  14 0.20  0.0    0  3.8 15 280   M    M   8 138    20 290
17  91  74  83   2   0  18 0.00  0.0    0  4.0 12 310   M    M   7 18     16 250
================================================================================
SM 1543 1247         0 294  1.28     0.0  68.2          M       94
================================================================================
AV 90.8 73.4                               4.0 FASTST   M    M   6    MAX(MPH)
                                 MISC ---->  # 20  10               # 27   50
================================================================================
NOTES:
# LAST OF SEVERAL OCCURRENCES

COLUMN 17 PEAK WIND IN M.P.H.

PRELIMINARY LOCAL CLIMATOLOGICAL DATA (WS FORM: F-6) , PAGE 2

                                          STATION:  BIRMINGHAM
                                          MONTH:    JULY
                                          YEAR:     2018
                                          LATITUDE:   33 34 N
                                          LONGITUDE:  86 45 W

[TEMPERATURE DATA]      [PRECIPITATION DATA]       SYMBOLS USED IN COLUMN 16

AVERAGE MONTHLY: 82.1   TOTAL FOR MONTH:   1.28    1 = FOG OR MIST
DPTR FM NORMAL:   1.2   DPTR FM NORMAL:   -1.40    2 = FOG REDUCING VISIBILITY
HIGHEST:    94 ON 13,12 GRTST 24HR  0.69 ON 15-15      TO 1/4 MILE OR LESS
LOWEST:     70 ON  7                               3 = THUNDER
                        SNOW, ICE PELLETS, HAIL    4 = ICE PELLETS
                        TOTAL MONTH:   0.0 INCH    5 = HAIL
                        GRTST 24HR     0.0         6 = FREEZING RAIN OR DRIZZLE
                        GRTST DEPTH:   0           7 = DUSTSTORM OR SANDSTORM:
                                                       VSBY 1/2 MILE OR LESS
                                                   8 = SMOKE OR HAZE
[NO. OF DAYS WITH]      [WEATHER - DAYS WITH]      9 = BLOWING SNOW
                                                   X = TORNADO
MAX 32 OR BELOW:   0    0.01 INCH OR MORE:   5
MAX 90 OR ABOVE:  12    0.10 INCH OR MORE:   3
MIN 32 OR BELOW:   0    0.50 INCH OR MORE:   1
MIN  0 OR BELOW:   0    1.00 INCH OR MORE:   0

[HDD (BASE 65) ]
TOTAL THIS MO.     0    CLEAR  (SCALE 0-3)   1
DPTR FM NORMAL     0    PTCLDY (SCALE 4-7)  16
TOTAL FM JUL 1     0    CLOUDY (SCALE 8-10)  0
DPTR FM NORMAL     0

[CDD (BASE 65) ]
TOTAL THIS MO.   294
DPTR FM NORMAL    25    [PRESSURE DATA]
TOTAL FM JAN 1  1167    HIGHEST SLP M ON M
DPTR FM NORMAL   234    LOWEST  SLP 29.95 ON M

[REMARKS]
