000
CXUS55 KBYZ 221056
CF6BIL
PRELIMINARY LOCAL CLIMATOLOGICAL DATA (WS FORM: F-6)

                                          STATION:   BILLINGS MT
                                          MONTH:     OCTOBER
                                          YEAR:      2018
                                          LATITUDE:   45 47 N
                                          LONGITUDE: 108 32 W

  TEMPERATURE IN F:       :PCPN:    SNOW:  WIND      :SUNSHINE: SKY     :PK WND
================================================================================
1   2   3   4   5  6A  6B    7    8   9   10  11  12  13   14  15   16   17  18
                                     12Z  AVG MX 2MIN
DY MAX MIN AVG DEP HDD CDD  WTR  SNW DPTH SPD SPD DIR MIN PSBL S-S WX    SPD DR
================================================================================

 1  66  34  50  -4  15   0 0.00  0.0    0  8.3 18 220   M    M   6 12     24 300
 2  60  44  52  -1  13   0 0.01  0.0    0  9.4 20  30   M    M   9        25  30
 3  47  31  39 -14  26   0 0.01  0.0    0 10.4 23  50   M    M   6 1      28  60
 4  40  30  35 -17  30   0 0.19    T    0  4.6 14 330   M    M   8 1      16 330
 5  55  36  46  -6  19   0 0.02  0.0    0  8.7 22 300   M    M   6        28 320
 6  59  34  47  -5  18   0 0.00  0.0    0  5.1 13  40   M    M   7        15  60
 7  52  37  45  -6  20   0 0.00  0.0    0  7.6 15  80   M    M   7 1      19  30
 8  50  37  44  -7  21   0 0.00  0.0    0  6.9 16  60   M    M   8 1      20  40
 9  43  35  39 -12  26   0 0.00  0.0    0 12.9 22  70   M    M  10        26  70
10  36  32  34 -16  31   0    T    T    0 12.1 20  60   M    M  10 1      24  80
11  40  30  35 -15  30   0 0.07  0.4    T  5.1 16 240   M    M   9 18     21 240
12  65  33  49  -1  16   0 0.04  0.2    0 15.7 31 260   M    M   3        42 270
13  46  27  37 -12  28   0 0.16  1.8    0  9.0 29  20   M    M  10 12     36  30
14  42  18  30 -19  35   0 0.01  0.2    1 11.7 21 280   M    M   1 1      26 280
15  49  29  39 -10  26   0 0.00  0.0    0 23.5 35 240   M    M   5        41 230
16  62  39  51   3  14   0 0.00  0.0    0 14.8 25 240   M    M   4        30 230
17  67  39  53   5  12   0 0.00  0.0    0  9.9 20 230   M    M   0 8      23 220
18  74  38  56   8   9   0 0.00  0.0    0 13.2 22 240   M    M   0        28 240
19  65  41  53   6  12   0 0.00  0.0    0  3.8 12 320   M    M   3        12 310
20  73  33  53   6  12   0 0.00  0.0    0 13.2 26 240   M    M   1 8      31 240
21  65  40  53   7  12   0 0.00  0.0    0  4.6 17 240   M    M   3        18 230
================================================================================
SM 1156  717       425   0  0.51     2.6 210.5          M      116
================================================================================
AV 55.1 34.1                              10.0 FASTST   M    M   6    MAX(MPH)
                                 MISC ---->  # 35 240               # 42  270
================================================================================
NOTES:
# LAST OF SEVERAL OCCURRENCES

COLUMN 17 PEAK WIND IN M.P.H.

PRELIMINARY LOCAL CLIMATOLOGICAL DATA (WS FORM: F-6) , PAGE 2

                                          STATION:  BILLINGS MT
                                          MONTH:    OCTOBER
                                          YEAR:     2018
                                          LATITUDE:   45 47 N
                                          LONGITUDE: 108 32 W

[TEMPERATURE DATA]      [PRECIPITATION DATA]       SYMBOLS USED IN COLUMN 16

AVERAGE MONTHLY: 44.6   TOTAL FOR MONTH:   0.51    1 = FOG OR MIST
DPTR FM NORMAL:  -5.4   DPTR FM NORMAL:   -0.38    2 = FOG REDUCING VISIBILITY
HIGHEST:    74 ON 18    GRTST 24HR  0.34 ON 30- 1      TO 1/4 MILE OR LESS
LOWEST:     18 ON 14                               3 = THUNDER
                        SNOW, ICE PELLETS, HAIL    4 = ICE PELLETS
                        TOTAL MONTH:   2.6 INCHES  5 = HAIL
                        GRTST 24HR   1.8 ON 13-13  6 = FREEZING RAIN OR DRIZZLE
                        GRTST DEPTH:   1 ON 14     7 = DUSTSTORM OR SANDSTORM:
                                                       VSBY 1/2 MILE OR LESS
                                                   8 = SMOKE OR HAZE
[NO. OF DAYS WITH]      [WEATHER - DAYS WITH]      9 = BLOWING SNOW
                                                   X = TORNADO
MAX 32 OR BELOW:   0    0.01 INCH OR MORE:   8
MAX 90 OR ABOVE:   0    0.10 INCH OR MORE:   2
MIN 32 OR BELOW:   7    0.50 INCH OR MORE:   0
MIN  0 OR BELOW:   0    1.00 INCH OR MORE:   0

[HDD (BASE 65) ]
TOTAL THIS MO.   425    CLEAR  (SCALE 0-3)   7
DPTR FM NORMAL   109    PTCLDY (SCALE 4-7)   9
TOTAL FM JUL 1   716    CLOUDY (SCALE 8-10)  5
DPTR FM NORMAL   171

[CDD (BASE 65) ]
TOTAL THIS MO.     0
DPTR FM NORMAL     0    [PRESSURE DATA]
TOTAL FM JAN 1   554    HIGHEST SLP M ON M
DPTR FM NORMAL   -79    LOWEST  SLP 29.45 ON M

[REMARKS]
