234
CXUS55 KBYZ 221056
CF6BIL
PRELIMINARY LOCAL CLIMATOLOGICAL DATA (WS FORM: F-6)

                                          STATION:   BILLINGS MT
                                          MONTH:     JULY
                                          YEAR:      2018
                                          LATITUDE:   45 47 N
                                          LONGITUDE: 108 32 W

  TEMPERATURE IN F:       :PCPN:    SNOW:  WIND      :SUNSHINE: SKY     :PK WND
================================================================================
1   2   3   4   5  6A  6B    7    8   9   10  11  12  13   14  15   16   17  18
                                     12Z  AVG MX 2MIN
DY MAX MIN AVG DEP HDD CDD  WTR  SNW DPTH SPD SPD DIR MIN PSBL S-S WX    SPD DR
================================================================================

 1  80  59  70   0   0   5    T  0.0    0  9.1 26 310   M    M   7        34 320
 2  79  56  68  -2   0   3 0.06  0.0    0  8.5 46 320   M    M   5 38     55 330
 3  74  51  63  -7   2   0    T  0.0    0 10.8 43 320   M    M   4 3      54 310
 4  74  45  60 -10   5   0 0.00  0.0    0  8.6 18  60   M    M   2        22  50
 5  86  54  70  -1   0   5 0.00  0.0    0  7.7 16 130   M    M   1        22 110
 6 100  63  82  11   0  17 0.00  0.0    0  8.0 21 140   M    M   2        28 150
 7  91  62  77   6   0  12 0.00  0.0    0  8.2 22 320   M    M   4        26 320
 8  86  61  74   2   0   9 0.03  0.0    0  9.9 20 330   M    M   4 3      20 330
 9  93  62  78   6   0  13 0.00  0.0    0  6.5 12  80   M    M   4 3      17  60
10  98  68  83  11   0  18 0.04  0.0    0  8.8 33 330   M    M   6 3      40 330
11  83  60  72   0   0   7 0.00  0.0    0  7.5 16  50   M    M   2        20  60
12  86  64  75   2   0  10 0.00  0.0    0  8.8 18 330   M    M   3        23 330
13  95  62  79   6   0  14 0.00  0.0    0  5.5 13 140   M    M   1        17 130
14  89  62  76   3   0  11 0.00  0.0    0 12.7 26  40   M    M   5        33  80
15  83  56  70  -3   0   5 0.00  0.0    0  6.7 13  40   M    M   3        20  70
16  89  61  75   2   0  10 0.00  0.0    0  5.7 18 220   M    M   3        22 220
17  91  60  76   3   0  11 0.12  0.0    0  6.5 33 280   M    M   4 3      40 280
18  95  59  77   3   0  12 0.01  0.0    0 13.4 39 300   M    M   3        49 320
19  87  64  76   2   0  11 0.00  0.0    0  7.7 17  70   M    M   1        17  70
20  92  63  78   4   0  13 0.00  0.0    0  5.1 10 160   M    M   1        14 130
21  91  61  76   2   0  11 0.00  0.0    0  8.8 43 320   M    M   5        50 320
================================================================================
SM 1842 1253         7 197  0.26     0.0 174.5          M       70
================================================================================
AV 87.7 59.7                               8.3 FASTST   M    M   3    MAX(MPH)
                                 MISC ---->  # 46 320               # 55  330
================================================================================
NOTES:
# LAST OF SEVERAL OCCURRENCES

COLUMN 17 PEAK WIND IN M.P.H.

PRELIMINARY LOCAL CLIMATOLOGICAL DATA (WS FORM: F-6) , PAGE 2

                                          STATION:  BILLINGS MT
                                          MONTH:    JULY
                                          YEAR:     2018
                                          LATITUDE:   45 47 N
                                          LONGITUDE: 108 32 W

[TEMPERATURE DATA]      [PRECIPITATION DATA]       SYMBOLS USED IN COLUMN 16

AVERAGE MONTHLY: 73.7   TOTAL FOR MONTH:   0.26    1 = FOG OR MIST
DPTR FM NORMAL:   1.5   DPTR FM NORMAL:   -0.69    2 = FOG REDUCING VISIBILITY
HIGHEST:   100 ON  6    GRTST 24HR  0.12 ON 17-17      TO 1/4 MILE OR LESS
LOWEST:     45 ON  4                               3 = THUNDER
                        SNOW, ICE PELLETS, HAIL    4 = ICE PELLETS
                        TOTAL MONTH:   0.0 INCH    5 = HAIL
                        GRTST 24HR     0.0         6 = FREEZING RAIN OR DRIZZLE
                        GRTST DEPTH:   0           7 = DUSTSTORM OR SANDSTORM:
                                                       VSBY 1/2 MILE OR LESS
                                                   8 = SMOKE OR HAZE
[NO. OF DAYS WITH]      [WEATHER - DAYS WITH]      9 = BLOWING SNOW
                                                   X = TORNADO
MAX 32 OR BELOW:   0    0.01 INCH OR MORE:   5
MAX 90 OR ABOVE:   9    0.10 INCH OR MORE:   1
MIN 32 OR BELOW:   0    0.50 INCH OR MORE:   0
MIN  0 OR BELOW:   0    1.00 INCH OR MORE:   0

[HDD (BASE 65) ]
TOTAL THIS MO.     7    CLEAR  (SCALE 0-3)   9
DPTR FM NORMAL    -5    PTCLDY (SCALE 4-7)  12
TOTAL FM JUL 1     7    CLOUDY (SCALE 8-10)  0
DPTR FM NORMAL    -5

[CDD (BASE 65) ]
TOTAL THIS MO.   197
DPTR FM NORMAL    35    [PRESSURE DATA]
TOTAL FM JAN 1   268    HIGHEST SLP M ON M
DPTR FM NORMAL     4    LOWEST  SLP 29.64 ON  2

[REMARKS]
