000
CXUS56 KBOI 221002
CF6BKE
PRELIMINARY LOCAL CLIMATOLOGICAL DATA (WS FORM: F-6)

                                          STATION:   BAKER OR
                                          MONTH:     OCTOBER
                                          YEAR:      2018
                                          LATITUDE:   44 50 N
                                          LONGITUDE: 117 49 W

  TEMPERATURE IN F:       :PCPN:    SNOW:  WIND      :SUNSHINE: SKY     :PK WND
================================================================================
1   2   3   4   5  6A  6B    7    8   9   10  11  12  13   14  15   16   17  18
                                     12Z  AVG MX 2MIN
DY MAX MIN AVG DEP HDD CDD  WTR  SNW DPTH SPD SPD DIR MIN PSBL S-S WX    SPD DR
================================================================================

 1  73  28  51   1  14   0 0.00    M    M  5.7 17 130   M    M   4 18     25 100
 2  74  49  62  12   3   0    T    M    M 11.7 24 200   M    M   3 8      32 330
 3  65  30  48  -1  17   0    T    M    M  5.2 20 330   M    M   1 8      25 340
 4  59  33  46  -3  19   0    T    M    M  3.6 10 310   M    M   7 1      14 310
 5  58  25  42  -6  23   0    T    M    M  5.7 18 130   M    M   6 12     25 200
 6  53  37  45  -3  20   0 0.01    M    M 10.6 26 320   M    M   7 1      34 320
 7  59  33  46  -2  19   0 0.00    M    M 10.4 21 330   M    M   0        27 310
 8  61  28  45  -2  20   0 0.06    M    M  2.6 10 340   M    M   8 8      13 310
 9  50  41  46  -1  19   0 0.42    M    M 11.1 30 320   M    M   9 1      37 310
10  56  33  45  -2  20   0 0.00    M    M 10.4 18 320   M    M   9        22 310
11  58  26  42  -4  23   0 0.00    M    M  3.7 13 330   M    M   0 18     16 330
12  67  25  46   0  19   0 0.00    M    M  3.2 15  40   M    M   0 8      17  40
13  54  32  43  -3  22   0    T    M    M 12.5 25 310   M    M   1        31 310
14  56  21  39  -6  26   0    T    M    M  2.7  9 260   M    M   0 18     12 310
15  62  19  41  -4  24   0 0.00    M    M  1.6  8 280   M    M   0        11 270
16  66  23  45   1  20   0 0.00    M    M  0.9  8 250   M    M   0         8 250
17  70  25  48   4  17   0 0.00    M    M  1.2  8 270   M    M   0 18     10 280
18  73  25  49   5  16   0 0.00    M    M  1.9  7 250   M    M   0 128     8 250
19  73  27  50   7  15   0 0.00    M    M  1.1  6 250   M    M   0 18      7 350
20  74  26  50   7  15   0 0.00    M    M  2.8 14 100   M    M   0 18     19 100
21  75  24  50   7  15   0 0.00    M    M  1.2  8 210   M    M   0 18      9 210
================================================================================
SM 1336  610       386   0  0.49    M    109.8          M       55
================================================================================
AV 63.6 29.1                               5.2 FASTST   M    M   3    MAX(MPH)
                                 MISC ---->  # 30 320               # 37  310
================================================================================
NOTES:
# LAST OF SEVERAL OCCURRENCES

COLUMN 17 PEAK WIND IN M.P.H.

PRELIMINARY LOCAL CLIMATOLOGICAL DATA (WS FORM: F-6) , PAGE 2

                                          STATION:  BAKER OR
                                          MONTH:    OCTOBER
                                          YEAR:     2018
                                          LATITUDE:   44 50 N
                                          LONGITUDE: 117 49 W

[TEMPERATURE DATA]      [PRECIPITATION DATA]       SYMBOLS USED IN COLUMN 16

AVERAGE MONTHLY: 46.3   TOTAL FOR MONTH:   0.49    1 = FOG OR MIST
DPTR FM NORMAL:   0.0   DPTR FM NORMAL:    0.10    2 = FOG REDUCING VISIBILITY
HIGHEST:    75 ON 21    GRTST 24HR  0.42 ON  9- 9      TO 1/4 MILE OR LESS
LOWEST:     19 ON 15                               3 = THUNDER
                        SNOW, ICE PELLETS, HAIL    4 = ICE PELLETS
                        TOTAL MONTH:    M          5 = HAIL
                        GRTST 24HR    M  ON   M    6 = FREEZING RAIN OR DRIZZLE
                        GRTST DEPTH:  M  ON   M    7 = DUSTSTORM OR SANDSTORM:
                                                       VSBY 1/2 MILE OR LESS
                                                   8 = SMOKE OR HAZE
[NO. OF DAYS WITH]      [WEATHER - DAYS WITH]      9 = BLOWING SNOW
                                                   X = TORNADO
MAX 32 OR BELOW:   0    0.01 INCH OR MORE:   3
MAX 90 OR ABOVE:   0    0.10 INCH OR MORE:   1
MIN 32 OR BELOW:  15    0.50 INCH OR MORE:   0
MIN  0 OR BELOW:   0    1.00 INCH OR MORE:   0

[HDD (BASE 65) ]
TOTAL THIS MO.   386    CLEAR  (SCALE 0-3)  13
DPTR FM NORMAL    -7    PTCLDY (SCALE 4-7)   6
TOTAL FM JUL 1   694    CLOUDY (SCALE 8-10)  2
DPTR FM NORMAL  -141

[CDD (BASE 65) ]
TOTAL THIS MO.     0
DPTR FM NORMAL     0    [PRESSURE DATA]
TOTAL FM JAN 1   335    HIGHEST SLP M ON M
DPTR FM NORMAL   166    LOWEST  SLP 29.67 ON  9

[REMARKS]
