000
CXUS56 KBOI 191002
CF6BKE
PRELIMINARY LOCAL CLIMATOLOGICAL DATA (WS FORM: F-6)

                                          STATION:   BAKER OR
                                          MONTH:     JULY
                                          YEAR:      2018
                                          LATITUDE:   44 50 N
                                          LONGITUDE: 117 49 W

  TEMPERATURE IN F:       :PCPN:    SNOW:  WIND      :SUNSHINE: SKY     :PK WND
================================================================================
1   2   3   4   5  6A  6B    7    8   9   10  11  12  13   14  15   16   17  18
                                     12Z  AVG MX 2MIN
DY MAX MIN AVG DEP HDD CDD  WTR  SNW DPTH SPD SPD DIR MIN PSBL S-S WX    SPD DR
================================================================================

 1  82  55  69   7   0   4 0.00    M    M  8.9 22 330   M    M   2        28 330
 2  72  44  58  -4   7   0 0.00    M    M 11.9 25 330   M    M   0        33 320
 3  73  41  57  -5   8   0 0.00    M    M  8.1 17 310   M    M   0        22 290
 4  86  42  64   1   1   0 0.00    M    M  3.6 12 260   M    M   0        15 260
 5 100  48  74  11   0   9 0.00    M    M  5.4 23 190   M    M   0        29 200
 6  85  49  67   4   0   2 0.00    M    M  8.0 23 180   M    M   1        32 170
 7  87  51  69   5   0   4 0.00    M    M  6.9 20 300   M    M   0        26 310
 8  94  46  70   6   0   5 0.00    M    M  4.1 15 310   M    M   0        20 320
 9  94  47  71   7   0   6 0.00    M    M  6.8 18 320   M    M   0        25 330
10  81  54  68   4   0   3 0.00    M    M  9.6 18 340   M    M   0        25 330
11  86  46  66   2   0   1 0.00    M    M  8.6 18 320   M    M   0        23 320
12  91  51  71   6   0   6 0.00    M    M  7.3 13 300   M    M   0        17 320
13  98  46  72   7   0   7 0.00    M    M  3.3 10 270   M    M   0        12 320
14  93  50  72   7   0   7 0.00    M    M  8.6 22 330   M    M   0        27 330
15  94  49  72   7   0   7 0.00    M    M  5.8 13 310   M    M   0 8      16 310
16  97  55  76  10   0  11 0.00    M    M  6.9 20 320   M    M   2        24 310
17  99  51  75   9   0  10 0.00    M    M  3.4 13 310   M    M   0        16 310
18  94  48  71   5   0   6 0.00    M    M  6.5 20 340   M    M   0 8      25 350
================================================================================
SM 1606  873        16  88  0.00    M    123.7          M        5
================================================================================
AV 89.2 48.5                               6.9 FASTST   M    M   0    MAX(MPH)
                                 MISC ---->  # 25 330               # 33  320
================================================================================
NOTES:
# LAST OF SEVERAL OCCURRENCES

COLUMN 17 PEAK WIND IN M.P.H.

PRELIMINARY LOCAL CLIMATOLOGICAL DATA (WS FORM: F-6) , PAGE 2

                                          STATION:  BAKER OR
                                          MONTH:    JULY
                                          YEAR:     2018
                                          LATITUDE:   44 50 N
                                          LONGITUDE: 117 49 W

[TEMPERATURE DATA]      [PRECIPITATION DATA]       SYMBOLS USED IN COLUMN 16

AVERAGE MONTHLY: 68.9   TOTAL FOR MONTH:   0.00    1 = FOG OR MIST
DPTR FM NORMAL:   4.8   DPTR FM NORMAL:   -0.42    2 = FOG REDUCING VISIBILITY
HIGHEST:   100 ON  5    GRTST 24HR  0.00 ON 18-18      TO 1/4 MILE OR LESS
LOWEST:     41 ON  3                               3 = THUNDER
                        SNOW, ICE PELLETS, HAIL    4 = ICE PELLETS
                        TOTAL MONTH:    M          5 = HAIL
                        GRTST 24HR    M  ON   M    6 = FREEZING RAIN OR DRIZZLE
                        GRTST DEPTH:  M  ON   M    7 = DUSTSTORM OR SANDSTORM:
                                                       VSBY 1/2 MILE OR LESS
                                                   8 = SMOKE OR HAZE
[NO. OF DAYS WITH]      [WEATHER - DAYS WITH]      9 = BLOWING SNOW
                                                   X = TORNADO
MAX 32 OR BELOW:   0    0.01 INCH OR MORE:   0
MAX 90 OR ABOVE:  10    0.10 INCH OR MORE:   0
MIN 32 OR BELOW:   0    0.50 INCH OR MORE:   0
MIN  0 OR BELOW:   0    1.00 INCH OR MORE:   0

[HDD (BASE 65) ]
TOTAL THIS MO.    16    CLEAR  (SCALE 0-3)  18
DPTR FM NORMAL   -36    PTCLDY (SCALE 4-7)   0
TOTAL FM JUL 1    16    CLOUDY (SCALE 8-10)  0
DPTR FM NORMAL   -36

[CDD (BASE 65) ]
TOTAL THIS MO.    88
DPTR FM NORMAL    53    [PRESSURE DATA]
TOTAL FM JAN 1    93    HIGHEST SLP M ON M
DPTR FM NORMAL    40    LOWEST  SLP 29.77 ON  9

[REMARKS]
