000
CXUS55 KPSR 211005
CF6BLH
PRELIMINARY LOCAL CLIMATOLOGICAL DATA (WS FORM: F-6)

                                          STATION:   BLYTHE CA
                                          MONTH:     OCTOBER
                                          YEAR:      2018
                                          LATITUDE:   33 37 N
                                          LONGITUDE: 114 43 W

  TEMPERATURE IN F:       :PCPN:    SNOW:  WIND      :SUNSHINE: SKY     :PK WND
================================================================================
1   2   3   4   5  6A  6B    7    8   9   10  11  12  13   14  15   16   17  18
                                     12Z  AVG MX 2MIN
DY MAX MIN AVG DEP HDD CDD  WTR  SNW DPTH SPD SPD DIR MIN PSBL S-S WX    SPD DR
================================================================================

 1   M   M   M   M   M   M    T  0.0    M  4.5 16 180   M    M   5        19 190
 2   M   M   M   M   M   M    T  0.0    0  7.8 17 190   M    M   5        22 170
 3  92   M   M   M   M   M 0.06  0.0    0  9.3 31 190   M    M   1 3      38 190
 4  87  67  77  -2   0  12 0.00  0.0    0  7.4 14 240   M    M   1        18 260
 5  89  66  78  -1   0  13 0.00  0.0    0  5.8 15  10   M    M   0        20 330
 6  91  64  78   0   0  13 0.00  0.0    0 11.8 25 240   M    M   1 8      32 190
 7  82  64  73  -5   0   8 0.00  0.0    0  8.9 23  70   M    M   4        27  80
 8  84  62  73  -5   0   8 0.00  0.0    0  4.3 12 200   M    M   1        17 160
 9  88  57  73  -4   0   8 0.00  0.0    0  7.1 22 190   M    M   0        25 200
10  87  66  77   0   0  12 0.00  0.0    0 11.6 18 180   M    M   0        23 200
11  84  65  75  -1   0  10 0.00  0.0    0  6.5 15 190   M    M   3        22 180
12  83  63  73  -3   0   8    T  0.0    0  4.0 12  70   M    M   5        15  70
13  79  63  71  -5   0   6 0.79  0.0    0  7.8 31 290   M    M   6 13     38 290
14  82  63  73  -2   0   8 0.00  0.0    0  8.4 35 360   M    M   1 8      42 350
15  77  58  68  -7   0   3 0.00  0.0    0 18.0 35 360   M    M   0 8      39 360
16  78  57  68  -6   0   3 0.00  0.0    0 10.1 21 350   M    M   0        27 360
17  79  57  68  -6   0   3 0.00  0.0    0  7.3 16  30   M    M   0        20  30
18  84  57  71  -3   0   6 0.00  0.0    0  6.7 16 340   M    M   0        20 360
19  87  64  76   3   0  11 0.00  0.0    0  8.7 16  30   M    M   0        24  40
20  91  63  77   4   0  12 0.00  0.0    0  6.2 14  20   M    M   2        18  30
================================================================================
SM 1524 1056         0 144  0.85     0.0 162.2          M       35
================================================================================
AV 84.7 62.1                               8.1 FASTST   M    M   2    MAX(MPH)
                                 MISC ---->  # 35 360               # 42  350
================================================================================
NOTES:
# LAST OF SEVERAL OCCURRENCES

COLUMN 17 PEAK WIND IN M.P.H.

PRELIMINARY LOCAL CLIMATOLOGICAL DATA (WS FORM: F-6) , PAGE 2

                                          STATION:  BLYTHE CA
                                          MONTH:    OCTOBER
                                          YEAR:     2018
                                          LATITUDE:   33 37 N
                                          LONGITUDE: 114 43 W

[TEMPERATURE DATA]      [PRECIPITATION DATA]       SYMBOLS USED IN COLUMN 16

AVERAGE MONTHLY: 73.4   TOTAL FOR MONTH:   0.85    1 = FOG OR MIST
DPTR FM NORMAL:  -3.2   DPTR FM NORMAL:    0.73    2 = FOG REDUCING VISIBILITY
HIGHEST:    92 ON  3    GRTST 24HR  0.79 ON 13-13      TO 1/4 MILE OR LESS
LOWEST:     57 ON 18,17                            3 = THUNDER
                        SNOW, ICE PELLETS, HAIL    4 = ICE PELLETS
                        TOTAL MONTH:   0.0 INCH    5 = HAIL
                        GRTST 24HR     0.0         6 = FREEZING RAIN OR DRIZZLE
                        GRTST DEPTH:   0           7 = DUSTSTORM OR SANDSTORM:
                                                       VSBY 1/2 MILE OR LESS
                                                   8 = SMOKE OR HAZE
[NO. OF DAYS WITH]      [WEATHER - DAYS WITH]      9 = BLOWING SNOW
                                                   X = TORNADO
MAX 32 OR BELOW:   0    0.01 INCH OR MORE:   2
MAX 90 OR ABOVE:   3    0.10 INCH OR MORE:   1
MIN 32 OR BELOW:   0    0.50 INCH OR MORE:   1
MIN  0 OR BELOW:   0    1.00 INCH OR MORE:   0

[HDD (BASE 65) ]
TOTAL THIS MO.     0    CLEAR  (SCALE 0-3)  15
DPTR FM NORMAL     0    PTCLDY (SCALE 4-7)   5
TOTAL FM JUL 1     0    CLOUDY (SCALE 8-10)  0
DPTR FM NORMAL     0

[CDD (BASE 65) ]
TOTAL THIS MO.   144
DPTR FM NORMAL   -89    [PRESSURE DATA]
TOTAL FM JAN 1  4379    HIGHEST SLP M ON M
DPTR FM NORMAL   236    LOWEST  SLP 29.50 ON  7

[REMARKS]
