000
CXUS56 KBOI 191002
CF6BNO
PRELIMINARY LOCAL CLIMATOLOGICAL DATA (WS FORM: F-6)

                                          STATION:   BURNS OR
                                          MONTH:     JULY
                                          YEAR:      2018
                                          LATITUDE:   43 34 N
                                          LONGITUDE: 118 57 W

  TEMPERATURE IN F:       :PCPN:    SNOW:  WIND      :SUNSHINE: SKY     :PK WND
================================================================================
1   2   3   4   5  6A  6B    7    8   9   10  11  12  13   14  15   16   17  18
                                     12Z  AVG MX 2MIN
DY MAX MIN AVG DEP HDD CDD  WTR  SNW DPTH SPD SPD DIR MIN PSBL S-S WX    SPD DR
================================================================================

 1  83  46  65   2   0   0 0.00    M    M  8.0 21 280   M    M   0        27 280
 2  76  41  59  -5   6   0 0.00    M    M 10.4 22 280   M    M   0        31 290
 3  71  34  53 -11  12   0 0.00    M    M  6.2 14 270   M    M   0        17 150
 4  89  48  69   5   0   4 0.00    M    M 10.9 23  40   M    M   0        29  50
 5  93  46  70   6   0   5 0.00    M    M  8.1 22 160   M    M   0        29 150
 6  78  40  59  -6   6   0 0.00    M    M  6.5 21 130   M    M   2        28 130
 7  90  39  65   0   0   0 0.00    M    M  7.3 20 210   M    M   0        26 210
 8  91  43  67   2   0   2 0.00    M    M  5.8 17 220   M    M   0        25 250
 9  93  41  67   1   0   2 0.00    M    M  7.2 21 300   M    M   0        27 260
10  83  47  65  -1   0   0 0.00    M    M  9.4 18 250   M    M   0        22 250
11  88  43  66   0   0   1 0.00    M    M  7.0 20 320   M    M   0        26 290
12  92  48  70   4   0   5 0.00    M    M  5.9 17 160   M    M   0        21 150
13  97  49  73   6   0   8 0.00    M    M  5.7 14 250   M    M   0        22 290
14  96  53  75   8   0  10 0.00    M    M  8.3 17 270   M    M   0        27 280
15  87  48  68   1   0   3    T    M    M  7.1 28 210   M    M   0        37 200
16  90  49  70   3   0   5 0.02    M    M  6.1 30 330   M    M   0 3      37 340
17  95  43  69   1   0   4 0.00    M    M  5.8 16 230   M    M   0        21 230
18  93  55  74   6   0   9 0.00    M    M  9.8 18 270   M    M   0        24 260
================================================================================
SM 1585  813        24  58  0.02    M    135.5          M        2
================================================================================
AV 88.1 45.2                               7.5 FASTST   M    M   0    MAX(MPH)
                                 MISC ---->  # 30 330               # 37  200
================================================================================
NOTES:
# LAST OF SEVERAL OCCURRENCES

COLUMN 17 PEAK WIND IN M.P.H.

PRELIMINARY LOCAL CLIMATOLOGICAL DATA (WS FORM: F-6) , PAGE 2

                                          STATION:  BURNS OR
                                          MONTH:    JULY
                                          YEAR:     2018
                                          LATITUDE:   43 34 N
                                          LONGITUDE: 118 57 W

[TEMPERATURE DATA]      [PRECIPITATION DATA]       SYMBOLS USED IN COLUMN 16

AVERAGE MONTHLY: 66.6   TOTAL FOR MONTH:   0.02    1 = FOG OR MIST
DPTR FM NORMAL:   0.9   DPTR FM NORMAL:   -0.22    2 = FOG REDUCING VISIBILITY
HIGHEST:    97 ON 13    GRTST 24HR  0.02 ON 16-16      TO 1/4 MILE OR LESS
LOWEST:     34 ON  3                               3 = THUNDER
                        SNOW, ICE PELLETS, HAIL    4 = ICE PELLETS
                        TOTAL MONTH:    M          5 = HAIL
                        GRTST 24HR    M  ON   M    6 = FREEZING RAIN OR DRIZZLE
                        GRTST DEPTH:  M  ON   M    7 = DUSTSTORM OR SANDSTORM:
                                                       VSBY 1/2 MILE OR LESS
                                                   8 = SMOKE OR HAZE
[NO. OF DAYS WITH]      [WEATHER - DAYS WITH]      9 = BLOWING SNOW
                                                   X = TORNADO
MAX 32 OR BELOW:   0    0.01 INCH OR MORE:   1
MAX 90 OR ABOVE:  10    0.10 INCH OR MORE:   0
MIN 32 OR BELOW:   0    0.50 INCH OR MORE:   0
MIN  0 OR BELOW:   0    1.00 INCH OR MORE:   0

[HDD (BASE 65) ]
TOTAL THIS MO.    24    CLEAR  (SCALE 0-3)  18
DPTR FM NORMAL   -20    PTCLDY (SCALE 4-7)   0
TOTAL FM JUL 1    24    CLOUDY (SCALE 8-10)  0
DPTR FM NORMAL   -20

[CDD (BASE 65) ]
TOTAL THIS MO.    58
DPTR FM NORMAL     4    [PRESSURE DATA]
TOTAL FM JAN 1    61    HIGHEST SLP M ON M
DPTR FM NORMAL   -16    LOWEST  SLP 29.77 ON  9

[REMARKS]
