891
CXUS56 KBOI 191002
CF6BNO
PRELIMINARY LOCAL CLIMATOLOGICAL DATA (WS FORM: F-6)

                                          STATION:   BURNS OR
                                          MONTH:     OCTOBER
                                          YEAR:      2018
                                          LATITUDE:   43 34 N
                                          LONGITUDE: 118 57 W

  TEMPERATURE IN F:       :PCPN:    SNOW:  WIND      :SUNSHINE: SKY     :PK WND
================================================================================
1   2   3   4   5  6A  6B    7    8   9   10  11  12  13   14  15   16   17  18
                                     12Z  AVG MX 2MIN
DY MAX MIN AVG DEP HDD CDD  WTR  SNW DPTH SPD SPD DIR MIN PSBL S-S WX    SPD DR
================================================================================

 1  67  29  48  -2  17   0    T    M    M  5.9 16 220   M    M   4        20 220
 2  70  43  57   7   8   0    T    M    M  8.7 23 220   M    M   7        32 210
 3  71  35  53   4  12   0 0.02    M    M  4.7 23 150   M    M   6        27 150
 4  54  33  44  -5  21   0    T    M    M  6.4 17 250   M    M   8 1      22 240
 5  52  23  38 -11  27   0 0.03    M    M  4.4 17 220   M    M   7 12     21 220
 6  55  34  45  -3  20   0 0.14    M    M  7.2 24 290   M    M   7 1      30 280
 7  58  25  42  -6  23   0 0.00    M    M  7.7 15 290   M    M   0        19 280
 8  54  29  42  -6  23   0 0.02    M    M  4.4 14 270   M    M   9 1      15 270
 9  54  32  43  -4  22   0 0.07    M    M 14.3 33 260   M    M   7 1      43 270
10  52  22  37 -10  28   0 0.00    M    M  4.5 15 310   M    M   8 8      17 320
11  58  24  41  -5  24   0 0.00    M    M  5.1 12 160   M    M   1        15 190
12  66  18  42  -4  23   0 0.00    M    M  4.3 10 170   M    M   0        14 170
13  59  29  44  -2  21   0 0.00    M    M 10.4 24 290   M    M   0        31 300
14  52  11  32 -13  33   0 0.00    M    M  6.3 17  40   M    M   0 8      22  60
15  59  11  35 -10  30   0 0.00    M    M  3.0 10 270   M    M   0        12 270
16  65  16  41  -4  24   0 0.00    M    M  5.1 15  60   M    M   0        19  80
17  67  21  44   0  21   0 0.00    M    M  6.0 13  30   M    M   0        16  90
18  68  19  44   0  21   0 0.00    M    M  2.1  7 340   M    M   0        10 140
================================================================================
SM 1081  454       398   0  0.28    M    110.5          M       64
================================================================================
AV 60.1 25.2                               6.1 FASTST   M    M   4    MAX(MPH)
                                 MISC ---->  # 33 260               # 43  270
================================================================================
NOTES:
# LAST OF SEVERAL OCCURRENCES

COLUMN 17 PEAK WIND IN M.P.H.

PRELIMINARY LOCAL CLIMATOLOGICAL DATA (WS FORM: F-6) , PAGE 2

                                          STATION:  BURNS OR
                                          MONTH:    OCTOBER
                                          YEAR:     2018
                                          LATITUDE:   43 34 N
                                          LONGITUDE: 118 57 W

[TEMPERATURE DATA]      [PRECIPITATION DATA]       SYMBOLS USED IN COLUMN 16

AVERAGE MONTHLY: 42.6   TOTAL FOR MONTH:   0.28    1 = FOG OR MIST
DPTR FM NORMAL:  -4.4   DPTR FM NORMAL:   -0.11    2 = FOG REDUCING VISIBILITY
HIGHEST:    71 ON  3    GRTST 24HR  0.14 ON  6- 6      TO 1/4 MILE OR LESS
LOWEST:     11 ON 15,14                            3 = THUNDER
                        SNOW, ICE PELLETS, HAIL    4 = ICE PELLETS
                        TOTAL MONTH:    M          5 = HAIL
                        GRTST 24HR    M  ON   M    6 = FREEZING RAIN OR DRIZZLE
                        GRTST DEPTH:  M  ON   M    7 = DUSTSTORM OR SANDSTORM:
                                                       VSBY 1/2 MILE OR LESS
                                                   8 = SMOKE OR HAZE
[NO. OF DAYS WITH]      [WEATHER - DAYS WITH]      9 = BLOWING SNOW
                                                   X = TORNADO
MAX 32 OR BELOW:   0    0.01 INCH OR MORE:   5
MAX 90 OR ABOVE:   0    0.10 INCH OR MORE:   1
MIN 32 OR BELOW:  14    0.50 INCH OR MORE:   0
MIN  0 OR BELOW:   0    1.00 INCH OR MORE:   0

[HDD (BASE 65) ]
TOTAL THIS MO.   398    CLEAR  (SCALE 0-3)   9
DPTR FM NORMAL    73    PTCLDY (SCALE 4-7)   7
TOTAL FM JUL 1   816    CLOUDY (SCALE 8-10)  2
DPTR FM NORMAL    72

[CDD (BASE 65) ]
TOTAL THIS MO.     0
DPTR FM NORMAL     0    [PRESSURE DATA]
TOTAL FM JAN 1   235    HIGHEST SLP M ON M
DPTR FM NORMAL    20    LOWEST  SLP 29.67 ON  9

[REMARKS]
