000
CXUS55 KBOI 181002
CF6BOI
PRELIMINARY LOCAL CLIMATOLOGICAL DATA (WS FORM: F-6)

                                          STATION:   BOISE ID
                                          MONTH:     JULY
                                          YEAR:      2018
                                          LATITUDE:   43 34 N
                                          LONGITUDE: 116 13 W

  TEMPERATURE IN F:       :PCPN:    SNOW:  WIND      :SUNSHINE: SKY     :PK WND
================================================================================
1   2   3   4   5  6A  6B    7    8   9   10  11  12  13   14  15   16   17  18
                                     12Z  AVG MX 2MIN
DY MAX MIN AVG DEP HDD CDD  WTR  SNW DPTH SPD SPD DIR MIN PSBL S-S WX    SPD DR
================================================================================

 1  85  56  71  -1   0   6 0.00  0.0    0  7.6 18 350   M    M   0        27 340
 2  82  57  70  -3   0   5 0.00  0.0    0 12.3 23 320   M    M   0        30 340
 3  75  50  63 -10   2   0 0.00  0.0    0 10.6 20 300   M    M   0        30 310
 4  97  57  77   4   0  12 0.00  0.0    0  7.5 15 160   M    M   0        21  60
 5 102  67  85  11   0  20 0.00  0.0    0  6.6 17  10   M    M   0        22  20
 6  94  67  81   7   0  16 0.00  0.0    0  8.7 22 320   M    M   0        29 330
 7  96  68  82   8   0  17    T  0.0    0  5.5 14 310   M    M   0        19 320
 8  99  64  82   8   0  17 0.00  0.0    0  5.8 16 310   M    M   0        23 330
 9 102  67  85  10   0  20 0.00  0.0    0  5.0 13 330   M    M   0        22 320
10  90  66  78   3   0  13 0.00  0.0    0 11.3 20 320   M    M   0        26 310
11  91  58  75   0   0  10 0.00  0.0    0  8.0 20 300   M    M   0        27 320
12  93  59  76   0   0  11 0.00  0.0    0  6.3 16 300   M    M   0        22 300
13  99  63  81   5   0  16 0.00  0.0    0  6.5 14 360   M    M   0        22 330
14 100  66  83   7   0  18 0.00  0.0    0  8.4 18 320   M    M   0        23 320
15  97  64  81   5   0  16 0.00  0.0    0  5.8 21 330   M    M   0        29 330
16  98  70  84   8   0  19 0.10  0.0    0  7.3 32 320   M    M   1 38     47 320
17  99  63  81   5   0  16 0.00  0.0    0  5.4 16 350   M    M   0        21 350
================================================================================
SM 1599 1062         2 232  0.10     0.0 128.6          M        1
================================================================================
AV 94.1 62.5                               7.6 FASTST   M    M   0    MAX(MPH)
                                 MISC ---->  # 32 320               # 47  320
================================================================================
NOTES:
# LAST OF SEVERAL OCCURRENCES

COLUMN 17 PEAK WIND IN M.P.H.

PRELIMINARY LOCAL CLIMATOLOGICAL DATA (WS FORM: F-6) , PAGE 2

                                          STATION:  BOISE ID
                                          MONTH:    JULY
                                          YEAR:     2018
                                          LATITUDE:   43 34 N
                                          LONGITUDE: 116 13 W

[TEMPERATURE DATA]      [PRECIPITATION DATA]       SYMBOLS USED IN COLUMN 16

AVERAGE MONTHLY: 78.3   TOTAL FOR MONTH:   0.10    1 = FOG OR MIST
DPTR FM NORMAL:   3.7   DPTR FM NORMAL:   -0.10    2 = FOG REDUCING VISIBILITY
HIGHEST:   102 ON  9, 5 GRTST 24HR  0.10 ON 16-16      TO 1/4 MILE OR LESS
LOWEST:     50 ON  3                               3 = THUNDER
                        SNOW, ICE PELLETS, HAIL    4 = ICE PELLETS
                        TOTAL MONTH:   0.0 INCH    5 = HAIL
                        GRTST 24HR     0.0         6 = FREEZING RAIN OR DRIZZLE
                        GRTST DEPTH:   0           7 = DUSTSTORM OR SANDSTORM:
                                                       VSBY 1/2 MILE OR LESS
                                                   8 = SMOKE OR HAZE
[NO. OF DAYS WITH]      [WEATHER - DAYS WITH]      9 = BLOWING SNOW
                                                   X = TORNADO
MAX 32 OR BELOW:   0    0.01 INCH OR MORE:   1
MAX 90 OR ABOVE:  14    0.10 INCH OR MORE:   1
MIN 32 OR BELOW:   0    0.50 INCH OR MORE:   0
MIN  0 OR BELOW:   0    1.00 INCH OR MORE:   0

[HDD (BASE 65) ]
TOTAL THIS MO.     2    CLEAR  (SCALE 0-3)  17
DPTR FM NORMAL    -2    PTCLDY (SCALE 4-7)   0
TOTAL FM JUL 1     2    CLOUDY (SCALE 8-10)  0
DPTR FM NORMAL    -2

[CDD (BASE 65) ]
TOTAL THIS MO.   232
DPTR FM NORMAL    64    [PRESSURE DATA]
TOTAL FM JAN 1   429    HIGHEST SLP M ON M
DPTR FM NORMAL    78    LOWEST  SLP 29.77 ON  9

[REMARKS]
