000
CXUS55 KRIW 220945
CF6BPI
PRELIMINARY LOCAL CLIMATOLOGICAL DATA (WS FORM: F-6)

                                          STATION:   BIG PINEY  WY
                                          MONTH:     JUNE
                                          YEAR:      2018
                                          LATITUDE:   42 34 N
                                          LONGITUDE: 110  6 W

  TEMPERATURE IN F:       :PCPN:    SNOW:  WIND      :SUNSHINE: SKY     :PK WND
================================================================================
1   2   3   4   5  6A  6B    7    8   9   10  11  12  13   14  15   16   17  18
                                     12Z  AVG MX 2MIN
DY MAX MIN AVG DEP HDD CDD  WTR  SNW DPTH SPD SPD DIR MIN PSBL S-S WX    SPD DR
================================================================================

 1  59  35  47  -4  18   0    T    M    M 12.6 30 300   M    M   3        39 290
 2  71  27  49  -2  16   0 0.00    M    M  6.1 14 330   M    M   0        19 330
 3  79  33  56   5   9   0 0.00  0.0    M  6.4 18 280   M    M   0        23 280
 4  83  34  59   8   6   0 0.00  0.0    M  8.9 25 290   M    M   0        36 300
 5  83  35  59   7   6   0 0.00  0.0    M  8.8 28 270   M    M   0        36 280
 6  83  39  61   9   4   0    T    M    M  9.8 40 210   M    M   1        52 210
 7  83  40  62  10   3   0 0.00  0.0    M 10.4 28 250   M    M   0        34 250
 8  81  36  59   6   6   0    T    M    M  7.6 38 180   M    M   0        53 210
 9  84  37  61   8   4   0 0.00    M    M  9.8 31 230   M    M   0        41 220
10  64  33  49  -4  16   0 0.00    M    M 13.7 30 270   M    M   0        39 300
11  68  24  46  -8  19   0 0.00    M    M 10.3 23 280   M    M   0        35 260
12  74  29  52  -2  13   0 0.00    M    M  6.0 13  30   M    M   0        15 290
13  85  30  58   4   7   0 0.00    M    M  9.4 28 280   M    M   0        36 290
14  84  38  61   7   4   0 0.00  0.0    M 10.1 25 280   M    M   1        32 270
15  80  42  61   6   4   0    T    M    M 12.8 29 260   M    M   1        33 260
16  76  41  59   4   6   0 0.00    M    M  9.2 22 340   M    M   4        30  10
17  70  44  57   2   8   0 1.13    M    M  9.1 28 150   M    M   7 13     37 150
18  62  40  51  -5  14   0 0.39    M    M 10.2 32 280   M    M   6 13     37 280
19  63  38  51  -5  14   0 0.14    M    M  7.3 23 310   M    M   6 13     27 320
20  70  39  55  -1  10   0 0.00  0.0    M  4.1 12 350   M    M   2        13 250
21  79  41  60   3   5   0 0.00  0.0    M 10.1 29 320   M    M   2        36 330
================================================================================
SM 1581  755       192   0  1.66     0.0 192.7          M       33
================================================================================
AV 75.3 36.0                               9.2 FASTST   M    M   2    MAX(MPH)
                                 MISC ---->  # 40 210               # 53  210
================================================================================
NOTES:
# LAST OF SEVERAL OCCURRENCES

COLUMN 17 PEAK WIND IN M.P.H.

PRELIMINARY LOCAL CLIMATOLOGICAL DATA (WS FORM: F-6) , PAGE 2

                                          STATION:  BIG PINEY  WY
                                          MONTH:    JUNE
                                          YEAR:     2018
                                          LATITUDE:   42 34 N
                                          LONGITUDE: 110  6 W

[TEMPERATURE DATA]      [PRECIPITATION DATA]       SYMBOLS USED IN COLUMN 16

AVERAGE MONTHLY: 55.6   TOTAL FOR MONTH:   1.66    1 = FOG OR MIST
DPTR FM NORMAL:   2.0   DPTR FM NORMAL:    1.06    2 = FOG REDUCING VISIBILITY
HIGHEST:    85 ON 13    GRTST 24HR  1.13 ON 17-17      TO 1/4 MILE OR LESS
LOWEST:     24 ON 11                               3 = THUNDER
                        SNOW, ICE PELLETS, HAIL    4 = ICE PELLETS
                        TOTAL MONTH:   0.0 INCH    5 = HAIL
                        GRTST 24HR     0.0         6 = FREEZING RAIN OR DRIZZLE
                        GRTST DEPTH:  M  ON   M    7 = DUSTSTORM OR SANDSTORM:
                                                       VSBY 1/2 MILE OR LESS
                                                   8 = SMOKE OR HAZE
[NO. OF DAYS WITH]      [WEATHER - DAYS WITH]      9 = BLOWING SNOW
                                                   X = TORNADO
MAX 32 OR BELOW:   0    0.01 INCH OR MORE:   3
MAX 90 OR ABOVE:   0    0.10 INCH OR MORE:   3
MIN 32 OR BELOW:   4    0.50 INCH OR MORE:   1
MIN  0 OR BELOW:   0    1.00 INCH OR MORE:   1

[HDD (BASE 65) ]
TOTAL THIS MO.   192    CLEAR  (SCALE 0-3)  16
DPTR FM NORMAL   -48    PTCLDY (SCALE 4-7)   5
TOTAL FM JUL 1  9102    CLOUDY (SCALE 8-10)  0
DPTR FM NORMAL -1264

[CDD (BASE 65) ]
TOTAL THIS MO.     0
DPTR FM NORMAL     0    [PRESSURE DATA]
TOTAL FM JAN 1     0    HIGHEST SLP M ON M
DPTR FM NORMAL     0    LOWEST  SLP 29.48 ON 10

[REMARKS]
