000
CXUS55 KRIW 260945
CF6BPI
PRELIMINARY LOCAL CLIMATOLOGICAL DATA (WS FORM: F-6)

                                          STATION:   BIG PINEY  WY
                                          MONTH:     SEPTEMBER
                                          YEAR:      2018
                                          LATITUDE:   42 34 N
                                          LONGITUDE: 110  6 W

  TEMPERATURE IN F:       :PCPN:    SNOW:  WIND      :SUNSHINE: SKY     :PK WND
================================================================================
1   2   3   4   5  6A  6B    7    8   9   10  11  12  13   14  15   16   17  18
                                     12Z  AVG MX 2MIN
DY MAX MIN AVG DEP HDD CDD  WTR  SNW DPTH SPD SPD DIR MIN PSBL S-S WX    SPD DR
================================================================================

 1  79  29  54  -1  11   0 0.00    M    M  7.7 22 320   M    M   0        27 290
 2  79  31  55   0  10   0 0.00    M    M  6.0 21 270   M    M   0        27 260
 3  81  28  55   1  10   0 0.00    M    M  6.7 18 330   M    M   0        25 310
 4  79  28  54   0  11   0 0.00    M    M  6.4 14 350   M    M   1        18  10
 5  80  36  58   4   7   0 0.00    M    M  5.0 17 340   M    M   0 3      23 350
 6  82  41  62   9   3   0 0.00    M    M  7.0 22 330   M    M   2        28 340
 7  78  44  61   8   4   0    T    M    M  6.5 22 280   M    M   2        26 280
 8  80  37  59   6   6   0    T    M    M 10.4 30 270   M    M   1        40 270
 9  78  32  55   3  10   0 0.00    M    M  7.1 16 300   M    M   0        23 320
10  82  32  57   5   8   0 0.00    M    M  8.7 21 280   M    M   0        32 280
11  82  32  57   5   8   0 0.00    M    M  8.7 28 280   M    M   0        34 310
12  79  30  55   4  10   0 0.00    M    M  9.5 35 270   M    M   0        42 270
13  73  29  51   0  14   0 0.00    M    M  7.9 28 270   M    M   0        38 260
14  79  28  54   4  11   0 0.00    M    M  7.6 24 230   M    M   1        31 230
15  82  29  56   6   9   0 0.00    M    M 10.7 31 240   M    M   0        36 240
16  79  37  58   8   7   0 0.00    M    M 11.3 32 280   M    M   1        42 260
17  79  30  55   6  10   0 0.00    M    M  7.5 21 280   M    M   1        27 260
18  79  35  57   8   8   0    T    M    M 10.1 28 270   M    M   0 8      35 290
19  78  30  54   6  11   0 0.00    M    M  9.1 24 210   M    M   0        29 220
20  64  29  47  -1  18   0 0.00    M    M 11.0 23 310   M    M   2 8      30 320
21  72  19  46  -2  19   0 0.00    M    M  5.8 22 270   M    M   0        29 250
22  78  25  52   5  13   0 0.00    M    M  8.0 28 270   M    M   0        40 240
23  74  36  55   8  10   0 0.00  0.0    M  9.6 35 280   M    M   0        43 280
24  63  27  45  -1  20   0 0.00  0.0    M  9.6 30 330   M    M   0 8      36 330
25  62  17  40  -6  25   0 0.00  0.0    M  5.3 15 350   M    M   0 8      18 350
================================================================================
SM 1921  771       273   0    T      0.0 203.2          M       11
================================================================================
AV 76.8 30.8                               8.1 FASTST   M    M   0    MAX(MPH)
                                 MISC ---->  # 35 270               # 43  280
================================================================================
NOTES:
# LAST OF SEVERAL OCCURRENCES

COLUMN 17 PEAK WIND IN M.P.H.

PRELIMINARY LOCAL CLIMATOLOGICAL DATA (WS FORM: F-6) , PAGE 2

                                          STATION:  BIG PINEY  WY
                                          MONTH:    SEPTEMBER
                                          YEAR:     2018
                                          LATITUDE:   42 34 N
                                          LONGITUDE: 110  6 W

[TEMPERATURE DATA]      [PRECIPITATION DATA]       SYMBOLS USED IN COLUMN 16

AVERAGE MONTHLY: 53.8   TOTAL FOR MONTH:      T    1 = FOG OR MIST
DPTR FM NORMAL:   3.2   DPTR FM NORMAL:   -0.66    2 = FOG REDUCING VISIBILITY
HIGHEST:    82 ON 15,11 GRTST 24HR    T  ON 18-18      TO 1/4 MILE OR LESS
LOWEST:     17 ON 25                               3 = THUNDER
                        SNOW, ICE PELLETS, HAIL    4 = ICE PELLETS
                        TOTAL MONTH:   0.0 INCH    5 = HAIL
                        GRTST 24HR     0.0         6 = FREEZING RAIN OR DRIZZLE
                        GRTST DEPTH:  M  ON   M    7 = DUSTSTORM OR SANDSTORM:
                                                       VSBY 1/2 MILE OR LESS
                                                   8 = SMOKE OR HAZE
[NO. OF DAYS WITH]      [WEATHER - DAYS WITH]      9 = BLOWING SNOW
                                                   X = TORNADO
MAX 32 OR BELOW:   0    0.01 INCH OR MORE:   0
MAX 90 OR ABOVE:   0    0.10 INCH OR MORE:   0
MIN 32 OR BELOW:  18    0.50 INCH OR MORE:   0
MIN  0 OR BELOW:   0    1.00 INCH OR MORE:   0

[HDD (BASE 65) ]
TOTAL THIS MO.   273    CLEAR  (SCALE 0-3)  25
DPTR FM NORMAL   -85    PTCLDY (SCALE 4-7)   0
TOTAL FM JUL 1   474    CLOUDY (SCALE 8-10)  0
DPTR FM NORMAL  -177

[CDD (BASE 65) ]
TOTAL THIS MO.     0
DPTR FM NORMAL     0    [PRESSURE DATA]
TOTAL FM JAN 1    57    HIGHEST SLP M ON M
DPTR FM NORMAL    22    LOWEST  SLP 29.66 ON 19

[REMARKS]
