089
CXUS54 KLZK 191130
CF6BPK
PRELIMINARY LOCAL CLIMATOLOGICAL DATA (WS FORM: F-6)

                                          STATION:   Mountain Home Airport
                                          MONTH:     OCTOBER
                                          YEAR:      2018
                                          LATITUDE:   36 22 N
                                          LONGITUDE:  92 28 W

  TEMPERATURE IN F:       :PCPN:    SNOW:  WIND      :SUNSHINE: SKY     :PK WND
================================================================================
1   2   3   4   5  6A  6B    7    8   9   10  11  12  13   14  15   16   17  18
                                     12Z  AVG MX 2MIN
DY MAX MIN AVG DEP HDD CDD  WTR  SNW DPTH SPD SPD DIR MIN PSBL S-S WX    SPD DR
================================================================================

 1  82  65  74  10   0   9    T    M    M  4.0 13 230   M    M   4        17 210
 2  88  66  77  13   0  12 0.00    M    M  3.7 13 220   M    M   2 1      18 240
 3  88  70  79  15   0  14 0.00    M    M  7.2 17 220   M    M   2        25 220
 4  90  70  80  17   0  15 0.00    M    M  4.7 14 220   M    M   2        18 210
 5  90  70  80  17   0  15 0.00    M    M  6.5 16 240   M    M   0        23 220
 6  89  68  79  17   0  14 0.00    M    M  5.7 15 220   M    M   1        20 220
 7  88  68  78  16   0  13 0.00    M    M  5.9 15 200   M    M   3 3      23 220
 8  87  68  78  16   0  13    T    M    M  7.9 20 190   M    M   1        27 190
 9  80  65  73  11   0   8 1.85    M    M  7.7 18 180   M    M   6 13     25 180
10  74  51  63   2   2   0    T    M    M  5.2 12 310   M    M   4        23 310
11  64  44  54  -7  11   0 0.00    M    M  3.6 10 340   M    M   1        18 360
12  53  44  49 -12  16   0 0.08    M    M  2.7 10 170   M    M   8 1      13 160
13  53  49  51  -9  14   0 0.82    M    M  6.1 13 160   M    M  10 1      17 130
14  60  50  55  -5  10   0 0.13    M    M  3.4  9 130   M    M  10 1      12 120
15  56  39  48 -12  17   0 0.33    M    M  4.5 14 350   M    M   7 1      25  20
16  51  39  45 -15  20   0 0.00    M    M  0.6  6 230   M    M   3         8 240
17  72  39  56  -3   9   0 0.00    M    M  2.2 10  90   M    M   1 12     15  80
18  62  45  54  -5  11   0 0.00    M    M  4.0 10 130   M    M   0 8      14 130
================================================================================
SM 1327 1010       110 113  3.21    M     85.6          M       65
================================================================================
AV 73.7 56.1                               4.8 FASTST   M    M   4    MAX(MPH)
                                 MISC ---->  # 20 190               # 27  190
================================================================================
NOTES:
# LAST OF SEVERAL OCCURRENCES

COLUMN 17 PEAK WIND IN M.P.H.

PRELIMINARY LOCAL CLIMATOLOGICAL DATA (WS FORM: F-6) , PAGE 2

                                          STATION:  Mountain Home Airport
                                          MONTH:    OCTOBER
                                          YEAR:     2018
                                          LATITUDE:   36 22 N
                                          LONGITUDE:  92 28 W

[TEMPERATURE DATA]      [PRECIPITATION DATA]       SYMBOLS USED IN COLUMN 16

AVERAGE MONTHLY: 64.9   TOTAL FOR MONTH:   3.21    1 = FOG OR MIST
DPTR FM NORMAL:   3.4   DPTR FM NORMAL:    0.95    2 = FOG REDUCING VISIBILITY
HIGHEST:    90 ON  5, 4 GRTST 24HR  1.85 ON  9- 9      TO 1/4 MILE OR LESS
LOWEST:     39 ON 17,16                            3 = THUNDER
                        SNOW, ICE PELLETS, HAIL    4 = ICE PELLETS
                        TOTAL MONTH:    M          5 = HAIL
                        GRTST 24HR    M  ON   M    6 = FREEZING RAIN OR DRIZZLE
                        GRTST DEPTH:  M  ON   M    7 = DUSTSTORM OR SANDSTORM:
                                                       VSBY 1/2 MILE OR LESS
                                                   8 = SMOKE OR HAZE
[NO. OF DAYS WITH]      [WEATHER - DAYS WITH]      9 = BLOWING SNOW
                                                   X = TORNADO
MAX 32 OR BELOW:   0    0.01 INCH OR MORE:   5
MAX 90 OR ABOVE:   2    0.10 INCH OR MORE:   4
MIN 32 OR BELOW:   0    0.50 INCH OR MORE:   2
MIN  0 OR BELOW:   0    1.00 INCH OR MORE:   1

[HDD (BASE 65) ]
TOTAL THIS MO.   110    CLEAR  (SCALE 0-3)  10
DPTR FM NORMAL    15    PTCLDY (SCALE 4-7)   6
TOTAL FM JUL 1   116    CLOUDY (SCALE 8-10)  2
DPTR FM NORMAL    -9

[CDD (BASE 65) ]
TOTAL THIS MO.   113
DPTR FM NORMAL    82    [PRESSURE DATA]
TOTAL FM JAN 1  1966    HIGHEST SLP M ON M
DPTR FM NORMAL   420    LOWEST  SLP 29.71 ON  9

[REMARKS]
