923
CXUS54 KLZK 191130
CF6BPK
PRELIMINARY LOCAL CLIMATOLOGICAL DATA (WS FORM: F-6)

                                          STATION:   Mountain Home Airport
                                          MONTH:     JULY
                                          YEAR:      2018
                                          LATITUDE:   36 22 N
                                          LONGITUDE:  92 28 W

  TEMPERATURE IN F:       :PCPN:    SNOW:  WIND      :SUNSHINE: SKY     :PK WND
================================================================================
1   2   3   4   5  6A  6B    7    8   9   10  11  12  13   14  15   16   17  18
                                     12Z  AVG MX 2MIN
DY MAX MIN AVG DEP HDD CDD  WTR  SNW DPTH SPD SPD DIR MIN PSBL S-S WX    SPD DR
================================================================================

 1  91  73  82   4   0  17 0.00    M    M  3.4 10 270   M    M   0        15 280
 2  92  69  81   3   0  16 0.00    M    M  2.2  8  90   M    M   1        11 100
 3  94  74  84   6   0  19 0.00    M    M  5.2 14 130   M    M   1        21 150
 4  95  74  85   7   0  20 0.00    M    M  6.1 15 150   M    M   1        24 140
 5  96  74  85   7   0  20    T    M    M  3.6 18  90   M    M   0 3      27  90
 6  95  72  84   5   0  19 0.00  0.0    0  3.8 13 100   M    M   2        19  70
 7  89  67  78  -1   0  13 0.00  0.0    0  5.8 12 120   M    M   1        16 120
 8  90  65  78  -1   0  13 0.00  0.0    0  4.7 13  90   M    M   2        18 100
 9  94  72  83   4   0  18 0.00  0.0    0  3.4 10 150   M    M   3 3      15 110
10  97  70  84   5   0  19    T  0.0    0  1.5 10 190   M    M   1 3      16  90
11  98  71  85   6   0  20 0.00  0.0    0  2.2 10  90   M    M   1        15  80
12  98  74  86   7   0  21 0.00  0.0    0  3.7 16 180   M    M   1        19 180
13 100  73  87   8   0  22 0.00  0.0    0  3.0 10 230   M    M   0        16 210
14  98  74  86   7   0  21 0.00  0.0    0  2.5 12 190   M    M   2 3      18 340
15  93  72  83   4   0  18 0.02  0.0    0  2.4 14 210   M    M   3        21 220
16  95  71  83   4   0  18 0.28  0.0    0  2.4 14 280   M    M   3 13     25 280
17  95  70  83   4   0  18 0.01  0.0    0  1.3 10 150   M    M   4 123    17  20
18  85  73  79   0   0  14    T  0.0    0  4.6 15 110   M    M   5 3      21  90
================================================================================
SM 1695 1288         0 326  0.31     0.0  61.8          M       31
================================================================================
AV 94.2 71.6                               3.4 FASTST   M    M   2    MAX(MPH)
                                 MISC ---->  # 18  90               # 27   90
================================================================================
NOTES:
# LAST OF SEVERAL OCCURRENCES

COLUMN 17 PEAK WIND IN M.P.H.

PRELIMINARY LOCAL CLIMATOLOGICAL DATA (WS FORM: F-6) , PAGE 2

                                          STATION:  Mountain Home Airport
                                          MONTH:    JULY
                                          YEAR:     2018
                                          LATITUDE:   36 22 N
                                          LONGITUDE:  92 28 W

[TEMPERATURE DATA]      [PRECIPITATION DATA]       SYMBOLS USED IN COLUMN 16

AVERAGE MONTHLY: 82.9   TOTAL FOR MONTH:   0.31    1 = FOG OR MIST
DPTR FM NORMAL:   4.1   DPTR FM NORMAL:   -1.74    2 = FOG REDUCING VISIBILITY
HIGHEST:   100 ON 13    GRTST 24HR  0.28 ON 16-16      TO 1/4 MILE OR LESS
LOWEST:     65 ON  8                               3 = THUNDER
                        SNOW, ICE PELLETS, HAIL    4 = ICE PELLETS
                        TOTAL MONTH:   0.0 INCH    5 = HAIL
                        GRTST 24HR     0.0         6 = FREEZING RAIN OR DRIZZLE
                        GRTST DEPTH:   0           7 = DUSTSTORM OR SANDSTORM:
                                                       VSBY 1/2 MILE OR LESS
                                                   8 = SMOKE OR HAZE
[NO. OF DAYS WITH]      [WEATHER - DAYS WITH]      9 = BLOWING SNOW
                                                   X = TORNADO
MAX 32 OR BELOW:   0    0.01 INCH OR MORE:   3
MAX 90 OR ABOVE:  16    0.10 INCH OR MORE:   1
MIN 32 OR BELOW:   0    0.50 INCH OR MORE:   0
MIN  0 OR BELOW:   0    1.00 INCH OR MORE:   0

[HDD (BASE 65) ]
TOTAL THIS MO.     0    CLEAR  (SCALE 0-3)  15
DPTR FM NORMAL     0    PTCLDY (SCALE 4-7)   3
TOTAL FM JUL 1     0    CLOUDY (SCALE 8-10)  0
DPTR FM NORMAL     0

[CDD (BASE 65) ]
TOTAL THIS MO.   326
DPTR FM NORMAL    79    [PRESSURE DATA]
TOTAL FM JAN 1  1015    HIGHEST SLP M ON M
DPTR FM NORMAL   308    LOWEST  SLP 29.86 ON  1

[REMARKS]
