931
CXUS53 KDLH 270631
CF6BRD
PRELIMINARY LOCAL CLIMATOLOGICAL DATA (WS FORM: F-6)

                                          STATION:   BRAINERD
                                          MONTH:     MAY
                                          YEAR:      2018
                                          LATITUDE:   46 24 N
                                          LONGITUDE:  94  8 W

  TEMPERATURE IN F:       :PCPN:    SNOW:  WIND      :SUNSHINE: SKY     :PK WND
================================================================================
1   2   3   4   5  6A  6B    7    8   9   10  11  12  13   14  15   16   17  18
                                     12Z  AVG MX 2MIN
DY MAX MIN AVG DEP HDD CDD  WTR  SNW DPTH SPD SPD DIR MIN PSBL S-S WX    SPD DR
================================================================================

 1  70  43  57   6   8   0    T  0.0    0 10.3 20 200   M    M   4 38     26 190
 2  65  40  53   2  12   0 0.00  0.0    0  5.7 15 310   M    M   3        19 310
 3  73  39  56   4   9   0 0.00  0.0    0  4.7 18 320   M    M   1 8      22 320
 4  76  38  57   5   8   0 0.00  0.0    0 10.4 26 340   M    M   1        35 310
 5  78  40  59   7   6   0    T  0.0    0  5.0 24 340   M    M   4        33 260
 6  77  44  61   8   4   0    T  0.0    0  4.2 13 260   M    M   2        16 280
 7  86  45  66  13   0   1    T  0.0    0  8.0 21 270   M    M   2 8      28 280
 8  69  45  57   3   8   0 0.10  0.0    0  5.9 16 250   M    M   9        21 240
 9  57  44  51  -3  14   0 0.13  0.0    0  6.0 25 340   M    M   8 1      34 340
10  55  37  46  -8  19   0 0.00  0.0    0  9.6 20 340   M    M   0        26 340
11  62  34  48  -7  17   0 0.00  0.0    0  5.4 15 120   M    M   0        21 130
12  67  35  51  -4  14   0 0.00  0.0    0  3.1 12  70   M    M   2        21  50
13  76  37  57   2   8   0 0.00  0.0    0  5.4 17 230   M    M   2 8      23 270
14  77  48  63   7   2   0 0.00  0.0    0  6.6 18 250   M    M   3        22 250
15  78  42  60   4   5   0 0.00  0.0    0  6.3 16  10   M    M   0        20  10
16  88  55  72  16   0   7 0.00  0.0    0  9.4 20 260   M    M   2        27 250
17  69  47  58   1   7   0 0.00  0.0    0  9.6 17  70   M    M   2        25  70
18  82  48  65   8   0   0    T  0.0    0  8.3 20 180   M    M   3        27 140
19  64  43  54  -3  11   0    T  0.0    0 13.6 24  30   M    M   6 18     33  10
20  72  32  52  -5  13   0 0.00  0.0    0  4.0 15  50   M    M   1 128    20  40
21  65  43  54  -4  11   0 0.01  0.0    0  3.0 14 160   M    M   6        18 170
22  76  55  66   8   0   1 0.00  0.0    0  2.3 12 310   M    M   6 18     16 270
23  82  51  67   9   0   2 0.27  0.0    0  5.8 18 180   M    M   3 123    25 170
24  89  65  77  18   0  12 0.30  0.0    0 12.0 25 220   M    M   2 1378   35 230
25  90  65  78  19   0  13 0.00  0.0    0  8.5 17 250   M    M   2        24 290
26  92  59  76  17   0  11 0.00  0.0    0  6.9 21 280   M    M   1        30 300
================================================================================
SM 1935 1174       176  47  0.81     0.0 180.0          M       75
================================================================================
AV 74.4 45.2                               6.9 FASTST   M    M   3    MAX(MPH)
                                 MISC ---->  # 26 340               # 35  310
================================================================================
NOTES:
# LAST OF SEVERAL OCCURRENCES

COLUMN 17 PEAK WIND IN M.P.H.

PRELIMINARY LOCAL CLIMATOLOGICAL DATA (WS FORM: F-6) , PAGE 2

                                          STATION:  BRAINERD
                                          MONTH:    MAY
                                          YEAR:     2018
                                          LATITUDE:   46 24 N
                                          LONGITUDE:  94  8 W

[TEMPERATURE DATA]      [PRECIPITATION DATA]       SYMBOLS USED IN COLUMN 16

AVERAGE MONTHLY: 59.8   TOTAL FOR MONTH:   0.81    1 = FOG OR MIST
DPTR FM NORMAL:   4.5   DPTR FM NORMAL:   -2.00    2 = FOG REDUCING VISIBILITY
HIGHEST:    92 ON 26    GRTST 24HR  0.30 ON 24-24      TO 1/4 MILE OR LESS
LOWEST:     32 ON 20                               3 = THUNDER
                        SNOW, ICE PELLETS, HAIL    4 = ICE PELLETS
                        TOTAL MONTH:   0.0 INCH    5 = HAIL
                        GRTST 24HR     0.0         6 = FREEZING RAIN OR DRIZZLE
                        GRTST DEPTH:   0           7 = DUSTSTORM OR SANDSTORM:
                                                       VSBY 1/2 MILE OR LESS
                                                   8 = SMOKE OR HAZE
[NO. OF DAYS WITH]      [WEATHER - DAYS WITH]      9 = BLOWING SNOW
                                                   X = TORNADO
MAX 32 OR BELOW:   0    0.01 INCH OR MORE:   5
MAX 90 OR ABOVE:   2    0.10 INCH OR MORE:   4
MIN 32 OR BELOW:   1    0.50 INCH OR MORE:   0
MIN  0 OR BELOW:   0    1.00 INCH OR MORE:   0

[HDD (BASE 65) ]
TOTAL THIS MO.   176    CLEAR  (SCALE 0-3)  17
DPTR FM NORMAL   -90    PTCLDY (SCALE 4-7)   8
TOTAL FM JUL 1  9032    CLOUDY (SCALE 8-10)  1
DPTR FM NORMAL   498

[CDD (BASE 65) ]
TOTAL THIS MO.    47
DPTR FM NORMAL    36    [PRESSURE DATA]
TOTAL FM JAN 1    47    HIGHEST SLP M ON M
DPTR FM NORMAL    35    LOWEST  SLP 29.48 ON  1

[REMARKS]
