000
CXUS55 KDVN 191100
CF6BRL
PRELIMINARY LOCAL CLIMATOLOGICAL DATA (WS FORM: F-6)

                                          STATION:   BURLINGTON IA
                                          MONTH:     NOVEMBER
                                          YEAR:      2018
                                          LATITUDE:   40 46 N
                                          LONGITUDE:  91  7 W

  TEMPERATURE IN F:       :PCPN:    SNOW:  WIND      :SUNSHINE: SKY     :PK WND
================================================================================
1   2   3   4   5  6A  6B    7    8   9   10  11  12  13   14  15   16   17  18
                                     12Z  AVG MX 2MIN
DY MAX MIN AVG DEP HDD CDD  WTR  SNW DPTH SPD SPD DIR MIN PSBL S-S WX    SPD DR
================================================================================

 1  52  38  45  -5  20   0 0.00    M    M  5.6 13  30   M    M   0        16  30
 2  53  36  45  -4  20   0    T    M    M  3.9 14 220   M    M   7        17 220
 3  51  37  44  -5  21   0    T    M    M  9.0 18 120   M    M   5 1      26 120
 4  54  44  49   1  16   0 1.42    M    M 11.7 24 210   M    M  10 18     33 200
 5  50  41  46  -2  19   0 0.15    M    M  9.3 22 150   M    M   7 1      30 150
 6  49  35  42  -5  23   0 0.01    M    M 12.2 26 280   M    M   7        39 270
 7  41  30  36 -11  29   0 0.00    M    M  9.8 17 320   M    M   5        26 320
 8  35  30  33 -13  32   0 0.11    M    M  6.1 13 350   M    M  10 1      17 340
 9  31  19  25 -21  40   0 0.03    M    M 10.2 21 310   M    M   8 1      34 310
10  29  13  21 -24  44   0 0.00    M    M  9.1 17 180   M    M   2        28 310
11  43  28  36  -9  29   0 0.00    M    M  5.5 12 190   M    M   2        16 210
12  34  22  28 -16  37   0    T    M    M 12.4 20 360   M    M   9        27 360
13  30  17  24 -20  41   0 0.00    M    M  6.7 17 350   M    M   4        23  10
14  37  16  27 -16  38   0 0.00    M    M  3.6  9 130   M    M   0        14  80
15  40  21  31 -12  34   0 0.00    M    M  6.6 13 230   M    M   0 8      22 240
16  44  32  38  -4  27   0 0.00    M    M  8.7 24 310   M    M   5        38 320
17  35  29  32 -10  33   0 0.09    M    M 11.8 18  50   M    M   9 1      24  30
18  33  18  26 -15  39   0 0.02    M    M  5.8 14  10   M    M   5 1      19 360
================================================================================
SM  741  506       542   0  1.83    M    148.0          M       95
================================================================================
AV 41.2 28.1                               8.2 FASTST   M    M   5    MAX(MPH)
                                 MISC ---->  # 26 280               # 39  270
================================================================================
NOTES:
# LAST OF SEVERAL OCCURRENCES

COLUMN 17 PEAK WIND IN M.P.H.

PRELIMINARY LOCAL CLIMATOLOGICAL DATA (WS FORM: F-6) , PAGE 2

                                          STATION:  BURLINGTON IA
                                          MONTH:    NOVEMBER
                                          YEAR:     2018
                                          LATITUDE:   40 46 N
                                          LONGITUDE:  91  7 W

[TEMPERATURE DATA]      [PRECIPITATION DATA]       SYMBOLS USED IN COLUMN 16

AVERAGE MONTHLY: 34.6   TOTAL FOR MONTH:   1.83    1 = FOG OR MIST
DPTR FM NORMAL: -10.9   DPTR FM NORMAL:    0.30    2 = FOG REDUCING VISIBILITY
HIGHEST:    54 ON  4    GRTST 24HR  1.42 ON  4- 4      TO 1/4 MILE OR LESS
LOWEST:     13 ON 10                               3 = THUNDER
                        SNOW, ICE PELLETS, HAIL    4 = ICE PELLETS
                        TOTAL MONTH:    M          5 = HAIL
                        GRTST 24HR    M  ON   M    6 = FREEZING RAIN OR DRIZZLE
                        GRTST DEPTH:  M  ON   M    7 = DUSTSTORM OR SANDSTORM:
                                                       VSBY 1/2 MILE OR LESS
                                                   8 = SMOKE OR HAZE
[NO. OF DAYS WITH]      [WEATHER - DAYS WITH]      9 = BLOWING SNOW
                                                   X = TORNADO
MAX 32 OR BELOW:   3    0.01 INCH OR MORE:   7
MAX 90 OR ABOVE:   0    0.10 INCH OR MORE:   3
MIN 32 OR BELOW:  12    0.50 INCH OR MORE:   1
MIN  0 OR BELOW:   0    1.00 INCH OR MORE:   1

[HDD (BASE 65) ]
TOTAL THIS MO.   542    CLEAR  (SCALE 0-3)   5
DPTR FM NORMAL   189    PTCLDY (SCALE 4-7)   9
TOTAL FM JUL 1  1010    CLOUDY (SCALE 8-10)  4
DPTR FM NORMAL   263

[CDD (BASE 65) ]
TOTAL THIS MO.     0
DPTR FM NORMAL     0    [PRESSURE DATA]
TOTAL FM JAN 1  1417    HIGHEST SLP M ON M
DPTR FM NORMAL   211    LOWEST  SLP 29.51 ON  6

[REMARKS]
