000
CXUS55 KDVN 211100
CF6BRL
PRELIMINARY LOCAL CLIMATOLOGICAL DATA (WS FORM: F-6)

                                          STATION:   BURLINGTON IA
                                          MONTH:     AUGUST
                                          YEAR:      2018
                                          LATITUDE:   40 46 N
                                          LONGITUDE:  91  7 W

  TEMPERATURE IN F:       :PCPN:    SNOW:  WIND      :SUNSHINE: SKY     :PK WND
================================================================================
1   2   3   4   5  6A  6B    7    8   9   10  11  12  13   14  15   16   17  18
                                     12Z  AVG MX 2MIN
DY MAX MIN AVG DEP HDD CDD  WTR  SNW DPTH SPD SPD DIR MIN PSBL S-S WX    SPD DR
================================================================================

 1  86  58  72  -4   0   7 0.00    M    M  5.8 14 210   M    M   1 13     22 220
 2  84  65  75  -1   0  10 0.01    M    M  5.8 13 320   M    M   2 13     18 320
 3  90  65  78   2   0  13 0.00    M    M  5.2 13 180   M    M   1 8      17 190
 4  89  68  79   3   0  14 0.00    M    M  9.2 18 180   M    M   0 1      26 180
 5  92  72  82   6   0  17 0.00    M    M  9.2 17 190   M    M   2        24 210
 6  88  70  79   3   0  14 0.68    M    M  7.5 17 350   M    M   2 13     28 350
 7  81  68  75  -1   0  10 0.01    M    M  5.7 13 210   M    M   2 1      16 220
 8  85  64  75  -1   0  10 0.00    M    M  4.1 10 300   M    M   2 1      17 310
 9  91  62  77   1   0  12 0.00    M    M  5.8 15 200   M    M   0 18     23 200
10  87  64  76   0   0  11 0.00    M    M  5.0 14  20   M    M   2 18     18 360
11  89  60  75  -1   0  10 0.00    M    M  3.0  9  40   M    M   1 1      15  60
12  89  63  76   0   0  11 0.00    M    M  2.1  9 110   M    M   1 128    14 100
13  89  62  76   0   0  11 0.00    M    M  2.9  9 200   M    M   1 128    14 100
14  87  65  76   0   0  11 0.11    M    M  4.7 18 210   M    M   2 138    27 210
15  83  72  78   3   0  13 0.02    M    M  4.3 12  60   M    M   6 1      17  90
16  90  70  80   5   0  15 0.01    M    M  4.6 13  20   M    M   7 1238   17 250
17  82  67  75   0   0  10 0.23    M    M  6.0 21  40   M    M   6 18     27  60
18  85  66  76   1   0  11 0.00    M    M  4.0 10 100   M    M   0 1      14  90
19  85  65  75   0   0  10 0.00    M    M  5.4 13 120   M    M   1 1      19 120
20  78  67  73  -2   0   8 0.27    M    M  8.5 21 190   M    M   8 138    30 200
================================================================================
SM 1730 1313         0 228  1.34    M    108.8          M       47
================================================================================
AV 86.5 65.7                               5.4 FASTST   M    M   2    MAX(MPH)
                                 MISC ---->  # 21  40               # 30  200
================================================================================
NOTES:
# LAST OF SEVERAL OCCURRENCES

COLUMN 17 PEAK WIND IN M.P.H.

PRELIMINARY LOCAL CLIMATOLOGICAL DATA (WS FORM: F-6) , PAGE 2

                                          STATION:  BURLINGTON IA
                                          MONTH:    AUGUST
                                          YEAR:     2018
                                          LATITUDE:   40 46 N
                                          LONGITUDE:  91  7 W

[TEMPERATURE DATA]      [PRECIPITATION DATA]       SYMBOLS USED IN COLUMN 16

AVERAGE MONTHLY: 76.1   TOTAL FOR MONTH:   1.34    1 = FOG OR MIST
DPTR FM NORMAL:   0.4   DPTR FM NORMAL:   -1.37    2 = FOG REDUCING VISIBILITY
HIGHEST:    92 ON  5    GRTST 24HR  0.68 ON  6- 6      TO 1/4 MILE OR LESS
LOWEST:     58 ON  1                               3 = THUNDER
                        SNOW, ICE PELLETS, HAIL    4 = ICE PELLETS
                        TOTAL MONTH:    M          5 = HAIL
                        GRTST 24HR    M  ON   M    6 = FREEZING RAIN OR DRIZZLE
                        GRTST DEPTH:  M  ON   M    7 = DUSTSTORM OR SANDSTORM:
                                                       VSBY 1/2 MILE OR LESS
                                                   8 = SMOKE OR HAZE
[NO. OF DAYS WITH]      [WEATHER - DAYS WITH]      9 = BLOWING SNOW
                                                   X = TORNADO
MAX 32 OR BELOW:   0    0.01 INCH OR MORE:   8
MAX 90 OR ABOVE:   4    0.10 INCH OR MORE:   4
MIN 32 OR BELOW:   0    0.50 INCH OR MORE:   1
MIN  0 OR BELOW:   0    1.00 INCH OR MORE:   0

[HDD (BASE 65) ]
TOTAL THIS MO.     0    CLEAR  (SCALE 0-3)  16
DPTR FM NORMAL     0    PTCLDY (SCALE 4-7)   4
TOTAL FM JUL 1     0    CLOUDY (SCALE 8-10)  0
DPTR FM NORMAL    -1

[CDD (BASE 65) ]
TOTAL THIS MO.   228
DPTR FM NORMAL    14    [PRESSURE DATA]
TOTAL FM JAN 1  1094    HIGHEST SLP M ON M
DPTR FM NORMAL   151    LOWEST  SLP 29.84 ON 15

[REMARKS]
