000
CXUS54 KBRO 210900
CF6BRO
PRELIMINARY LOCAL CLIMATOLOGICAL DATA (WS FORM: F-6)

                                          STATION:   BROWNSVILLE
                                          MONTH:     OCTOBER
                                          YEAR:      2018
                                          LATITUDE:   25 53 N
                                          LONGITUDE:  97 26 W

  TEMPERATURE IN F:       :PCPN:    SNOW:  WIND      :SUNSHINE: SKY     :PK WND
================================================================================
1   2   3   4   5  6A  6B    7    8   9   10  11  12  13   14  15   16   17  18
                                     12Z  AVG MX 2MIN
DY MAX MIN AVG DEP HDD CDD  WTR  SNW DPTH SPD SPD DIR MIN PSBL S-S WX    SPD DR
================================================================================

 1  92  76  84   5   0  19 0.29  0.0    0  5.5 17 220   M    M   2 13     22 230
 2  92  77  85   6   0  20 0.03  0.0    0  5.8 15  80   M    M   2 3      18  80
 3  92  78  85   6   0  20    T  0.0    0  5.8 15 120   M    M   2        19 110
 4  93  76  85   7   0  20 0.00  0.0    0  6.0 16 110   M    M   1        21 130
 5  93  76  85   7   0  20 0.00  0.0    0  6.6 16 120   M    M   2        21 110
 6  93  78  86   8   0  21    T  0.0    0  9.6 21 130   M    M   1        27 140
 7  92  78  85   7   0  20 0.09  0.0    0 10.3 22 160   M    M   2 1      27 140
 8  93  76  85   7   0  20 0.34  0.0    0 10.0 22 140   M    M   2 1      29 150
 9  93  79  86   8   0  21    T  0.0    0  9.6 22 140   M    M   2        27 150
10  93  77  85   8   0  20    T  0.0    0  7.6 20  30   M    M   3 3      25  40
11  89  78  84   7   0  19 0.11  0.0    0  8.2 20  80   M    M   5 3      26  80
12  91  79  85   8   0  20    T  0.0    0 10.8 22 140   M    M   3        28 130
13  93  81  87  10   0  22 0.00  0.0    0 15.6 29 160   M    M   3        36 150
14  92  82  87  10   0  22 0.00  0.0    0 12.6 23 160   M    M   5        28 160
15  93  54  74  -2   0   9    T  0.0    0 13.8 28 320   M    M   6 3      38 320
16  63  53  58 -18   7   0 0.00  0.0    0 15.2 23 330   M    M  10        33 320
17  66  55  61 -15   4   0 0.24  0.0    0 13.7 23 310   M    M  10 1      29 320
18  62  59  61 -15   4   0 0.17  0.0    0 14.4 22 320   M    M  10 1      29 320
19  78  61  70  -6   0   5    T  0.0    0  9.6 15 310   M    M  10        20 310
20  77  70  74  -2   0   9    T  0.0    0  9.9 16 340   M    M  10        21 330
================================================================================
SM 1730 1443        15 307  1.27     0.0 200.5          M       91
================================================================================
AV 86.5 72.2                              10.0 FASTST   M    M   5    MAX(MPH)
                                 MISC ---->  # 29 160               # 38  320
================================================================================
NOTES:
# LAST OF SEVERAL OCCURRENCES

COLUMN 17 PEAK WIND IN M.P.H.

PRELIMINARY LOCAL CLIMATOLOGICAL DATA (WS FORM: F-6) , PAGE 2

                                          STATION:  BROWNSVILLE
                                          MONTH:    OCTOBER
                                          YEAR:     2018
                                          LATITUDE:   25 53 N
                                          LONGITUDE:  97 26 W

[TEMPERATURE DATA]      [PRECIPITATION DATA]       SYMBOLS USED IN COLUMN 16

AVERAGE MONTHLY: 79.3   TOTAL FOR MONTH:   1.27    1 = FOG OR MIST
DPTR FM NORMAL:   2.0   DPTR FM NORMAL:   -1.41    2 = FOG REDUCING VISIBILITY
HIGHEST:    93 ON 15,13 GRTST 24HR  0.34 ON  8- 8      TO 1/4 MILE OR LESS
LOWEST:     53 ON 16                               3 = THUNDER
                        SNOW, ICE PELLETS, HAIL    4 = ICE PELLETS
                        TOTAL MONTH:   0.0 INCH    5 = HAIL
                        GRTST 24HR     0.0         6 = FREEZING RAIN OR DRIZZLE
                        GRTST DEPTH:   0           7 = DUSTSTORM OR SANDSTORM:
                                                       VSBY 1/2 MILE OR LESS
                                                   8 = SMOKE OR HAZE
[NO. OF DAYS WITH]      [WEATHER - DAYS WITH]      9 = BLOWING SNOW
                                                   X = TORNADO
MAX 32 OR BELOW:   0    0.01 INCH OR MORE:   7
MAX 90 OR ABOVE:  14    0.10 INCH OR MORE:   5
MIN 32 OR BELOW:   0    0.50 INCH OR MORE:   0
MIN  0 OR BELOW:   0    1.00 INCH OR MORE:   0

[HDD (BASE 65) ]
TOTAL THIS MO.    15    CLEAR  (SCALE 0-3)  11
DPTR FM NORMAL    15    PTCLDY (SCALE 4-7)   4
TOTAL FM JUL 1    15    CLOUDY (SCALE 8-10)  5
DPTR FM NORMAL    15

[CDD (BASE 65) ]
TOTAL THIS MO.   307
DPTR FM NORMAL    59    [PRESSURE DATA]
TOTAL FM JAN 1  4452    HIGHEST SLP M ON M
DPTR FM NORMAL   793    LOWEST  SLP 29.60 ON  9

[REMARKS]
