000
CXAK56 PAFG 220944
CF6BRW
PRELIMINARY LOCAL CLIMATOLOGICAL DATA (WS FORM: F-6)

                                          STATION:   UTQIAGVIK (BARROW) AK
                                          MONTH:     OCTOBER
                                          YEAR:      2018
                                          LATITUDE:   71 17 N
                                          LONGITUDE: 156 47 W

  TEMPERATURE IN F:       :PCPN:    SNOW:  WIND      :SUNSHINE: SKY     :PK WND
================================================================================
1   2   3   4   5  6A  6B    7    8   9   10  11  12  13   14  15   16   17  18
                                     12Z  AVG MX 2MIN
DY MAX MIN AVG DEP HDD CDD  WTR  SNW DPTH SPD SPD DIR MIN PSBL S-S WX    SPD DR
================================================================================

 1  36  30  33   7  32   0 0.00  0.0    0 17.9 24 100   M    M   0        30 100
 2  37  32  35  10  30   0 0.00  0.0    0 20.2 25  90   M    M   0        32 110
 3  37  32  35  10  30   0 0.00  0.0    0 23.2 29 100   M    M   0        40 100
 4  33  30  32   8  33   0 0.00  0.0    0 25.8 32 100   M    M   1 1      43 100
 5  37  28  33   9  32   0    T    T    0 19.5 23 100   M    M   3 12     32 100
 6  33  24  29   6  36   0    T    T    0 17.6 25 100   M    M   3 1      35  90
 7  39  19  29   6  36   0 0.00  0.0    0  8.6 14 260   M    M   6 12      M  M
 8  42  33  38  16  27   0 0.00  0.0    M 10.1 15 230   M    M  10 1       M  M
 9  40  26  33  11  32   0    T    T    0  9.2 13 290   M    M   8 1       M  M
10  30  26  28   7  37   0    T    T    T 16.4 29  70   M    M   8 1      38  70
11  31  28  30  10  35   0 0.02  0.1    T 20.2 29  70   M    M  10 1      36  70
12  30  26  28   8  37   0 0.01  0.1    0 14.3 21 100   M    M  10 1       M  M
13  31  27  29  10  36   0    T  0.1    T 19.5 23  90   M    M  10 1      30 100
14  28  26  27   8  38   0    T  0.1    T 12.9 16  60   M    M  10 1       M  M
15  27  21  24   6  41   0    T    T    T 13.6 20  70   M    M   8 1       M  M
16  28  27  28  11  37   0    T    T    T 20.2 25  70   M    M  10 1      31  80
17  29  26  28  11  37   0 0.08  0.8    T 24.4 29  80   M    M  10 12     36  80
18  28  27  28  12  37   0 0.00  0.0    3 11.1 20  80   M    M  10 1       M  M
19  30  27  29  13  36   0    T    T    3  9.9 15  70   M    M  10 1       M  M
20  28  21  25  10  40   0    M    M    M 10.4 21 130   M    M  10 1       M  M
21  27  20  24  10  41   0    M    M    M 13.1 17  70   M    M  10         M  M
================================================================================
SM  681  556       740   0  0.11     1.2 338.1          M      147
================================================================================
AV 32.4 26.5                              16.1 FASTST   M    M   7    MAX(MPH)
                                 MISC ---->  # 32 100               # 43  100
================================================================================
NOTES:
# LAST OF SEVERAL OCCURRENCES

COLUMN 17 PEAK WIND IN M.P.H.

PRELIMINARY LOCAL CLIMATOLOGICAL DATA (WS FORM: F-6) , PAGE 2

                                          STATION:  UTQIAGVIK (BARROW) AK
                                          MONTH:    OCTOBER
                                          YEAR:     2018
                                          LATITUDE:   71 17 N
                                          LONGITUDE: 156 47 W

[TEMPERATURE DATA]      [PRECIPITATION DATA]       SYMBOLS USED IN COLUMN 16

AVERAGE MONTHLY: 29.5   TOTAL FOR MONTH:   0.11    1 = FOG OR MIST
DPTR FM NORMAL:   9.2   DPTR FM NORMAL:   -0.19    2 = FOG REDUCING VISIBILITY
HIGHEST:    42 ON  8    GRTST 24HR  0.08 ON 17-17      TO 1/4 MILE OR LESS
LOWEST:     19 ON  7                               3 = THUNDER
                        SNOW, ICE PELLETS, HAIL    4 = ICE PELLETS
                        TOTAL MONTH:   1.2 INCHES  5 = HAIL
                        GRTST 24HR   0.8 ON 17-17  6 = FREEZING RAIN OR DRIZZLE
                        GRTST DEPTH:   3 ON 19,18  7 = DUSTSTORM OR SANDSTORM:
                                                       VSBY 1/2 MILE OR LESS
                                                   8 = SMOKE OR HAZE
[NO. OF DAYS WITH]      [WEATHER - DAYS WITH]      9 = BLOWING SNOW
                                                   X = TORNADO
MAX 32 OR BELOW:  12    0.01 INCH OR MORE:   3
MAX 90 OR ABOVE:   0    0.10 INCH OR MORE:   0
MIN 32 OR BELOW:  20    0.50 INCH OR MORE:   0
MIN  0 OR BELOW:   0    1.00 INCH OR MORE:   0

[HDD (BASE 65) ]
TOTAL THIS MO.   740    CLEAR  (SCALE 0-3)   5
DPTR FM NORMAL  -200    PTCLDY (SCALE 4-7)   3
TOTAL FM JUL 1  3161    CLOUDY (SCALE 8-10) 13
DPTR FM NORMAL  -320

[CDD (BASE 65) ]
TOTAL THIS MO.     0
DPTR FM NORMAL     0    [PRESSURE DATA]
TOTAL FM JAN 1     0    HIGHEST SLP M ON M
DPTR FM NORMAL     0    LOWEST  SLP M ON M

[REMARKS]
