000
CXAK56 PAFG 190940
CF6BRW
PRELIMINARY LOCAL CLIMATOLOGICAL DATA (WS FORM: F-6)

                                          STATION:   BARROW AK
                                          MONTH:     JULY
                                          YEAR:      2018
                                          LATITUDE:   71 17 N
                                          LONGITUDE: 156 47 W

  TEMPERATURE IN F:       :PCPN:    SNOW:  WIND      :SUNSHINE: SKY     :PK WND
================================================================================
1   2   3   4   5  6A  6B    7    8   9   10  11  12  13   14  15   16   17  18
                                     12Z  AVG MX 2MIN
DY MAX MIN AVG DEP HDD CDD  WTR  SNW DPTH SPD SPD DIR MIN PSBL S-S WX    SPD DR
================================================================================

 1  43  33  38  -2  27   0 0.00  0.0    0 13.8 20 100   M    M  10        24 100
 2  49  34  42   2  23   0 0.05  0.0    0  9.7 15 240   M    M   9 12     18 230
 3  47  41  44   4  21   0 0.13  0.0    0 15.2 24 240   M    M   9 12     31 240
 4  43  31  37  -4  28   0 0.03  0.0    0 12.8 22 250   M    M   8 12     29 240
 5  40  31  36  -5  29   0 0.00  0.0    0 15.4 24 250   M    M  10 12     29 250
 6  45  37  41   0  24   0 0.00  0.0    0 19.3 26 240   M    M   5 12     32 240
 7  40  33  37  -4  28   0 0.21  2.0    T  9.5 20 250   M    M  10 12     24 260
 8  36  33  35  -6  30   0 0.00    T    0  9.0 17 310   M    M  10 12     21 310
 9  38  32  35  -6  30   0 0.00  0.0    0  8.0 13 280   M    M   5 12     15 280
10  40  30  35  -6  30   0 0.00  0.0    0  6.5 12 360   M    M   2        14 350
11  48  34  41   0  24   0 0.00  0.0    0  4.8 10 360   M    M   2        12  60
12  49  37  43   2  22   0 0.00  0.0    0  6.4 20 250   M    M   2 12     25 250
13  66  35  51  10  14   0 0.00  0.0    0 11.0 22 220   M    M   2 128    26 220
14  58  43  51  10  14   0 0.00  0.0    0  7.2 16 140   M    M   5        20 140
15  56  34  45   4  20   0 0.03  0.0    0  7.1 14 310   M    M  10 128    16 310
16  39  34  37  -4  28   0 0.02  0.0    0 12.1 21 280   M    M  10 12     24 280
17  56  35  46   5  19   0 0.21  0.0    0 11.5 24 170   M    M   9 12     29 170
18  53  38  46   5  19   0 0.39  0.0    0 20.3 33 210   M    M  10 12     42 210
================================================================================
SM  846  625       430   0  1.07     2.0 199.6          M      128
================================================================================
AV 47.0 34.7                              11.1 FASTST   M    M   7    MAX(MPH)
                                 MISC ---->  # 33 210               # 42  210
================================================================================
NOTES:
# LAST OF SEVERAL OCCURRENCES

COLUMN 17 PEAK WIND IN M.P.H.

PRELIMINARY LOCAL CLIMATOLOGICAL DATA (WS FORM: F-6) , PAGE 2

                                          STATION:  BARROW AK
                                          MONTH:    JULY
                                          YEAR:     2018
                                          LATITUDE:   71 17 N
                                          LONGITUDE: 156 47 W

[TEMPERATURE DATA]      [PRECIPITATION DATA]       SYMBOLS USED IN COLUMN 16

AVERAGE MONTHLY: 40.9   TOTAL FOR MONTH:   1.07    1 = FOG OR MIST
DPTR FM NORMAL:   0.0   DPTR FM NORMAL:    0.54    2 = FOG REDUCING VISIBILITY
HIGHEST:    66 ON 13    GRTST 24HR  0.39 ON 18-18      TO 1/4 MILE OR LESS
LOWEST:     30 ON 10                               3 = THUNDER
                        SNOW, ICE PELLETS, HAIL    4 = ICE PELLETS
                        TOTAL MONTH:   2.0 INCHES  5 = HAIL
                        GRTST 24HR   2.0 ON  7- 7  6 = FREEZING RAIN OR DRIZZLE
                        GRTST DEPTH:   T           7 = DUSTSTORM OR SANDSTORM:
                                                       VSBY 1/2 MILE OR LESS
                                                   8 = SMOKE OR HAZE
[NO. OF DAYS WITH]      [WEATHER - DAYS WITH]      9 = BLOWING SNOW
                                                   X = TORNADO
MAX 32 OR BELOW:   0    0.01 INCH OR MORE:   8
MAX 90 OR ABOVE:   0    0.10 INCH OR MORE:   4
MIN 32 OR BELOW:   4    0.50 INCH OR MORE:   0
MIN  0 OR BELOW:   0    1.00 INCH OR MORE:   0

[HDD (BASE 65) ]
TOTAL THIS MO.   430    CLEAR  (SCALE 0-3)   4
DPTR FM NORMAL    -5    PTCLDY (SCALE 4-7)   4
TOTAL FM JUL 1   430    CLOUDY (SCALE 8-10) 10
DPTR FM NORMAL    -5

[CDD (BASE 65) ]
TOTAL THIS MO.     0
DPTR FM NORMAL     0    [PRESSURE DATA]
TOTAL FM JAN 1     0    HIGHEST SLP M ON M
DPTR FM NORMAL     0    LOWEST  SLP 29.50 ON 18

[REMARKS]
