000
CXUS53 KGRR 181017
CF6BTL
PRELIMINARY LOCAL CLIMATOLOGICAL DATA (WS FORM: F-6)

                                          STATION:   BATTLE CREEK
                                          MONTH:     JULY
                                          YEAR:      2018
                                          LATITUDE:   42 17 N
                                          LONGITUDE:  85 14 W

  TEMPERATURE IN F:       :PCPN:    SNOW:  WIND      :SUNSHINE: SKY     :PK WND
================================================================================
1   2   3   4   5  6A  6B    7    8   9   10  11  12  13   14  15   16   17  18
                                     12Z  AVG MX 2MIN
DY MAX MIN AVG DEP HDD CDD  WTR  SNW DPTH SPD SPD DIR MIN PSBL S-S WX    SPD DR
================================================================================

 1  93  73  83  12   0  18 0.13    M    M 11.6 23 210   M    M   1 13     30 190
 2  84  67  76   5   0  11 0.03    M    M  5.6 13 270   M    M   2 1      16 270
 3  91  64  78   7   0  13 0.00    M    M  6.7 16 120   M    M   2        20 110
 4  92  73  83  12   0  18 0.00    M    M  4.8 13 210   M    M   1 18     14 200
 5  93  73  83  12   0  18 0.00    M    M  9.3 21 290   M    M   1        26 290
 6  80  57  69  -2   0   4 0.00    M    M 10.1 20  30   M    M   0        25  10
 7  83  49  66  -5   0   1 0.00    M    M  4.4 15 120   M    M   0        20 150
 8  86  54  70  -1   0   5 0.00    M    M  4.9 12 220   M    M   0        17 220
 9  88  59  74   3   0   9 0.00    M    M  7.1 17 250   M    M   0        23 250
10  90  66  78   7   0  13 0.00    M    M  6.9 16  10   M    M   2        21  10
11  86  62  74   3   0   9 0.00    M    M  5.8 13  50   M    M   0        17  40
12  85  59  72   1   0   7 0.00    M    M  6.1 14 200   M    M   1        17 220
13  91  67  79   8   0  14 0.00    M    M  7.2 16 250   M    M   1        22 240
14  82  69  76   5   0  11 0.04    M    M  3.7  9 310   M    M   3 8      12 210
15  93  68  81  10   0  16    M    M    M  3.6 24 260   M    M   3 13     29 260
16  89  66  78   7   0  13    M    M    M  6.9 20 310   M    M   3 138    23 310
17  83  63  73   2   0   8 0.00    M    M  8.3 21 290   M    M   2 1      26 300
================================================================================
SM 1489 1089         0 188  0.20    M    113.0          M       22
================================================================================
AV 87.6 64.1                               6.6 FASTST   M    M   1    MAX(MPH)
                                 MISC ---->  # 24 260               # 30  190
================================================================================
NOTES:
# LAST OF SEVERAL OCCURRENCES

COLUMN 17 PEAK WIND IN M.P.H.

PRELIMINARY LOCAL CLIMATOLOGICAL DATA (WS FORM: F-6) , PAGE 2

                                          STATION:  BATTLE CREEK
                                          MONTH:    JULY
                                          YEAR:     2018
                                          LATITUDE:   42 17 N
                                          LONGITUDE:  85 14 W

[TEMPERATURE DATA]      [PRECIPITATION DATA]       SYMBOLS USED IN COLUMN 16

AVERAGE MONTHLY: 75.8   TOTAL FOR MONTH:   0.20    1 = FOG OR MIST
DPTR FM NORMAL:   4.8   DPTR FM NORMAL:   -1.62    2 = FOG REDUCING VISIBILITY
HIGHEST:    93 ON 15, 5 GRTST 24HR  0.13 ON  1- 1      TO 1/4 MILE OR LESS
LOWEST:     49 ON  7                               3 = THUNDER
                        SNOW, ICE PELLETS, HAIL    4 = ICE PELLETS
                        TOTAL MONTH:    M          5 = HAIL
                        GRTST 24HR    M  ON   M    6 = FREEZING RAIN OR DRIZZLE
                        GRTST DEPTH:  M  ON   M    7 = DUSTSTORM OR SANDSTORM:
                                                       VSBY 1/2 MILE OR LESS
                                                   8 = SMOKE OR HAZE
[NO. OF DAYS WITH]      [WEATHER - DAYS WITH]      9 = BLOWING SNOW
                                                   X = TORNADO
MAX 32 OR BELOW:   0    0.01 INCH OR MORE:   3
MAX 90 OR ABOVE:   7    0.10 INCH OR MORE:   1
MIN 32 OR BELOW:   0    0.50 INCH OR MORE:   0
MIN  0 OR BELOW:   0    1.00 INCH OR MORE:   0

[HDD (BASE 65) ]
TOTAL THIS MO.     0    CLEAR  (SCALE 0-3)  16
DPTR FM NORMAL    -6    PTCLDY (SCALE 4-7)   1
TOTAL FM JUL 1     0    CLOUDY (SCALE 8-10)  0
DPTR FM NORMAL    -6

[CDD (BASE 65) ]
TOTAL THIS MO.   188
DPTR FM NORMAL    74    [PRESSURE DATA]
TOTAL FM JAN 1   461    HIGHEST SLP M ON M
DPTR FM NORMAL   183    LOWEST  SLP 29.79 ON  1

[REMARKS]
