000
CXUS53 KGRR 191017
CF6BTL
PRELIMINARY LOCAL CLIMATOLOGICAL DATA (WS FORM: F-6)

                                          STATION:   BATTLE CREEK
                                          MONTH:     OCTOBER
                                          YEAR:      2018
                                          LATITUDE:   42 17 N
                                          LONGITUDE:  85 14 W

  TEMPERATURE IN F:       :PCPN:    SNOW:  WIND      :SUNSHINE: SKY     :PK WND
================================================================================
1   2   3   4   5  6A  6B    7    8   9   10  11  12  13   14  15   16   17  18
                                     12Z  AVG MX 2MIN
DY MAX MIN AVG DEP HDD CDD  WTR  SNW DPTH SPD SPD DIR MIN PSBL S-S WX    SPD DR
================================================================================

 1  64  50  57   2   8   0 0.02    M    M  7.7 15  40   M    M   8 13     21  50
 2  67  58  63   8   2   0 0.72    M    M 10.0 22 210   M    M  10 13     28 220
 3  85  56  71  17   0   6 0.00    M    M 13.1 26 210   M    M   4        35 210
 4  78  46  62   8   3   0 0.07    M    M 11.4 24 290   M    M   5        32 200
 5  60  46  53  -1  12   0 0.46    M    M  7.0 13 120   M    M   8 13     18 130
 6  75  60  68  15   0   3 0.57    M    M  6.6 23 320   M    M   8 13     29 320
 7  60  56  58   5   7   0 0.09    M    M  7.9 14  40   M    M  10 1      17  70
 8  85  59  72  19   0   7    T    M    M  9.1 21 210   M    M   5 1      25 210
 9  85  68  77  25   0  12 0.00    M    M 10.0 18 210   M    M   2        22 200
10  72  65  69  17   0   4 0.66    M    M 11.3 23 270   M    M   7 1      29 260
11  65  43  54   2  11   0    T    M    M 15.8 28 260   M    M  10        35 260
12  46  38  42  -9  23   0 0.16    M    M  7.2 15 260   M    M  10 1      19 250
13  53  36  45  -6  20   0 0.01    M    M  6.4 15 230   M    M   4        19 220
14  61  36  49  -2  16   0 0.00    M    M  4.5 16 190   M    M   2        19 190
15  52  34  43  -7  22   0 0.06    M    M 11.6 24 280   M    M   8 1      31 300
16  56  33  45  -5  20   0 0.00    M    M 14.5 29 230   M    M   2        36 220
17  47  30  39 -11  26   0    T    M    M  8.9 23 290   M    M   5        30 300
18  55  26  41  -8  24   0 0.00    M    M  4.3 13 200   M    M   0        13 200
================================================================================
SM 1166  840       194  32  2.82    M    167.3          M      108
================================================================================
AV 64.8 46.7                               9.3 FASTST   M    M   6    MAX(MPH)
                                 MISC ---->  # 29 230               # 36  220
================================================================================
NOTES:
# LAST OF SEVERAL OCCURRENCES

COLUMN 17 PEAK WIND IN M.P.H.

PRELIMINARY LOCAL CLIMATOLOGICAL DATA (WS FORM: F-6) , PAGE 2

                                          STATION:  BATTLE CREEK
                                          MONTH:    OCTOBER
                                          YEAR:     2018
                                          LATITUDE:   42 17 N
                                          LONGITUDE:  85 14 W

[TEMPERATURE DATA]      [PRECIPITATION DATA]       SYMBOLS USED IN COLUMN 16

AVERAGE MONTHLY: 55.7   TOTAL FOR MONTH:   2.82    1 = FOG OR MIST
DPTR FM NORMAL:   3.6   DPTR FM NORMAL:    0.96    2 = FOG REDUCING VISIBILITY
HIGHEST:    85 ON  9, 8 GRTST 24HR  0.72 ON  2- 2      TO 1/4 MILE OR LESS
LOWEST:     26 ON 18                               3 = THUNDER
                        SNOW, ICE PELLETS, HAIL    4 = ICE PELLETS
                        TOTAL MONTH:    M          5 = HAIL
                        GRTST 24HR    M  ON   M    6 = FREEZING RAIN OR DRIZZLE
                        GRTST DEPTH:  M  ON   M    7 = DUSTSTORM OR SANDSTORM:
                                                       VSBY 1/2 MILE OR LESS
                                                   8 = SMOKE OR HAZE
[NO. OF DAYS WITH]      [WEATHER - DAYS WITH]      9 = BLOWING SNOW
                                                   X = TORNADO
MAX 32 OR BELOW:   0    0.01 INCH OR MORE:  10
MAX 90 OR ABOVE:   0    0.10 INCH OR MORE:   5
MIN 32 OR BELOW:   2    0.50 INCH OR MORE:   3
MIN  0 OR BELOW:   0    1.00 INCH OR MORE:   0

[HDD (BASE 65) ]
TOTAL THIS MO.   194    CLEAR  (SCALE 0-3)   4
DPTR FM NORMAL   -41    PTCLDY (SCALE 4-7)   9
TOTAL FM JUL 1   284    CLOUDY (SCALE 8-10)  5
DPTR FM NORMAL  -148

[CDD (BASE 65) ]
TOTAL THIS MO.    32
DPTR FM NORMAL    30    [PRESSURE DATA]
TOTAL FM JAN 1  1007    HIGHEST SLP M ON M
DPTR FM NORMAL   432    LOWEST  SLP 29.58 ON 10

[REMARKS]
