000
CXUS55 KMSO 180900
CF6BTM
PRELIMINARY LOCAL CLIMATOLOGICAL DATA (WS FORM: F-6)

                                          STATION:   BUTTE MT
                                          MONTH:     JULY
                                          YEAR:      2018
                                          LATITUDE:   45 57 N
                                          LONGITUDE: 112 30 W

  TEMPERATURE IN F:       :PCPN:    SNOW:  WIND      :SUNSHINE: SKY     :PK WND
================================================================================
1   2   3   4   5  6A  6B    7    8   9   10  11  12  13   14  15   16   17  18
                                     12Z  AVG MX 2MIN
DY MAX MIN AVG DEP HDD CDD  WTR  SNW DPTH SPD SPD DIR MIN PSBL S-S WX    SPD DR
================================================================================

 1  72  50  61   1   4   0    T    M    M  9.0 22 270   M    M   4        32 270
 2  72  48  60   0   5   0 0.00    M    M  9.2 21 320   M    M   3        27 340
 3  60  38  49 -12  16   0    T    M    M  4.8 15 310   M    M   6        18 320
 4  76  32  54  -7  11   0 0.00    M    M  6.6 18 160   M    M   0        23 150
 5  91  49  70   9   0   5 0.00    M    M 10.4 24 170   M    M   0        30 190
 6  90  50  70   8   0   5 0.00    M    M  5.2 20 310   M    M   0        25 300
 7  87  48  68   6   0   3 0.00    M    M  7.1 21 270   M    M   0        28 260
 8  87  44  66   4   0   1 0.00    M    M  4.0 14 160   M    M   0        17 160
 9  93  49  71   9   0   6 0.00    M    M  4.5 18 120   M    M   1        22 130
10  90  53  72  10   0   7 0.00    M    M  8.4 24 260   M    M   0        36 270
11  80  44  62  -1   3   0 0.00    M    M  5.2 15 340   M    M   0        20 310
12  83  46  65   2   0   0 0.00    M    M  4.3 12 320   M    M   0 8      14 340
13  91  48  70   7   0   5 0.00    M    M  4.6 15 220   M    M   0        20 220
14  88  49  69   6   0   4 0.00    M    M  5.2 16 300   M    M   0        22 280
15  87  49  68   4   0   3 0.00    M    M  4.4 13 310   M    M   0        17 290
16  88  49  69   5   0   4 0.00    M    M  4.3 14 330   M    M   1 8      17 310
17  77  52  65   1   0   0 0.14    M    M  3.7 13 310   M    M   5 3      17 320
================================================================================
SM 1412  798        39  43  0.14    M    100.9          M       20
================================================================================
AV 83.1 46.9                               5.9 FASTST   M    M   1    MAX(MPH)
                                 MISC ---->  # 24 170               # 36  270
================================================================================
NOTES:
# LAST OF SEVERAL OCCURRENCES

COLUMN 17 PEAK WIND IN M.P.H.

PRELIMINARY LOCAL CLIMATOLOGICAL DATA (WS FORM: F-6) , PAGE 2

                                          STATION:  BUTTE MT
                                          MONTH:    JULY
                                          YEAR:     2018
                                          LATITUDE:   45 57 N
                                          LONGITUDE: 112 30 W

[TEMPERATURE DATA]      [PRECIPITATION DATA]       SYMBOLS USED IN COLUMN 16

AVERAGE MONTHLY: 65.0   TOTAL FOR MONTH:   0.14    1 = FOG OR MIST
DPTR FM NORMAL:   2.8   DPTR FM NORMAL:   -0.63    2 = FOG REDUCING VISIBILITY
HIGHEST:    93 ON  9    GRTST 24HR  0.14 ON 17-17      TO 1/4 MILE OR LESS
LOWEST:     32 ON  4                               3 = THUNDER
                        SNOW, ICE PELLETS, HAIL    4 = ICE PELLETS
                        TOTAL MONTH:    M          5 = HAIL
                        GRTST 24HR    M  ON   M    6 = FREEZING RAIN OR DRIZZLE
                        GRTST DEPTH:  M  ON   M    7 = DUSTSTORM OR SANDSTORM:
                                                       VSBY 1/2 MILE OR LESS
                                                   8 = SMOKE OR HAZE
[NO. OF DAYS WITH]      [WEATHER - DAYS WITH]      9 = BLOWING SNOW
                                                   X = TORNADO
MAX 32 OR BELOW:   0    0.01 INCH OR MORE:   1
MAX 90 OR ABOVE:   5    0.10 INCH OR MORE:   1
MIN 32 OR BELOW:   1    0.50 INCH OR MORE:   0
MIN  0 OR BELOW:   0    1.00 INCH OR MORE:   0

[HDD (BASE 65) ]
TOTAL THIS MO.    39    CLEAR  (SCALE 0-3)  14
DPTR FM NORMAL   -29    PTCLDY (SCALE 4-7)   3
TOTAL FM JUL 1    39    CLOUDY (SCALE 8-10)  0
DPTR FM NORMAL   -29

[CDD (BASE 65) ]
TOTAL THIS MO.    43
DPTR FM NORMAL    22    [PRESSURE DATA]
TOTAL FM JAN 1    44    HIGHEST SLP M ON M
DPTR FM NORMAL    16    LOWEST  SLP 29.87 ON  9

[REMARKS]
