000
CXUS55 KMSO 160900
CF6BTM
PRELIMINARY LOCAL CLIMATOLOGICAL DATA (WS FORM: F-6)

                                          STATION:   BUTTE MT
                                          MONTH:     OCTOBER
                                          YEAR:      2018
                                          LATITUDE:   45 57 N
                                          LONGITUDE: 112 30 W

  TEMPERATURE IN F:       :PCPN:    SNOW:  WIND      :SUNSHINE: SKY     :PK WND
================================================================================
1   2   3   4   5  6A  6B    7    8   9   10  11  12  13   14  15   16   17  18
                                     12Z  AVG MX 2MIN
DY MAX MIN AVG DEP HDD CDD  WTR  SNW DPTH SPD SPD DIR MIN PSBL S-S WX    SPD DR
================================================================================

 1  63  26  45  -1  20   0 0.00    M    M  2.9 15 180   M    M   3        20 180
 2  62  45  54   8  11   0    T    M    M  6.2 15 270   M    M  10        21 280
 3  58  34  46   1  19   0 0.01    M    M  8.3 23 330   M    M   2        31 330
 4  42  32  37  -8  28   0 0.13    M    M  5.0 15 320   M    M   8 1      18 330
 5  47  30  39  -5  26   0    T    M    M  4.6 12 320   M    M   8        15 300
 6  48  37  43  -1  22   0 0.01    M    M  3.7 12 180   M    M  10        14 330
 7  48  29  39  -5  26   0 0.00    M    M  5.6 15 310   M    M   8        19 270
 8  49  22  36  -8  29   0 0.00    M    M  5.9 20 130   M    M   5        27 120
 9  39  32  36  -7  29   0 0.03    M    M  8.7 21 180   M    M  10 18     27 170
10  37  30  34  -9  31   0 0.01    M    M  3.7 14 170   M    M  10 18     17 150
11  44  27  36  -6  29   0 0.00    M    M  3.7 16 310   M    M   6        21 310
12  60  22  41  -1  24   0 0.00    M    M  5.4 20 290   M    M   1        27 290
13  39  26  33  -9  32   0 0.03    M    M 11.4 30  10   M    M   9 18     43  20
14  40  17  29 -13  36   0    T    M    M  5.1 18 300   M    M   4 8      27 290
15  50  23  37  -4  28   0 0.00    M    M  4.3 13 310   M    M   0        15 280
================================================================================
SM  726  432       390   0  0.22    M     84.5          M       94
================================================================================
AV 48.4 28.8                               5.6 FASTST   M    M   6    MAX(MPH)
                                 MISC ---->  # 30  10               # 43   20
================================================================================
NOTES:
# LAST OF SEVERAL OCCURRENCES

COLUMN 17 PEAK WIND IN M.P.H.

PRELIMINARY LOCAL CLIMATOLOGICAL DATA (WS FORM: F-6) , PAGE 2

                                          STATION:  BUTTE MT
                                          MONTH:    OCTOBER
                                          YEAR:     2018
                                          LATITUDE:   45 57 N
                                          LONGITUDE: 112 30 W

[TEMPERATURE DATA]      [PRECIPITATION DATA]       SYMBOLS USED IN COLUMN 16

AVERAGE MONTHLY: 38.6   TOTAL FOR MONTH:   0.22    1 = FOG OR MIST
DPTR FM NORMAL:  -4.9   DPTR FM NORMAL:   -0.20    2 = FOG REDUCING VISIBILITY
HIGHEST:    63 ON  1    GRTST 24HR  0.13 ON  4- 4      TO 1/4 MILE OR LESS
LOWEST:     17 ON 14                               3 = THUNDER
                        SNOW, ICE PELLETS, HAIL    4 = ICE PELLETS
                        TOTAL MONTH:    M          5 = HAIL
                        GRTST 24HR    M  ON   M    6 = FREEZING RAIN OR DRIZZLE
                        GRTST DEPTH:  M  ON   M    7 = DUSTSTORM OR SANDSTORM:
                                                       VSBY 1/2 MILE OR LESS
                                                   8 = SMOKE OR HAZE
[NO. OF DAYS WITH]      [WEATHER - DAYS WITH]      9 = BLOWING SNOW
                                                   X = TORNADO
MAX 32 OR BELOW:   0    0.01 INCH OR MORE:   6
MAX 90 OR ABOVE:   0    0.10 INCH OR MORE:   1
MIN 32 OR BELOW:  12    0.50 INCH OR MORE:   0
MIN  0 OR BELOW:   0    1.00 INCH OR MORE:   0

[HDD (BASE 65) ]
TOTAL THIS MO.   390    CLEAR  (SCALE 0-3)   4
DPTR FM NORMAL    68    PTCLDY (SCALE 4-7)   5
TOTAL FM JUL 1   982    CLOUDY (SCALE 8-10)  6
DPTR FM NORMAL    39

[CDD (BASE 65) ]
TOTAL THIS MO.     0
DPTR FM NORMAL     0    [PRESSURE DATA]
TOTAL FM JAN 1    90    HIGHEST SLP M ON M
DPTR FM NORMAL     9    LOWEST  SLP 29.58 ON  2

[REMARKS]
